(111150,2,'57499200_1387982669','women/new-arrivals/park-avenue-pleat-front-trousers-415.html','women/new-arrivals/park-avenue-pleat-front-trousers-419.html',0,'RP',NULL,10,327),(111152,2,'60299500_1387982669','women/pants-denim/park-avenue-pleat-front-trousers-527.html','women/pants-denim/park-avenue-pleat-front-trousers-532.html',0,'RP',NULL,12,327),(111154,2,'62599700_1387982669','park-avenue-pleat-front-trousers-651.html','park-avenue-pleat-front-trousers-661.html',0,'RP',NULL,NULL,328),(111156,2,'64799900_1387982669','women/new-arrivals/park-avenue-pleat-front-trousers-416.html','women/new-arrivals/park-avenue-pleat-front-trousers-420.html',0,'RP',NULL,10,328),(111158,2,'67200200_1387982669','women/pants-denim/park-avenue-pleat-front-trousers-528.html','women/pants-denim/park-avenue-pleat-front-trousers-533.html',0,'RP',NULL,12,328),(111160,2,'69800400_1387982669','park-avenue-pleat-front-trousers-652.html','park-avenue-pleat-front-trousers-662.html',0,'RP',NULL,NULL,329),(111162,2,'72000600_1387982669','women/new-arrivals/park-avenue-pleat-front-trousers-417.html','women/new-arrivals/park-avenue-pleat-front-trousers-421.html',0,'RP',NULL,10,329),(111164,2,'74300900_1387982669','women/pants-denim/park-avenue-pleat-front-trousers-529.html','women/pants-denim/park-avenue-pleat-front-trousers-534.html',0,'RP',NULL,12,329),(111175,2,'81901600_1387982669','angelique-d-orsay-pump-nude-588.html','angelique-d-orsay-pump-nude-592.html',0,'RP',NULL,NULL,341),(111177,2,'84201900_1387982669','accessories/shoes/angelique-d-orsay-pump-nude-588.html','accessories/shoes/angelique-d-orsay-pump-nude-592.html',0,'RP',NULL,20,341),(111179,2,'87402200_1387982669','angelique-d-orsay-pump-nude-589.html','angelique-d-orsay-pump-nude-593.html',0,'RP',NULL,NULL,342),(111181,2,'89302400_1387982669','accessories/shoes/angelique-d-orsay-pump-nude-589.html','accessories/shoes/angelique-d-orsay-pump-nude-593.html',0,'RP',NULL,20,342),(111183,2,'92602700_1387982669','angelique-d-orsay-pump-nude-590.html','angelique-d-orsay-pump-nude-594.html',0,'RP',NULL,NULL,343),(111185,2,'94802900_1387982669','accessories/shoes/angelique-d-orsay-pump-nude-590.html','accessories/shoes/angelique-d-orsay-pump-nude-594.html',0,'RP',NULL,20,343),(111187,2,'96603100_1387982669','angelique-d-orsay-pump-nude-591.html','angelique-d-orsay-pump-nude-595.html',0,'RP',NULL,NULL,344),(111189,2,'99003300_1387982669','accessories/shoes/angelique-d-orsay-pump-nude-591.html','accessories/shoes/angelique-d-orsay-pump-nude-595.html',0,'RP',NULL,20,344),(111193,2,'03303800_1387982670','borgha-ankle-boot-537.html','borgha-ankle-boot-542.html',0,'RP',NULL,NULL,346),(111195,2,'05103900_1387982670','accessories/shoes/borgha-ankle-boot-537.html','accessories/shoes/borgha-ankle-boot-542.html',0,'RP',NULL,20,346),(111197,2,'07304200_1387982670','borgha-ankle-boot-538.html','borgha-ankle-boot-543.html',0,'RP',NULL,NULL,347),(111199,2,'10104400_1387982670','accessories/shoes/borgha-ankle-boot-538.html','accessories/shoes/borgha-ankle-boot-543.html',0,'RP',NULL,20,347),(111201,2,'11904600_1387982670','borgha-ankle-boot-539.html','borgha-ankle-boot-544.html',0,'RP',NULL,NULL,348),(111203,2,'14204900_1387982670','accessories/shoes/borgha-ankle-boot-539.html','accessories/shoes/borgha-ankle-boot-544.html',0,'RP',NULL,20,348),(111205,2,'16605100_1387982670','borgha-ankle-boot-540.html','borgha-ankle-boot-545.html',0,'RP',NULL,NULL,349),(111207,2,'19405400_1387982670','accessories/shoes/borgha-ankle-boot-540.html','accessories/shoes/borgha-ankle-boot-545.html',0,'RP',NULL,20,349),(111211,2,'22105600_1387982670','hana-flat-charcoal-538.html','hana-flat-charcoal-543.html',0,'RP',NULL,NULL,351),(111213,2,'24705900_1387982670','accessories/shoes/hana-flat-charcoal-538.html','accessories/shoes/hana-flat-charcoal-543.html',0,'RP',NULL,20,351),(111215,2,'27006100_1387982670','hana-flat-charcoal-539.html','hana-flat-charcoal-544.html',0,'RP',NULL,NULL,352),(111217,2,'28806300_1387982670','accessories/shoes/hana-flat-charcoal-539.html','accessories/shoes/hana-flat-charcoal-544.html',0,'RP',NULL,20,352),(111219,2,'31006500_1387982670','hana-flat-charcoal-540.html','hana-flat-charcoal-545.html',0,'RP',NULL,NULL,353),(111221,2,'33606800_1387982670','accessories/shoes/hana-flat-charcoal-540.html','accessories/shoes/hana-flat-charcoal-545.html',0,'RP',NULL,20,353),(111223,2,'35507000_1387982670','hana-flat-charcoal-541.html','hana-flat-charcoal-546.html',0,'RP',NULL,NULL,354),(111225,2,'37707200_1387982670','accessories/shoes/hana-flat-charcoal-541.html','accessories/shoes/hana-flat-charcoal-546.html',0,'RP',NULL,20,354),(111229,2,'41907600_1387982670','dorian-preforated-oxford-539.html','dorian-preforated-oxford-544.html',0,'RP',NULL,NULL,356),(111231,2,'43907800_1387982670','accessories/shoes/dorian-preforated-oxford-539.html','accessories/shoes/dorian-preforated-oxford-544.html',0,'RP',NULL,20,356),(111233,2,'45708000_1387982670','dorian-preforated-oxford-540.html','dorian-preforated-oxford-545.html',0,'RP',NULL,NULL,357),(111235,2,'48608300_1387982670','accessories/shoes/dorian-preforated-oxford-540.html','accessories/shoes/dorian-preforated-oxford-545.html',0,'RP',NULL,20,357),(111237,2,'51108500_1387982670','dorian-preforated-oxford-541.html','dorian-preforated-oxford-546.html',0,'RP',NULL,NULL,358),(111239,2,'53008700_1387982670','accessories/shoes/dorian-preforated-oxford-541.html','accessories/shoes/dorian-preforated-oxford-546.html',0,'RP',NULL,20,358),(111241,2,'55409000_1387982670','dorian-preforated-oxford-542.html','dorian-preforated-oxford-547.html',0,'RP',NULL,NULL,359),(111243,2,'58209300_1387982670','accessories/shoes/dorian-preforated-oxford-542.html','accessories/shoes/dorian-preforated-oxford-547.html',0,'RP',NULL,20,359),(111247,2,'61109500_1387982670','wingtip-cognac-oxford-540.html','wingtip-cognac-oxford-545.html',0,'RP',NULL,NULL,361),(111249,2,'63209800_1387982670','accessories/shoes/wingtip-cognac-oxford-540.html','accessories/shoes/wingtip-cognac-oxford-545.html',0,'RP',NULL,20,361),(111251,2,'65910000_1387982670','wingtip-cognac-oxford-541.html','wingtip-cognac-oxford-546.html',0,'RP',NULL,NULL,362),(111253,2,'68110200_1387982670','accessories/shoes/wingtip-cognac-oxford-541.html','accessories/shoes/wingtip-cognac-oxford-546.html',0,'RP',NULL,20,362),(111255,2,'69810400_1387982670','wingtip-cognac-oxford-542.html','wingtip-cognac-oxford-547.html',0,'RP',NULL,NULL,363),(111257,2,'72910700_1387982670','accessories/shoes/wingtip-cognac-oxford-542.html','accessories/shoes/wingtip-cognac-oxford-547.html',0,'RP',NULL,20,363),(111259,2,'75211000_1387982670','wingtip-cognac-oxford-543.html','wingtip-cognac-oxford-548.html',0,'RP',NULL,NULL,364),(111261,2,'77711200_1387982670','accessories/shoes/wingtip-cognac-oxford-543.html','accessories/shoes/wingtip-cognac-oxford-548.html',0,'RP',NULL,20,364),(111265,2,'81611600_1387982670','suede-loafer-navy-541.html','suede-loafer-navy-546.html',0,'RP',NULL,NULL,366),(111267,2,'83611800_1387982670','accessories/shoes/suede-loafer-navy-541.html','accessories/shoes/suede-loafer-navy-546.html',0,'RP',NULL,20,366),(111269,2,'85712000_1387982670','suede-loafer-navy-542.html','suede-loafer-navy-547.html',0,'RP',NULL,NULL,367),(111271,2,'89112300_1387982670','accessories/shoes/suede-loafer-navy-542.html','accessories/shoes/suede-loafer-navy-547.html',0,'RP',NULL,20,367),(111273,2,'91012500_1387982670','suede-loafer-navy-543.html','suede-loafer-navy-548.html',0,'RP',NULL,NULL,368),(111275,2,'93112700_1387982670','accessories/shoes/suede-loafer-navy-543.html','accessories/shoes/suede-loafer-navy-548.html',0,'RP',NULL,20,368),(111277,2,'95213000_1387982670','suede-loafer-navy-544.html','suede-loafer-navy-549.html',0,'RP',NULL,NULL,369),(111279,2,'98013200_1387982670','accessories/shoes/suede-loafer-navy-544.html','accessories/shoes/suede-loafer-navy-549.html',0,'RP',NULL,20,369),(111295,2,'08514300_1387982671','classic-hardshell-suitcase-580.html','classic-hardshell-suitcase-582.html',0,'RP',NULL,NULL,377),(111297,2,'11414600_1387982671','accessories/bags-luggage/classic-hardshell-suitcase-479.html','accessories/bags-luggage/classic-hardshell-suitcase-481.html',0,'RP',NULL,21,377),(111320,2,'25916000_1387982671','modern-murray-ceramic-vase-477.html','modern-murray-ceramic-vase-479.html',0,'RP',NULL,NULL,388),(111322,2,'28516300_1387982671','home-decor/decorative-accents/modern-murray-ceramic-vase-477.html','home-decor/decorative-accents/modern-murray-ceramic-vase-479.html',0,'RP',NULL,25,388),(111350,2,'48918300_1387982671','french-cuff-cotton-twill-oxford-560.html','french-cuff-cotton-twill-oxford-565.html',0,'RP',NULL,NULL,402),(111352,2,'51518600_1387982671','men/shirts/french-cuff-cotton-twill-oxford-465.html','men/shirts/french-cuff-cotton-twill-oxford-468.html',0,'RP',NULL,15,402),(111354,2,'53818800_1387982671','slim-fit-dobby-oxford-shirt-562.html','slim-fit-dobby-oxford-shirt-567.html',0,'RP',NULL,NULL,403),(111356,2,'55919000_1387982671','men/shirts/slim-fit-dobby-oxford-shirt-466.html','men/shirts/slim-fit-dobby-oxford-shirt-469.html',0,'RP',NULL,15,403),(111359,2,'59219400_1387982671','plaid-cotton-shirt-564.html','plaid-cotton-shirt-569.html',0,'RP',NULL,NULL,404),(111361,2,'61119500_1387982671','men/shirts/plaid-cotton-shirt-467.html','men/shirts/plaid-cotton-shirt-470.html',0,'RP',NULL,15,404),(111363,2,'63219800_1387982671','oxford-sport-coat-471.html','oxford-sport-coat-474.html',0,'RP',NULL,NULL,405),(111365,2,'66120000_1387982671','men/blazers/oxford-sport-coat-441.html','men/blazers/oxford-sport-coat-444.html',0,'RP',NULL,40,405),(111367,2,'69120300_1387982671','linen-blazer-575.html','linen-blazer-580.html',0,'RP',NULL,NULL,406),(111371,2,'73020700_1387982671','men/blazers/linen-blazer-565.html','men/blazers/linen-blazer-570.html',0,'RP',NULL,40,406),(111373,2,'75821000_1387982671','stretch-cotton-blazer-577.html','stretch-cotton-blazer-582.html',0,'RP',NULL,NULL,407),(111375,2,'78121200_1387982671','men/blazers/stretch-cotton-blazer-567.html','men/blazers/stretch-cotton-blazer-572.html',0,'RP',NULL,40,407),(111377,2,'80621500_1387982671','chelsea-tee-684.html','chelsea-tee-701.html',0,'RP',NULL,NULL,408),(111379,2,'83021700_1387982671','men/tees-knits-and-polos/chelsea-tee-569.html','men/tees-knits-and-polos/chelsea-tee-577.html',0,'RP',NULL,16,408),(111381,2,'85522000_1387982671','chelsea-tee-685.html','chelsea-tee-702.html',0,'RP',NULL,NULL,409),(111383,2,'88022200_1387982671','men/tees-knits-and-polos/chelsea-tee-570.html','men/tees-knits-and-polos/chelsea-tee-578.html',0,'RP',NULL,16,409),(111385,2,'89822400_1387982671','chelsea-tee-686.html','chelsea-tee-703.html',0,'RP',NULL,NULL,410),(111388,2,'93522800_1387982671','men/tees-knits-and-polos/chelsea-tee-571.html','men/tees-knits-and-polos/chelsea-tee-579.html',0,'RP',NULL,16,410),(111390,2,'95523000_1387982671','merino-v-neck-pullover-sweater-551.html','merino-v-neck-pullover-sweater-556.html',0,'RP',NULL,NULL,411),(111392,2,'97523200_1387982671','men/tees-knits-and-polos/merino-v-neck-pullover-sweater-471.html','men/tees-knits-and-polos/merino-v-neck-pullover-sweater-474.html',0,'RP',NULL,16,411),(111394,2,'00323500_1387982672','lexington-cardigan-sweater-556.html','lexington-cardigan-sweater-561.html',0,'RP',NULL,NULL,412),(111397,2,'03223800_1387982672','men/tees-knits-and-polos/lexington-cardigan-sweater-473.html','men/tees-knits-and-polos/lexington-cardigan-sweater-476.html',0,'RP',NULL,16,412),(111399,2,'05123900_1387982672','core-striped-sport-shirt-543.html','core-striped-sport-shirt-547.html',0,'RP',NULL,NULL,413),(111401,2,'07624200_1387982672','men/tees-knits-and-polos/core-striped-sport-shirt-473.html','men/tees-knits-and-polos/core-striped-sport-shirt-476.html',0,'RP',NULL,16,413),(111403,2,'09724400_1387982672','bowery-chino-pants-536.html','bowery-chino-pants-541.html',0,'RP',NULL,NULL,414),(111406,2,'12224700_1387982672','men/pants-denim/bowery-chino-pants-496.html','men/pants-denim/bowery-chino-pants-499.html',0,'RP',NULL,17,414),(111408,2,'14524900_1387982672','the-essential-boot-cut-jean-535.html','the-essential-boot-cut-jean-541.html',0,'RP',NULL,NULL,415),(111410,2,'17125100_1387982672','men/pants-denim/the-essential-boot-cut-jean-535.html','men/pants-denim/the-essential-boot-cut-jean-541.html',0,'RP',NULL,17,415),(111412,2,'19625400_1387982672','flat-front-trouser-536.html','flat-front-trouser-542.html',0,'RP',NULL,NULL,416),(111414,2,'22225700_1387982672','men/pants-denim/flat-front-trouser-536.html','men/pants-denim/flat-front-trouser-542.html',0,'RP',NULL,17,416),(111416,2,'24525900_1387982672','nolita-cami-572.html','nolita-cami-577.html',0,'RP',NULL,NULL,417),(111418,2,'26726100_1387982672','women/tops-blouses/nolita-cami-481.html','women/tops-blouses/nolita-cami-484.html',0,'RP',NULL,11,417),(111420,2,'28726300_1387982672','tori-tank-571.html','tori-tank-576.html',0,'RP',NULL,NULL,418),(111423,2,'31926600_1387982672','women/new-arrivals/tori-tank-457.html','women/new-arrivals/tori-tank-460.html',0,'RP',NULL,10,418),(111425,2,'34126800_1387982672','women/tops-blouses/tori-tank-479.html','women/tops-blouses/tori-tank-482.html',0,'RP',NULL,11,418),(111427,2,'35827000_1387982672','delancy-cardigan-sweater-573.html','delancy-cardigan-sweater-578.html',0,'RP',NULL,NULL,419),(111429,2,'38427300_1387982672','women/tops-blouses/delancy-cardigan-sweater-479.html','women/tops-blouses/delancy-cardigan-sweater-482.html',0,'RP',NULL,11,419),(111431,2,'41127500_1387982672','ludlow-oxford-top-575.html','ludlow-oxford-top-580.html',0,'RP',NULL,NULL,420),(111433,2,'43327800_1387982672','women/tops-blouses/ludlow-oxford-top-480.html','women/tops-blouses/ludlow-oxford-top-483.html',0,'RP',NULL,11,420),(111435,2,'45127900_1387982672','elizabeth-knit-top-577.html','elizabeth-knit-top-582.html',0,'RP',NULL,NULL,421),(111437,2,'47628200_1387982672','women/new-arrivals/elizabeth-knit-top-481.html','women/new-arrivals/elizabeth-knit-top-484.html',0,'RP',NULL,10,421),(111439,2,'49928400_1387982672','women/tops-blouses/elizabeth-knit-top-481.html','women/tops-blouses/elizabeth-knit-top-484.html',0,'RP',NULL,11,421),(111441,2,'52028600_1387982672','essex-pencil-skirt-522.html','essex-pencil-skirt-527.html',0,'RP',NULL,NULL,422),(111443,2,'54428900_1387982672','women/dresses-skirts/essex-pencil-skirt-522.html','women/dresses-skirts/essex-pencil-skirt-527.html',0,'RP',NULL,13,422),(111445,2,'57129100_1387982672','racer-back-maxi-dress-598.html','racer-back-maxi-dress-603.html',0,'RP',NULL,NULL,423),(111447,2,'59829400_1387982672','women/dresses-skirts/racer-back-maxi-dress-483.html','women/dresses-skirts/racer-back-maxi-dress-486.html',0,'RP',NULL,13,423),(111460,2,'69230400_1387982672','park-avenue-pleat-front-trousers-653.html','park-avenue-pleat-front-trousers-663.html',0,'RP',NULL,NULL,428),(111463,2,'73130700_1387982672','women/pants-denim/park-avenue-pleat-front-trousers-530.html','women/pants-denim/park-avenue-pleat-front-trousers-535.html',0,'RP',NULL,12,428),(111467,2,'76131000_1387982672','borgha-ankle-boot-541.html','borgha-ankle-boot-546.html',0,'RP',NULL,NULL,431),(111469,2,'78731300_1387982672','accessories/shoes/borgha-ankle-boot-541.html','accessories/shoes/borgha-ankle-boot-546.html',0,'RP',NULL,20,431),(111471,2,'81431600_1387982672','hana-flat-charcoal-542.html','hana-flat-charcoal-547.html',0,'RP',NULL,NULL,432),(111473,2,'84031800_1387982672','accessories/shoes/hana-flat-charcoal-542.html','accessories/shoes/hana-flat-charcoal-547.html',0,'RP',NULL,20,432),(111475,2,'86032000_1387982672','dorian-preforated-oxford-543.html','dorian-preforated-oxford-548.html',0,'RP',NULL,NULL,433),(111477,2,'88532300_1387982672','accessories/shoes/dorian-preforated-oxford-543.html','accessories/shoes/dorian-preforated-oxford-548.html',0,'RP',NULL,20,433),(111479,2,'90832500_1387982672','wingtip-cognac-oxford-544.html','wingtip-cognac-oxford-549.html',0,'RP',NULL,NULL,434),(111481,2,'93032700_1387982672','accessories/shoes/wingtip-cognac-oxford-544.html','accessories/shoes/wingtip-cognac-oxford-549.html',0,'RP',NULL,20,434),(111483,2,'95633000_1387982672','suede-loafer-navy-545.html','suede-loafer-navy-550.html',0,'RP',NULL,NULL,435),(111485,2,'97933200_1387982672','accessories/shoes/suede-loafer-navy-545.html','accessories/shoes/suede-loafer-navy-550.html',0,'RP',NULL,20,435),(111487,2,'00333500_1387982673','classic-hardshell-suitcase-581.html','classic-hardshell-suitcase-583.html',0,'RP',NULL,NULL,436),(111489,2,'02633700_1387982673','accessories/bags-luggage/classic-hardshell-suitcase-480.html','accessories/bags-luggage/classic-hardshell-suitcase-482.html',0,'RP',NULL,21,436),(111491,2,'05133900_1387982673','modern-murray-ceramic-vase-478.html','modern-murray-ceramic-vase-480.html',0,'RP',NULL,NULL,437),(111494,2,'09234400_1387982673','home-decor/decorative-accents/modern-murray-ceramic-vase-478.html','home-decor/decorative-accents/modern-murray-ceramic-vase-480.html',0,'RP',NULL,25,437),(111522,2,'30336500_1387982673','khaki-bowery-chino-pants-549.html','khaki-bowery-chino-pants-555.html',0,'RP',NULL,NULL,457),(111524,2,'32436700_1387982673','khaki-bowery-chino-pants-550.html','khaki-bowery-chino-pants-556.html',0,'RP',NULL,NULL,458),(111526,2,'34436900_1387982673','khaki-bowery-chino-pants-551.html','khaki-bowery-chino-pants-557.html',0,'RP',NULL,NULL,459),(111528,2,'36837100_1387982673','bowery-chino-pants-537.html','bowery-chino-pants-542.html',0,'RP',NULL,NULL,475),(111532,2,'40137400_1387982673','bowery-chino-pants-538.html','bowery-chino-pants-543.html',0,'RP',NULL,NULL,478),(111535,2,'42437700_1387982673','khaki-bowery-chino-pants-552.html','khaki-bowery-chino-pants-558.html',0,'RP',NULL,NULL,480),(111537,2,'46138000_1387982673','khaki-bowery-chino-pants-553.html','khaki-bowery-chino-pants-559.html',0,'RP',NULL,NULL,481),(111539,2,'48338300_1387982673','khaki-bowery-chino-pants-554.html','khaki-bowery-chino-pants-560.html',0,'RP',NULL,NULL,482),(111541,2,'50738500_1387982673','chelsea-tee-687.html','chelsea-tee-704.html',0,'RP',NULL,NULL,483),(111543,2,'53938800_1387982673','chelsea-tee-688.html','chelsea-tee-705.html',0,'RP',NULL,NULL,484),(111545,2,'55539000_1387982673','chelsea-tee-689.html','chelsea-tee-706.html',0,'RP',NULL,NULL,485),(111547,2,'58039200_1387982673','chelsea-tee-690.html','chelsea-tee-707.html',0,'RP',NULL,NULL,486),(111549,2,'60539500_1387982673','chelsea-tee-691.html','chelsea-tee-708.html',0,'RP',NULL,NULL,487),(111551,2,'63239800_1387982673','chelsea-tee-692.html','chelsea-tee-709.html',0,'RP',NULL,NULL,488),(111553,2,'64939900_1387982673','chelsea-tee-693.html','chelsea-tee-710.html',0,'RP',NULL,NULL,489),(111555,2,'67040100_1387982673','chelsea-tee-694.html','chelsea-tee-711.html',0,'RP',NULL,NULL,490),(111557,2,'69740400_1387982673','chelsea-tee-695.html','chelsea-tee-712.html',0,'RP',NULL,NULL,491),(111559,2,'71940600_1387982673','merino-v-neck-pullover-sweater-552.html','merino-v-neck-pullover-sweater-557.html',0,'RP',NULL,NULL,492),(111561,2,'73840800_1387982673','merino-v-neck-pullover-sweater-553.html','merino-v-neck-pullover-sweater-558.html',0,'RP',NULL,NULL,493),(111563,2,'76541100_1387982673','lexington-cardigan-sweater-557.html','lexington-cardigan-sweater-562.html',0,'RP',NULL,NULL,494),(111565,2,'78641300_1387982673','lexington-cardigan-sweater-558.html','lexington-cardigan-sweater-563.html',0,'RP',NULL,NULL,495),(111567,2,'80441500_1387982673','core-striped-sport-shirt-544.html','core-striped-sport-shirt-548.html',0,'RP',NULL,NULL,496),(111570,2,'82641700_1387982673','french-cuff-cotton-twill-oxford-561.html','french-cuff-cotton-twill-oxford-566.html',0,'RP',NULL,NULL,498),(111572,2,'85442000_1387982673','french-cuff-cotton-twill-oxford-562.html','french-cuff-cotton-twill-oxford-567.html',0,'RP',NULL,NULL,499),(111574,2,'87542200_1387982673','slim-fit-dobby-oxford-shirt-563.html','slim-fit-dobby-oxford-shirt-568.html',0,'RP',NULL,NULL,500),(111576,2,'89442400_1387982673','slim-fit-dobby-oxford-shirt-564.html','slim-fit-dobby-oxford-shirt-569.html',0,'RP',NULL,NULL,501),(111578,2,'92442700_1387982673','plaid-cotton-shirt-565.html','plaid-cotton-shirt-570.html',0,'RP',NULL,NULL,502),(111580,2,'94942900_1387982673','plaid-cotton-shirt-566.html','plaid-cotton-shirt-571.html',0,'RP',NULL,NULL,503),(111584,2,'99043300_1387982673','sullivan-sport-coat-519.html','sullivan-sport-coat-520.html',0,'RP',NULL,NULL,505),(111586,2,'01943600_1387982674','men/blazers/sullivan-sport-coat-517.html','men/blazers/sullivan-sport-coat-518.html',0,'RP',NULL,40,505),(111588,2,'04443900_1387982674','linen-blazer-576.html','linen-blazer-581.html',0,'RP',NULL,NULL,506),(111590,2,'06144000_1387982674','men/blazers/linen-blazer-566.html','men/blazers/linen-blazer-571.html',0,'RP',NULL,40,506),(111592,2,'09044300_1387982674','linen-blazer-577.html','linen-blazer-582.html',0,'RP',NULL,NULL,507),(111594,2,'11244600_1387982674','men/blazers/linen-blazer-567.html','men/blazers/linen-blazer-572.html',0,'RP',NULL,40,507),(111596,2,'13544800_1387982674','stretch-cotton-blazer-578.html','stretch-cotton-blazer-583.html',0,'RP',NULL,NULL,508),(111598,2,'16545100_1387982674','men/blazers/stretch-cotton-blazer-568.html','men/blazers/stretch-cotton-blazer-573.html',0,'RP',NULL,40,508),(111600,2,'19345400_1387982674','stretch-cotton-blazer-579.html','stretch-cotton-blazer-584.html',0,'RP',NULL,NULL,509),(111602,2,'21345600_1387982674','men/blazers/stretch-cotton-blazer-569.html','men/blazers/stretch-cotton-blazer-574.html',0,'RP',NULL,40,509),(111604,2,'23445800_1387982674','nolita-cami-573.html','nolita-cami-578.html',0,'RP',NULL,NULL,510),(111606,2,'26146000_1387982674','nolita-cami-574.html','nolita-cami-579.html',0,'RP',NULL,NULL,511),(111608,2,'28546300_1387982674','tori-tank-572.html','tori-tank-577.html',0,'RP',NULL,NULL,512),(111610,2,'30746500_1387982674','tori-tank-573.html','tori-tank-578.html',0,'RP',NULL,NULL,513),(111612,2,'33346800_1387982674','delancy-cardigan-sweater-574.html','delancy-cardigan-sweater-579.html',0,'RP',NULL,NULL,514),(111614,2,'35247000_1387982674','delancy-cardigan-sweater-575.html','delancy-cardigan-sweater-580.html',0,'RP',NULL,NULL,515),(111616,2,'37147100_1387982674','ludlow-oxford-top-576.html','ludlow-oxford-top-581.html',0,'RP',NULL,NULL,516),(111618,2,'39847400_1387982674','ludlow-oxford-top-577.html','ludlow-oxford-top-582.html',0,'RP',NULL,NULL,517),(111620,2,'42147600_1387982674','elizabeth-knit-top-578.html','elizabeth-knit-top-583.html',0,'RP',NULL,NULL,518),(111622,2,'44847900_1387982674','elizabeth-knit-top-579.html','elizabeth-knit-top-584.html',0,'RP',NULL,NULL,519),(111624,2,'47348200_1387982674','dumbo-boyfriend-jean-630.html','dumbo-boyfriend-jean-637.html',0,'RP',NULL,NULL,520),(111626,2,'50148400_1387982674','dumbo-boyfriend-jean-631.html','dumbo-boyfriend-jean-638.html',0,'RP',NULL,NULL,521),(111628,2,'52848700_1387982674','dumbo-boyfriend-jean-632.html','dumbo-boyfriend-jean-639.html',0,'RP',NULL,NULL,522),(111630,2,'55349000_1387982674','dumbo-boyfriend-jean-633.html','dumbo-boyfriend-jean-640.html',0,'RP',NULL,NULL,523),(111632,2,'57449200_1387982674','dumbo-boyfriend-jean-634.html','dumbo-boyfriend-jean-641.html',0,'RP',NULL,NULL,524),(111634,2,'59349400_1387982674','dumbo-boyfriend-jean-635.html','dumbo-boyfriend-jean-642.html',0,'RP',NULL,NULL,525),(111636,2,'66550100_1387982674','dumbo-boyfriend-jean-636.html','dumbo-boyfriend-jean-643.html',0,'RP',NULL,NULL,526),(111638,2,'68450300_1387982674','tribeca-skinny-jean-636.html','tribeca-skinny-jean-643.html',0,'RP',NULL,NULL,527),(111640,2,'70450500_1387982674','tribeca-skinny-jean-637.html','tribeca-skinny-jean-644.html',0,'RP',NULL,NULL,528),(111642,2,'73350800_1387982674','tribeca-skinny-jean-638.html','tribeca-skinny-jean-645.html',0,'RP',NULL,NULL,529),(111644,2,'75251000_1387982674','tribeca-skinny-jean-639.html','tribeca-skinny-jean-646.html',0,'RP',NULL,NULL,530),(111646,2,'77151100_1387982674','tribeca-skinny-jean-640.html','tribeca-skinny-jean-647.html',0,'RP',NULL,NULL,531),(111648,2,'79451400_1387982674','tribeca-skinny-jean-641.html','tribeca-skinny-jean-648.html',0,'RP',NULL,NULL,532),(111650,2,'81551600_1387982674','tribeca-skinny-jean-642.html','tribeca-skinny-jean-649.html',0,'RP',NULL,NULL,533),(111652,2,'84251900_1387982674','park-avenue-pleat-front-trousers-654.html','park-avenue-pleat-front-trousers-664.html',0,'RP',NULL,NULL,534),(111654,2,'87052100_1387982674','park-avenue-pleat-front-trousers-655.html','park-avenue-pleat-front-trousers-665.html',0,'RP',NULL,NULL,535),(111656,2,'89652400_1387982674','park-avenue-pleat-front-trousers-656.html','park-avenue-pleat-front-trousers-666.html',0,'RP',NULL,NULL,536),(111658,2,'91552600_1387982674','park-avenue-pleat-front-trousers-657.html','park-avenue-pleat-front-trousers-667.html',0,'RP',NULL,NULL,537),(111660,2,'93652800_1387982674','park-avenue-pleat-front-trousers-658.html','park-avenue-pleat-front-trousers-668.html',0,'RP',NULL,NULL,538),(111662,2,'96153000_1387982674','racer-back-maxi-dress-599.html','racer-back-maxi-dress-604.html',0,'RP',NULL,NULL,539),(111664,2,'98153200_1387982674','racer-back-maxi-dress-600.html','racer-back-maxi-dress-605.html',0,'RP',NULL,NULL,540),(111666,2,'00353500_1387982675','classic-hardshell-suitcase-577.html','classic-hardshell-suitcase-584.html',0,'RP',NULL,NULL,541),(111706,2,'25055900_1387982675','black-nolita-cami-879.html','black-nolita-cami-880.html',0,'RP',NULL,NULL,878),(111742,3,'03663800_1387982676','french-cuff-cotton-twill-oxford-558.html','french-cuff-cotton-twill-oxford-563.html',0,'RP',NULL,NULL,232),(111744,3,'05464000_1387982676','men/shirts/french-cuff-cotton-twill-oxford-463.html','men/shirts/french-cuff-cotton-twill-oxford-466.html',0,'RP',NULL,15,232),(111746,3,'08864300_1387982676','french-cuff-cotton-twill-oxford-559.html','french-cuff-cotton-twill-oxford-564.html',0,'RP',NULL,NULL,233),(111748,3,'11764600_1387982676','men/shirts/french-cuff-cotton-twill-oxford-464.html','men/shirts/french-cuff-cotton-twill-oxford-467.html',0,'RP',NULL,15,233),(111752,3,'15765000_1387982676','slim-fit-dobby-oxford-shirt-560.html','slim-fit-dobby-oxford-shirt-565.html',0,'RP',NULL,NULL,235),(111754,3,'18765300_1387982676','men/shirts/slim-fit-dobby-oxford-shirt-464.html','men/shirts/slim-fit-dobby-oxford-shirt-467.html',0,'RP',NULL,15,235),(111756,3,'21165500_1387982676','slim-fit-dobby-oxford-shirt-561.html','slim-fit-dobby-oxford-shirt-566.html',0,'RP',NULL,NULL,236),(111758,3,'23765800_1387982676','men/shirts/slim-fit-dobby-oxford-shirt-465.html','men/shirts/slim-fit-dobby-oxford-shirt-468.html',0,'RP',NULL,15,236),(111763,3,'29066300_1387982676','plaid-cotton-shirt-562.html','plaid-cotton-shirt-567.html',0,'RP',NULL,NULL,238),(111765,3,'31566600_1387982676','men/shirts/plaid-cotton-shirt-465.html','men/shirts/plaid-cotton-shirt-468.html',0,'RP',NULL,15,238),(111767,3,'34166800_1387982676','sale/men/plaid-cotton-shirt-282.html','sale/men/plaid-cotton-shirt-284.html',0,'RP',NULL,27,238),(111769,3,'36567100_1387982676','plaid-cotton-shirt-563.html','plaid-cotton-shirt-568.html',0,'RP',NULL,NULL,239),(111771,3,'38967300_1387982676','men/shirts/plaid-cotton-shirt-466.html','men/shirts/plaid-cotton-shirt-469.html',0,'RP',NULL,15,239),(111773,3,'41267600_1387982676','sale/men/plaid-cotton-shirt-283.html','sale/men/plaid-cotton-shirt-285.html',0,'RP',NULL,27,239),(111778,3,'45968000_1387982676','oxford-sport-coat-469.html','oxford-sport-coat-472.html',0,'RP',NULL,NULL,241),(111780,3,'48768300_1387982676','men/new-arrivals/oxford-sport-coat-285.html','men/new-arrivals/oxford-sport-coat-287.html',0,'RP',NULL,14,241),(111782,3,'51068500_1387982676','men/blazers/oxford-sport-coat-439.html','men/blazers/oxford-sport-coat-442.html',0,'RP',NULL,40,241),(111784,3,'53068700_1387982676','oxford-sport-coat-470.html','oxford-sport-coat-473.html',0,'RP',NULL,NULL,242),(111786,3,'55469000_1387982676','men/new-arrivals/oxford-sport-coat-286.html','men/new-arrivals/oxford-sport-coat-288.html',0,'RP',NULL,14,242),(111788,3,'57969200_1387982676','men/blazers/oxford-sport-coat-440.html','men/blazers/oxford-sport-coat-443.html',0,'RP',NULL,40,242),(111792,3,'61369600_1387982676','linen-blazer-573.html','linen-blazer-578.html',0,'RP',NULL,NULL,244),(111794,3,'63569800_1387982676','men/blazers/linen-blazer-563.html','men/blazers/linen-blazer-568.html',0,'RP',NULL,40,244),(111796,3,'66170000_1387982676','linen-blazer-574.html','linen-blazer-579.html',0,'RP',NULL,NULL,245),(111798,3,'68370300_1387982676','men/blazers/linen-blazer-564.html','men/blazers/linen-blazer-569.html',0,'RP',NULL,40,245),(111802,3,'72170600_1387982676','stretch-cotton-blazer-575.html','stretch-cotton-blazer-580.html',0,'RP',NULL,NULL,247),(111804,3,'74970900_1387982676','men/blazers/stretch-cotton-blazer-565.html','men/blazers/stretch-cotton-blazer-570.html',0,'RP',NULL,40,247),(111806,3,'77671200_1387982676','stretch-cotton-blazer-576.html','stretch-cotton-blazer-581.html',0,'RP',NULL,NULL,248),(111808,3,'80271500_1387982676','men/blazers/stretch-cotton-blazer-566.html','men/blazers/stretch-cotton-blazer-571.html',0,'RP',NULL,40,248),(111812,3,'84171800_1387982676','chelsea-tee-679.html','chelsea-tee-696.html',0,'RP',NULL,NULL,250),(111814,3,'86272100_1387982676','men/tees-knits-and-polos/chelsea-tee-564.html','men/tees-knits-and-polos/chelsea-tee-572.html',0,'RP',NULL,16,250),(111816,3,'89272400_1387982676','chelsea-tee-680.html','chelsea-tee-697.html',0,'RP',NULL,NULL,251),(111818,3,'91772600_1387982676','men/tees-knits-and-polos/chelsea-tee-565.html','men/tees-knits-and-polos/chelsea-tee-573.html',0,'RP',NULL,16,251),(111820,3,'94272900_1387982676','chelsea-tee-681.html','chelsea-tee-698.html',0,'RP',NULL,NULL,252),(111822,3,'97073100_1387982676','men/tees-knits-and-polos/chelsea-tee-566.html','men/tees-knits-and-polos/chelsea-tee-574.html',0,'RP',NULL,16,252),(111824,3,'99273400_1387982676','chelsea-tee-682.html','chelsea-tee-699.html',0,'RP',NULL,NULL,253),(111826,3,'02373700_1387982677','men/tees-knits-and-polos/chelsea-tee-567.html','men/tees-knits-and-polos/chelsea-tee-575.html',0,'RP',NULL,16,253),(111828,3,'04473900_1387982677','chelsea-tee-683.html','chelsea-tee-700.html',0,'RP',NULL,NULL,254),(111830,3,'07174100_1387982677','men/tees-knits-and-polos/chelsea-tee-568.html','men/tees-knits-and-polos/chelsea-tee-576.html',0,'RP',NULL,16,254),(111834,3,'10774500_1387982677','merino-v-neck-pullover-sweater-549.html','merino-v-neck-pullover-sweater-554.html',0,'RP',NULL,NULL,256),(111836,3,'13674800_1387982677','men/tees-knits-and-polos/merino-v-neck-pullover-sweater-469.html','men/tees-knits-and-polos/merino-v-neck-pullover-sweater-472.html',0,'RP',NULL,16,256),(111838,3,'15875000_1387982677','merino-v-neck-pullover-sweater-550.html','merino-v-neck-pullover-sweater-555.html',0,'RP',NULL,NULL,257),(111840,3,'19375400_1387982677','men/tees-knits-and-polos/merino-v-neck-pullover-sweater-470.html','men/tees-knits-and-polos/merino-v-neck-pullover-sweater-473.html',0,'RP',NULL,16,257),(111845,3,'22975700_1387982677','lexington-cardigan-sweater-554.html','lexington-cardigan-sweater-559.html',0,'RP',NULL,NULL,259),(111847,3,'24975900_1387982677','men/new-arrivals/lexington-cardigan-sweater-457.html','men/new-arrivals/lexington-cardigan-sweater-459.html',0,'RP',NULL,14,259),(111849,3,'27076100_1387982677','men/tees-knits-and-polos/lexington-cardigan-sweater-471.html','men/tees-knits-and-polos/lexington-cardigan-sweater-474.html',0,'RP',NULL,16,259),(111851,3,'29176300_1387982677','lexington-cardigan-sweater-555.html','lexington-cardigan-sweater-560.html',0,'RP',NULL,NULL,260),(111853,3,'31176500_1387982677','men/new-arrivals/lexington-cardigan-sweater-458.html','men/new-arrivals/lexington-cardigan-sweater-460.html',0,'RP',NULL,14,260),(111855,3,'32976700_1387982677','men/tees-knits-and-polos/lexington-cardigan-sweater-472.html','men/tees-knits-and-polos/lexington-cardigan-sweater-475.html',0,'RP',NULL,16,260),(111859,3,'36377100_1387982677','core-striped-sport-shirt-541.html','core-striped-sport-shirt-545.html',0,'RP',NULL,NULL,262),(111861,3,'38677300_1387982677','men/tees-knits-and-polos/core-striped-sport-shirt-471.html','men/tees-knits-and-polos/core-striped-sport-shirt-474.html',0,'RP',NULL,16,262),(111863,3,'40777500_1387982677','core-striped-sport-shirt-542.html','core-striped-sport-shirt-546.html',0,'RP',NULL,NULL,263),(111865,3,'43177700_1387982677','men/tees-knits-and-polos/core-striped-sport-shirt-472.html','men/tees-knits-and-polos/core-striped-sport-shirt-475.html',0,'RP',NULL,16,263),(111869,3,'46978100_1387982677','bowery-chino-pants-534.html','bowery-chino-pants-539.html',0,'RP',NULL,NULL,268),(111871,3,'51578600_1387982677','men/pants-denim/bowery-chino-pants-494.html','men/pants-denim/bowery-chino-pants-497.html',0,'RP',NULL,17,268),(111873,3,'54278900_1387982677','bowery-chino-pants-535.html','bowery-chino-pants-540.html',0,'RP',NULL,NULL,269),(111875,3,'56079000_1387982677','men/pants-denim/bowery-chino-pants-495.html','men/pants-denim/bowery-chino-pants-498.html',0,'RP',NULL,17,269),(111879,3,'60579500_1387982677','the-essential-boot-cut-jean-530.html','the-essential-boot-cut-jean-536.html',0,'RP',NULL,NULL,271),(111881,3,'63479800_1387982677','men/pants-denim/the-essential-boot-cut-jean-530.html','men/pants-denim/the-essential-boot-cut-jean-536.html',0,'RP',NULL,17,271),(111883,3,'65179900_1387982677','the-essential-boot-cut-jean-531.html','the-essential-boot-cut-jean-537.html',0,'RP',NULL,NULL,272),(111885,3,'67580200_1387982677','men/pants-denim/the-essential-boot-cut-jean-531.html','men/pants-denim/the-essential-boot-cut-jean-537.html',0,'RP',NULL,17,272),(111887,3,'70380500_1387982677','the-essential-boot-cut-jean-532.html','the-essential-boot-cut-jean-538.html',0,'RP',NULL,NULL,273),(111889,3,'72680700_1387982677','men/pants-denim/the-essential-boot-cut-jean-532.html','men/pants-denim/the-essential-boot-cut-jean-538.html',0,'RP',NULL,17,273),(111891,3,'75180900_1387982677','the-essential-boot-cut-jean-533.html','the-essential-boot-cut-jean-539.html',0,'RP',NULL,NULL,274),(111893,3,'77781200_1387982677','men/pants-denim/the-essential-boot-cut-jean-533.html','men/pants-denim/the-essential-boot-cut-jean-539.html',0,'RP',NULL,17,274),(111895,3,'79981400_1387982677','the-essential-boot-cut-jean-534.html','the-essential-boot-cut-jean-540.html',0,'RP',NULL,NULL,275),(111897,3,'82081600_1387982677','men/pants-denim/the-essential-boot-cut-jean-534.html','men/pants-denim/the-essential-boot-cut-jean-540.html',0,'RP',NULL,17,275),(111901,3,'86282100_1387982677','flat-front-trouser-531.html','flat-front-trouser-537.html',0,'RP',NULL,NULL,277),(111903,3,'88582300_1387982677','men/pants-denim/flat-front-trouser-531.html','men/pants-denim/flat-front-trouser-537.html',0,'RP',NULL,17,277),(111905,3,'90882500_1387982677','flat-front-trouser-532.html','flat-front-trouser-538.html',0,'RP',NULL,NULL,278),(111907,3,'93882800_1387982677','men/pants-denim/flat-front-trouser-532.html','men/pants-denim/flat-front-trouser-538.html',0,'RP',NULL,17,278),(111909,3,'95783000_1387982677','flat-front-trouser-533.html','flat-front-trouser-539.html',0,'RP',NULL,NULL,279),(111911,3,'98483300_1387982677','men/pants-denim/flat-front-trouser-533.html','men/pants-denim/flat-front-trouser-539.html',0,'RP',NULL,17,279),(111913,3,'01483600_1387982678','flat-front-trouser-534.html','flat-front-trouser-540.html',0,'RP',NULL,NULL,280),(111915,3,'03883800_1387982678','men/pants-denim/flat-front-trouser-534.html','men/pants-denim/flat-front-trouser-540.html',0,'RP',NULL,17,280),(111917,3,'05484000_1387982678','flat-front-trouser-535.html','flat-front-trouser-541.html',0,'RP',NULL,NULL,281),(111919,3,'07984200_1387982678','men/pants-denim/flat-front-trouser-535.html','men/pants-denim/flat-front-trouser-541.html',0,'RP',NULL,17,281),(111923,3,'12184600_1387982678','nolita-cami-570.html','nolita-cami-575.html',0,'RP',NULL,NULL,283),(111925,3,'14984900_1387982678','women/tops-blouses/nolita-cami-479.html','women/tops-blouses/nolita-cami-482.html',0,'RP',NULL,11,283),(111927,3,'17585200_1387982678','nolita-cami-571.html','nolita-cami-576.html',0,'RP',NULL,NULL,284),(111931,3,'20685500_1387982678','women/tops-blouses/nolita-cami-480.html','women/tops-blouses/nolita-cami-483.html',0,'RP',NULL,11,284),(111936,3,'25386000_1387982678','tori-tank-569.html','tori-tank-574.html',0,'RP',NULL,NULL,286),(111938,3,'27686200_1387982678','women/new-arrivals/tori-tank-455.html','women/new-arrivals/tori-tank-458.html',0,'RP',NULL,10,286),(111940,3,'29886400_1387982678','women/tops-blouses/tori-tank-477.html','women/tops-blouses/tori-tank-480.html',0,'RP',NULL,11,286),(111942,3,'32586700_1387982678','tori-tank-570.html','tori-tank-575.html',0,'RP',NULL,NULL,287),(111944,3,'34786900_1387982678','women/new-arrivals/tori-tank-456.html','women/new-arrivals/tori-tank-459.html',0,'RP',NULL,10,287),(111946,3,'37387200_1387982678','women/tops-blouses/tori-tank-478.html','women/tops-blouses/tori-tank-481.html',0,'RP',NULL,11,287),(111950,3,'42287700_1387982678','delancy-cardigan-sweater-571.html','delancy-cardigan-sweater-576.html',0,'RP',NULL,NULL,289),(111952,3,'44987900_1387982678','women/tops-blouses/delancy-cardigan-sweater-477.html','women/tops-blouses/delancy-cardigan-sweater-480.html',0,'RP',NULL,11,289),(111954,3,'47688200_1387982678','delancy-cardigan-sweater-572.html','delancy-cardigan-sweater-577.html',0,'RP',NULL,NULL,290),(111956,3,'51088500_1387982678','women/tops-blouses/delancy-cardigan-sweater-478.html','women/tops-blouses/delancy-cardigan-sweater-481.html',0,'RP',NULL,11,290),(111960,3,'55789000_1387982678','ludlow-oxford-top-573.html','ludlow-oxford-top-578.html',0,'RP',NULL,NULL,292),(111962,3,'58289300_1387982678','women/tops-blouses/ludlow-oxford-top-478.html','women/tops-blouses/ludlow-oxford-top-481.html',0,'RP',NULL,11,292),(111964,3,'60389500_1387982678','ludlow-oxford-top-574.html','ludlow-oxford-top-579.html',0,'RP',NULL,NULL,293),(111966,3,'62289700_1387982678','women/tops-blouses/ludlow-oxford-top-479.html','women/tops-blouses/ludlow-oxford-top-482.html',0,'RP',NULL,11,293),(111971,3,'66690100_1387982678','elizabeth-knit-top-575.html','elizabeth-knit-top-580.html',0,'RP',NULL,NULL,295),(111973,3,'70190400_1387982678','women/new-arrivals/elizabeth-knit-top-479.html','women/new-arrivals/elizabeth-knit-top-482.html',0,'RP',NULL,10,295),(111975,3,'72890700_1387982678','women/tops-blouses/elizabeth-knit-top-479.html','women/tops-blouses/elizabeth-knit-top-482.html',0,'RP',NULL,11,295),(111977,3,'75891000_1387982678','elizabeth-knit-top-576.html','elizabeth-knit-top-581.html',0,'RP',NULL,NULL,296),(111979,3,'77891200_1387982678','women/new-arrivals/elizabeth-knit-top-480.html','women/new-arrivals/elizabeth-knit-top-483.html',0,'RP',NULL,10,296),(111981,3,'80291500_1387982678','women/tops-blouses/elizabeth-knit-top-480.html','women/tops-blouses/elizabeth-knit-top-483.html',0,'RP',NULL,11,296),(111985,3,'84191800_1387982678','essex-pencil-skirt-518.html','essex-pencil-skirt-523.html',0,'RP',NULL,NULL,298),(111987,3,'86492100_1387982678','women/dresses-skirts/essex-pencil-skirt-518.html','women/dresses-skirts/essex-pencil-skirt-523.html',0,'RP',NULL,13,298),(111989,3,'89292400_1387982678','essex-pencil-skirt-519.html','essex-pencil-skirt-524.html',0,'RP',NULL,NULL,299),(111991,3,'91292600_1387982678','women/dresses-skirts/essex-pencil-skirt-519.html','women/dresses-skirts/essex-pencil-skirt-524.html',0,'RP',NULL,13,299),(111993,3,'93192700_1387982678','essex-pencil-skirt-520.html','essex-pencil-skirt-525.html',0,'RP',NULL,NULL,300),(111995,3,'95393000_1387982678','women/dresses-skirts/essex-pencil-skirt-520.html','women/dresses-skirts/essex-pencil-skirt-525.html',0,'RP',NULL,13,300),(111997,3,'97193100_1387982678','essex-pencil-skirt-521.html','essex-pencil-skirt-526.html',0,'RP',NULL,NULL,301),(111999,3,'99193300_1387982678','women/dresses-skirts/essex-pencil-skirt-521.html','women/dresses-skirts/essex-pencil-skirt-526.html',0,'RP',NULL,13,301),(112003,3,'02093600_1387982679','racer-back-maxi-dress-596.html','racer-back-maxi-dress-601.html',0,'RP',NULL,NULL,303),(112005,3,'03993800_1387982679','women/dresses-skirts/racer-back-maxi-dress-481.html','women/dresses-skirts/racer-back-maxi-dress-484.html',0,'RP',NULL,13,303),(112007,3,'05594000_1387982679','racer-back-maxi-dress-597.html','racer-back-maxi-dress-602.html',0,'RP',NULL,NULL,304),(112009,3,'08194200_1387982679','women/dresses-skirts/racer-back-maxi-dress-482.html','women/dresses-skirts/racer-back-maxi-dress-485.html',0,'RP',NULL,13,304),(112013,3,'11294600_1387982679','sheath-394.html','sheath-398.html',0,'RP',NULL,NULL,306),(112015,3,'12994700_1387982679','women/dresses-skirts/sheath-394.html','women/dresses-skirts/sheath-398.html',0,'RP',NULL,13,306),(112017,3,'14494900_1387982679','sheath-395.html','sheath-399.html',0,'RP',NULL,NULL,307),(112019,3,'16395100_1387982679','women/dresses-skirts/sheath-395.html','women/dresses-skirts/sheath-399.html',0,'RP',NULL,13,307),(112021,3,'18695300_1387982679','sheath-396.html','sheath-400.html',0,'RP',NULL,NULL,308),(112023,3,'20795500_1387982679','women/dresses-skirts/sheath-396.html','women/dresses-skirts/sheath-400.html',0,'RP',NULL,13,308),(112025,3,'23095700_1387982679','sheath-397.html','sheath-401.html',0,'RP',NULL,NULL,309),(112027,3,'25195900_1387982679','women/dresses-skirts/sheath-397.html','women/dresses-skirts/sheath-401.html',0,'RP',NULL,13,309),(112031,3,'29496400_1387982679','convertible-dress-399.html','convertible-dress-403.html',0,'RP',NULL,NULL,311),(112033,3,'32096600_1387982679','women/dresses-skirts/convertible-dress-399.html','women/dresses-skirts/convertible-dress-403.html',0,'RP',NULL,13,311),(112035,3,'34696900_1387982679','convertible-dress-400.html','convertible-dress-404.html',0,'RP',NULL,NULL,312),(112037,3,'37997200_1387982679','women/dresses-skirts/convertible-dress-400.html','women/dresses-skirts/convertible-dress-404.html',0,'RP',NULL,13,312),(112039,3,'40797500_1387982679','convertible-dress-401.html','convertible-dress-405.html',0,'RP',NULL,NULL,313),(112041,3,'43697800_1387982679','women/dresses-skirts/convertible-dress-401.html','women/dresses-skirts/convertible-dress-405.html',0,'RP',NULL,13,313),(112043,3,'46498100_1387982679','convertible-dress-402.html','convertible-dress-406.html',0,'RP',NULL,NULL,314),(112045,3,'48198200_1387982679','women/dresses-skirts/convertible-dress-402.html','women/dresses-skirts/convertible-dress-406.html',0,'RP',NULL,13,314),(112050,3,'52098600_1387982679','park-avenue-pleat-front-trousers-649.html','park-avenue-pleat-front-trousers-659.html',0,'RP',NULL,NULL,326),(112052,3,'54398900_1387982679','women/new-arrivals/park-avenue-pleat-front-trousers-414.html','women/new-arrivals/park-avenue-pleat-front-trousers-418.html',0,'RP',NULL,10,326),(112054,3,'56599100_1387982679','women/pants-denim/park-avenue-pleat-front-trousers-526.html','women/pants-denim/park-avenue-pleat-front-trousers-531.html',0,'RP',NULL,12,326),(112056,3,'58599300_1387982679','park-avenue-pleat-front-trousers-650.html','park-avenue-pleat-front-trousers-660.html',0,'RP',NULL,NULL,327),(112058,3,'60499500_1387982679','women/new-arrivals/park-avenue-pleat-front-trousers-415.html','women/new-arrivals/park-avenue-pleat-front-trousers-419.html',0,'RP',NULL,10,327),(112060,3,'62399700_1387982679','women/pants-denim/park-avenue-pleat-front-trousers-527.html','women/pants-denim/park-avenue-pleat-front-trousers-532.html',0,'RP',NULL,12,327),(112062,3,'64799900_1387982679','park-avenue-pleat-front-trousers-651.html','park-avenue-pleat-front-trousers-661.html',0,'RP',NULL,NULL,328),(112064,3,'66900100_1387982679','women/new-arrivals/park-avenue-pleat-front-trousers-416.html','women/new-arrivals/park-avenue-pleat-front-trousers-420.html',0,'RP',NULL,10,328),(112066,3,'68900300_1387982679','women/pants-denim/park-avenue-pleat-front-trousers-528.html','women/pants-denim/park-avenue-pleat-front-trousers-533.html',0,'RP',NULL,12,328),(112068,3,'70900500_1387982679','park-avenue-pleat-front-trousers-652.html','park-avenue-pleat-front-trousers-662.html',0,'RP',NULL,NULL,329),(112070,3,'72800700_1387982679','women/new-arrivals/park-avenue-pleat-front-trousers-417.html','women/new-arrivals/park-avenue-pleat-front-trousers-421.html',0,'RP',NULL,10,329),(112072,3,'75801000_1387982679','women/pants-denim/park-avenue-pleat-front-trousers-529.html','women/pants-denim/park-avenue-pleat-front-trousers-534.html',0,'RP',NULL,12,329),(112083,3,'82301700_1387982679','angelique-d-orsay-pump-nude-588.html','angelique-d-orsay-pump-nude-592.html',0,'RP',NULL,NULL,341),(112085,3,'84801900_1387982679','accessories/shoes/angelique-d-orsay-pump-nude-588.html','accessories/shoes/angelique-d-orsay-pump-nude-592.html',0,'RP',NULL,20,341),(112087,3,'86802100_1387982679','angelique-d-orsay-pump-nude-589.html','angelique-d-orsay-pump-nude-593.html',0,'RP',NULL,NULL,342),(112089,3,'88802300_1387982679','accessories/shoes/angelique-d-orsay-pump-nude-589.html','accessories/shoes/angelique-d-orsay-pump-nude-593.html',0,'RP',NULL,20,342),(112091,3,'90602500_1387982679','angelique-d-orsay-pump-nude-590.html','angelique-d-orsay-pump-nude-594.html',0,'RP',NULL,NULL,343),(112093,3,'92802700_1387982679','accessories/shoes/angelique-d-orsay-pump-nude-590.html','accessories/shoes/angelique-d-orsay-pump-nude-594.html',0,'RP',NULL,20,343),(112095,3,'95102900_1387982679','angelique-d-orsay-pump-nude-591.html','angelique-d-orsay-pump-nude-595.html',0,'RP',NULL,NULL,344),(112097,3,'97203100_1387982679','accessories/shoes/angelique-d-orsay-pump-nude-591.html','accessories/shoes/angelique-d-orsay-pump-nude-595.html',0,'RP',NULL,20,344),(112101,3,'99903400_1387982679','borgha-ankle-boot-537.html','borgha-ankle-boot-542.html',0,'RP',NULL,NULL,346),(112103,3,'01903600_1387982680','accessories/shoes/borgha-ankle-boot-537.html','accessories/shoes/borgha-ankle-boot-542.html',0,'RP',NULL,20,346),(112105,3,'04003800_1387982680','borgha-ankle-boot-538.html','borgha-ankle-boot-543.html',0,'RP',NULL,NULL,347),(112107,3,'06504100_1387982680','accessories/shoes/borgha-ankle-boot-538.html','accessories/shoes/borgha-ankle-boot-543.html',0,'RP',NULL,20,347),(112109,3,'08404300_1387982680','borgha-ankle-boot-539.html','borgha-ankle-boot-544.html',0,'RP',NULL,NULL,348),(112111,3,'10304500_1387982680','accessories/shoes/borgha-ankle-boot-539.html','accessories/shoes/borgha-ankle-boot-544.html',0,'RP',NULL,20,348),(112113,3,'11904600_1387982680','borgha-ankle-boot-540.html','borgha-ankle-boot-545.html',0,'RP',NULL,NULL,349),(112115,3,'14204800_1387982680','accessories/shoes/borgha-ankle-boot-540.html','accessories/shoes/borgha-ankle-boot-545.html',0,'RP',NULL,20,349),(112119,3,'17205100_1387982680','hana-flat-charcoal-538.html','hana-flat-charcoal-543.html',0,'RP',NULL,NULL,351),(112121,3,'19405400_1387982680','accessories/shoes/hana-flat-charcoal-538.html','accessories/shoes/hana-flat-charcoal-543.html',0,'RP',NULL,20,351),(112123,3,'21405600_1387982680','hana-flat-charcoal-539.html','hana-flat-charcoal-544.html',0,'RP',NULL,NULL,352),(112125,3,'23405800_1387982680','accessories/shoes/hana-flat-charcoal-539.html','accessories/shoes/hana-flat-charcoal-544.html',0,'RP',NULL,20,352),(112127,3,'26106000_1387982680','hana-flat-charcoal-540.html','hana-flat-charcoal-545.html',0,'RP',NULL,NULL,353),(112129,3,'28106200_1387982680','accessories/shoes/hana-flat-charcoal-540.html','accessories/shoes/hana-flat-charcoal-545.html',0,'RP',NULL,20,353),(112131,3,'29806400_1387982680','hana-flat-charcoal-541.html','hana-flat-charcoal-546.html',0,'RP',NULL,NULL,354),(112133,3,'32106600_1387982680','accessories/shoes/hana-flat-charcoal-541.html','accessories/shoes/hana-flat-charcoal-546.html',0,'RP',NULL,20,354),(112137,3,'36107000_1387982680','dorian-preforated-oxford-539.html','dorian-preforated-oxford-544.html',0,'RP',NULL,NULL,356),(112139,3,'38607300_1387982680','accessories/shoes/dorian-preforated-oxford-539.html','accessories/shoes/dorian-preforated-oxford-544.html',0,'RP',NULL,20,356),(112141,3,'40307500_1387982680','dorian-preforated-oxford-540.html','dorian-preforated-oxford-545.html',0,'RP',NULL,NULL,357),(112143,3,'42107600_1387982680','accessories/shoes/dorian-preforated-oxford-540.html','accessories/shoes/dorian-preforated-oxford-545.html',0,'RP',NULL,20,357),(112145,3,'43907800_1387982680','dorian-preforated-oxford-541.html','dorian-preforated-oxford-546.html',0,'RP',NULL,NULL,358),(112147,3,'45908000_1387982680','accessories/shoes/dorian-preforated-oxford-541.html','accessories/shoes/dorian-preforated-oxford-546.html',0,'RP',NULL,20,358),(112149,3,'47808200_1387982680','dorian-preforated-oxford-542.html','dorian-preforated-oxford-547.html',0,'RP',NULL,NULL,359),(112151,3,'49908400_1387982680','accessories/shoes/dorian-preforated-oxford-542.html','accessories/shoes/dorian-preforated-oxford-547.html',0,'RP',NULL,20,359),(112155,3,'52708700_1387982680','wingtip-cognac-oxford-540.html','wingtip-cognac-oxford-545.html',0,'RP',NULL,NULL,361),(112157,3,'55309000_1387982680','accessories/shoes/wingtip-cognac-oxford-540.html','accessories/shoes/wingtip-cognac-oxford-545.html',0,'RP',NULL,20,361),(112159,3,'57709200_1387982680','wingtip-cognac-oxford-541.html','wingtip-cognac-oxford-546.html',0,'RP',NULL,NULL,362),(112161,3,'59909400_1387982680','accessories/shoes/wingtip-cognac-oxford-541.html','accessories/shoes/wingtip-cognac-oxford-546.html',0,'RP',NULL,20,362),(112163,3,'62309700_1387982680','wingtip-cognac-oxford-542.html','wingtip-cognac-oxford-547.html',0,'RP',NULL,NULL,363),(112165,3,'64509900_1387982680','accessories/shoes/wingtip-cognac-oxford-542.html','accessories/shoes/wingtip-cognac-oxford-547.html',0,'RP',NULL,20,363),(112167,3,'66810100_1387982680','wingtip-cognac-oxford-543.html','wingtip-cognac-oxford-548.html',0,'RP',NULL,NULL,364),(112169,3,'68610300_1387982680','accessories/shoes/wingtip-cognac-oxford-543.html','accessories/shoes/wingtip-cognac-oxford-548.html',0,'RP',NULL,20,364),(112173,3,'71710600_1387982680','suede-loafer-navy-541.html','suede-loafer-navy-546.html',0,'RP',NULL,NULL,366),(112175,3,'73710800_1387982680','accessories/shoes/suede-loafer-navy-541.html','accessories/shoes/suede-loafer-navy-546.html',0,'RP',NULL,20,366),(112177,3,'75511000_1387982680','suede-loafer-navy-542.html','suede-loafer-navy-547.html',0,'RP',NULL,NULL,367),(112179,3,'78011200_1387982680','accessories/shoes/suede-loafer-navy-542.html','accessories/shoes/suede-loafer-navy-547.html',0,'RP',NULL,20,367),(112181,3,'79711400_1387982680','suede-loafer-navy-543.html','suede-loafer-navy-548.html',0,'RP',NULL,NULL,368),(112183,3,'81711600_1387982680','accessories/shoes/suede-loafer-navy-543.html','accessories/shoes/suede-loafer-navy-548.html',0,'RP',NULL,20,368),(112185,3,'83511800_1387982680','suede-loafer-navy-544.html','suede-loafer-navy-549.html',0,'RP',NULL,NULL,369),(112187,3,'85712000_1387982680','accessories/shoes/suede-loafer-navy-544.html','accessories/shoes/suede-loafer-navy-549.html',0,'RP',NULL,20,369),(112203,3,'95913000_1387982680','classic-hardshell-suitcase-580.html','classic-hardshell-suitcase-582.html',0,'RP',NULL,NULL,377),(112205,3,'97813200_1387982680','accessories/bags-luggage/classic-hardshell-suitcase-479.html','accessories/bags-luggage/classic-hardshell-suitcase-481.html',0,'RP',NULL,21,377),(112228,3,'16315100_1387982681','modern-murray-ceramic-vase-477.html','modern-murray-ceramic-vase-479.html',0,'RP',NULL,NULL,388),(112230,3,'18215200_1387982681','home-decor/decorative-accents/modern-murray-ceramic-vase-477.html','home-decor/decorative-accents/modern-murray-ceramic-vase-479.html',0,'RP',NULL,25,388),(112258,3,'35116900_1387982681','french-cuff-cotton-twill-oxford-560.html','french-cuff-cotton-twill-oxford-565.html',0,'RP',NULL,NULL,402),(112260,3,'37217100_1387982681','men/shirts/french-cuff-cotton-twill-oxford-465.html','men/shirts/french-cuff-cotton-twill-oxford-468.html',0,'RP',NULL,15,402),(112262,3,'38917300_1387982681','slim-fit-dobby-oxford-shirt-562.html','slim-fit-dobby-oxford-shirt-567.html',0,'RP',NULL,NULL,403),(112264,3,'41617600_1387982681','men/shirts/slim-fit-dobby-oxford-shirt-466.html','men/shirts/slim-fit-dobby-oxford-shirt-469.html',0,'RP',NULL,15,403),(112267,3,'44817900_1387982681','plaid-cotton-shirt-564.html','plaid-cotton-shirt-569.html',0,'RP',NULL,NULL,404),(112269,3,'47118100_1387982681','men/shirts/plaid-cotton-shirt-467.html','men/shirts/plaid-cotton-shirt-470.html',0,'RP',NULL,15,404),(112271,3,'49518400_1387982681','oxford-sport-coat-471.html','oxford-sport-coat-474.html',0,'RP',NULL,NULL,405),(112273,3,'52318700_1387982681','men/blazers/oxford-sport-coat-441.html','men/blazers/oxford-sport-coat-444.html',0,'RP',NULL,40,405),(112275,3,'54318900_1387982681','linen-blazer-575.html','linen-blazer-580.html',0,'RP',NULL,NULL,406),(112279,3,'56919100_1387982681','men/blazers/linen-blazer-565.html','men/blazers/linen-blazer-570.html',0,'RP',NULL,40,406),(112281,3,'58519300_1387982681','stretch-cotton-blazer-577.html','stretch-cotton-blazer-582.html',0,'RP',NULL,NULL,407),(112283,3,'60719500_1387982681','men/blazers/stretch-cotton-blazer-567.html','men/blazers/stretch-cotton-blazer-572.html',0,'RP',NULL,40,407),(112285,3,'63019700_1387982681','chelsea-tee-684.html','chelsea-tee-701.html',0,'RP',NULL,NULL,408),(112287,3,'65320000_1387982681','men/tees-knits-and-polos/chelsea-tee-569.html','men/tees-knits-and-polos/chelsea-tee-577.html',0,'RP',NULL,16,408),(112289,3,'67420200_1387982681','chelsea-tee-685.html','chelsea-tee-702.html',0,'RP',NULL,NULL,409),(112291,3,'70020400_1387982681','men/tees-knits-and-polos/chelsea-tee-570.html','men/tees-knits-and-polos/chelsea-tee-578.html',0,'RP',NULL,16,409),(112293,3,'72820700_1387982681','chelsea-tee-686.html','chelsea-tee-703.html',0,'RP',NULL,NULL,410),(112296,3,'75521000_1387982681','men/tees-knits-and-polos/chelsea-tee-571.html','men/tees-knits-and-polos/chelsea-tee-579.html',0,'RP',NULL,16,410),(112298,3,'77321200_1387982681','merino-v-neck-pullover-sweater-551.html','merino-v-neck-pullover-sweater-556.html',0,'RP',NULL,NULL,411),(112300,3,'79121300_1387982681','men/tees-knits-and-polos/merino-v-neck-pullover-sweater-471.html','men/tees-knits-and-polos/merino-v-neck-pullover-sweater-474.html',0,'RP',NULL,16,411),(112302,3,'80921500_1387982681','lexington-cardigan-sweater-556.html','lexington-cardigan-sweater-561.html',0,'RP',NULL,NULL,412),(112305,3,'83321800_1387982681','men/tees-knits-and-polos/lexington-cardigan-sweater-473.html','men/tees-knits-and-polos/lexington-cardigan-sweater-476.html',0,'RP',NULL,16,412),(112307,3,'85121900_1387982681','core-striped-sport-shirt-543.html','core-striped-sport-shirt-547.html',0,'RP',NULL,NULL,413),(112309,3,'86922100_1387982681','men/tees-knits-and-polos/core-striped-sport-shirt-473.html','men/tees-knits-and-polos/core-striped-sport-shirt-476.html',0,'RP',NULL,16,413),(112311,3,'88622300_1387982681','bowery-chino-pants-536.html','bowery-chino-pants-541.html',0,'RP',NULL,NULL,414),(112314,3,'91122500_1387982681','men/pants-denim/bowery-chino-pants-496.html','men/pants-denim/bowery-chino-pants-499.html',0,'RP',NULL,17,414),(112316,3,'92922700_1387982681','the-essential-boot-cut-jean-535.html','the-essential-boot-cut-jean-541.html',0,'RP',NULL,NULL,415),(112318,3,'95122900_1387982681','men/pants-denim/the-essential-boot-cut-jean-535.html','men/pants-denim/the-essential-boot-cut-jean-541.html',0,'RP',NULL,17,415),(112320,3,'96823100_1387982681','flat-front-trouser-536.html','flat-front-trouser-542.html',0,'RP',NULL,NULL,416),(112322,3,'98523300_1387982681','men/pants-denim/flat-front-trouser-536.html','men/pants-denim/flat-front-trouser-542.html',0,'RP',NULL,17,416),(112324,3,'00223400_1387982682','nolita-cami-572.html','nolita-cami-577.html',0,'RP',NULL,NULL,417),(112326,3,'02123600_1387982682','women/tops-blouses/nolita-cami-481.html','women/tops-blouses/nolita-cami-484.html',0,'RP',NULL,11,417),(112328,3,'04223800_1387982682','tori-tank-571.html','tori-tank-576.html',0,'RP',NULL,NULL,418),(112331,3,'08124200_1387982682','women/new-arrivals/tori-tank-457.html','women/new-arrivals/tori-tank-460.html',0,'RP',NULL,10,418),(112333,3,'10624500_1387982682','women/tops-blouses/tori-tank-479.html','women/tops-blouses/tori-tank-482.html',0,'RP',NULL,11,418),(112335,3,'12524700_1387982682','delancy-cardigan-sweater-573.html','delancy-cardigan-sweater-578.html',0,'RP',NULL,NULL,419),(112337,3,'14624900_1387982682','women/tops-blouses/delancy-cardigan-sweater-479.html','women/tops-blouses/delancy-cardigan-sweater-482.html',0,'RP',NULL,11,419),(112339,3,'16625100_1387982682','ludlow-oxford-top-575.html','ludlow-oxford-top-580.html',0,'RP',NULL,NULL,420),(112341,3,'18325300_1387982682','women/tops-blouses/ludlow-oxford-top-480.html','women/tops-blouses/ludlow-oxford-top-483.html',0,'RP',NULL,11,420),(112343,3,'20025400_1387982682','elizabeth-knit-top-577.html','elizabeth-knit-top-582.html',0,'RP',NULL,NULL,421),(112345,3,'22725700_1387982682','women/new-arrivals/elizabeth-knit-top-481.html','women/new-arrivals/elizabeth-knit-top-484.html',0,'RP',NULL,10,421),(112347,3,'24425900_1387982682','women/tops-blouses/elizabeth-knit-top-481.html','women/tops-blouses/elizabeth-knit-top-484.html',0,'RP',NULL,11,421),(112349,3,'26926100_1387982682','essex-pencil-skirt-522.html','essex-pencil-skirt-527.html',0,'RP',NULL,NULL,422),(112351,3,'28726300_1387982682','women/dresses-skirts/essex-pencil-skirt-522.html','women/dresses-skirts/essex-pencil-skirt-527.html',0,'RP',NULL,13,422),(112353,3,'30626500_1387982682','racer-back-maxi-dress-598.html','racer-back-maxi-dress-603.html',0,'RP',NULL,NULL,423),(112355,3,'32626700_1387982682','women/dresses-skirts/racer-back-maxi-dress-483.html','women/dresses-skirts/racer-back-maxi-dress-486.html',0,'RP',NULL,13,423),(112368,3,'47628200_1387982682','park-avenue-pleat-front-trousers-653.html','park-avenue-pleat-front-trousers-663.html',0,'RP',NULL,NULL,428),(112371,3,'51428600_1387982682','women/pants-denim/park-avenue-pleat-front-trousers-530.html','women/pants-denim/park-avenue-pleat-front-trousers-535.html',0,'RP',NULL,12,428),(112375,3,'55128900_1387982682','borgha-ankle-boot-541.html','borgha-ankle-boot-546.html',0,'RP',NULL,NULL,431),(112377,3,'57829200_1387982682','accessories/shoes/borgha-ankle-boot-541.html','accessories/shoes/borgha-ankle-boot-546.html',0,'RP',NULL,20,431),(112379,3,'60329500_1387982682','hana-flat-charcoal-542.html','hana-flat-charcoal-547.html',0,'RP',NULL,NULL,432),(112381,3,'63029700_1387982682','accessories/shoes/hana-flat-charcoal-542.html','accessories/shoes/hana-flat-charcoal-547.html',0,'RP',NULL,20,432),(112383,3,'65530000_1387982682','dorian-preforated-oxford-543.html','dorian-preforated-oxford-548.html',0,'RP',NULL,NULL,433),(112385,3,'68230200_1387982682','accessories/shoes/dorian-preforated-oxford-543.html','accessories/shoes/dorian-preforated-oxford-548.html',0,'RP',NULL,20,433),(112387,3,'70130400_1387982682','wingtip-cognac-oxford-544.html','wingtip-cognac-oxford-549.html',0,'RP',NULL,NULL,434),(112389,3,'72530700_1387982682','accessories/shoes/wingtip-cognac-oxford-544.html','accessories/shoes/wingtip-cognac-oxford-549.html',0,'RP',NULL,20,434),(112391,3,'75631000_1387982682','suede-loafer-navy-545.html','suede-loafer-navy-550.html',0,'RP',NULL,NULL,435),(112393,3,'78031200_1387982682','accessories/shoes/suede-loafer-navy-545.html','accessories/shoes/suede-loafer-navy-550.html',0,'RP',NULL,20,435),(112395,3,'80231400_1387982682','classic-hardshell-suitcase-581.html','classic-hardshell-suitcase-583.html',0,'RP',NULL,NULL,436),(112397,3,'82231600_1387982682','accessories/bags-luggage/classic-hardshell-suitcase-480.html','accessories/bags-luggage/classic-hardshell-suitcase-482.html',0,'RP',NULL,21,436),(112399,3,'84331900_1387982682','modern-murray-ceramic-vase-478.html','modern-murray-ceramic-vase-480.html',0,'RP',NULL,NULL,437),(112402,3,'87732200_1387982682','home-decor/decorative-accents/modern-murray-ceramic-vase-478.html','home-decor/decorative-accents/modern-murray-ceramic-vase-480.html',0,'RP',NULL,25,437),(112430,3,'10234400_1387982683','khaki-bowery-chino-pants-549.html','khaki-bowery-chino-pants-555.html',0,'RP',NULL,NULL,457),(112432,3,'11934600_1387982683','khaki-bowery-chino-pants-550.html','khaki-bowery-chino-pants-556.html',0,'RP',NULL,NULL,458),(112434,3,'14234800_1387982683','khaki-bowery-chino-pants-551.html','khaki-bowery-chino-pants-557.html',0,'RP',NULL,NULL,459),(112436,3,'16335100_1387982683','bowery-chino-pants-537.html','bowery-chino-pants-542.html',0,'RP',NULL,NULL,475),(112440,3,'20235400_1387982683','bowery-chino-pants-538.html','bowery-chino-pants-543.html',0,'RP',NULL,NULL,478),(112443,3,'22735700_1387982683','khaki-bowery-chino-pants-552.html','khaki-bowery-chino-pants-558.html',0,'RP',NULL,NULL,480),(112445,3,'24935900_1387982683','khaki-bowery-chino-pants-553.html','khaki-bowery-chino-pants-559.html',0,'RP',NULL,NULL,481),(112447,3,'27436200_1387982683','khaki-bowery-chino-pants-554.html','khaki-bowery-chino-pants-560.html',0,'RP',NULL,NULL,482),(112449,3,'30036400_1387982683','chelsea-tee-687.html','chelsea-tee-704.html',0,'RP',NULL,NULL,483),(112451,3,'31936600_1387982683','chelsea-tee-688.html','chelsea-tee-705.html',0,'RP',NULL,NULL,484),(112453,3,'34236800_1387982683','chelsea-tee-689.html','chelsea-tee-706.html',0,'RP',NULL,NULL,485),(112455,3,'36437100_1387982683','chelsea-tee-690.html','chelsea-tee-707.html',0,'RP',NULL,NULL,486),(112457,3,'38937300_1387982683','chelsea-tee-691.html','chelsea-tee-708.html',0,'RP',NULL,NULL,487),(112459,3,'40937500_1387982683','chelsea-tee-692.html','chelsea-tee-709.html',0,'RP',NULL,NULL,488),(112461,3,'43137700_1387982683','chelsea-tee-693.html','chelsea-tee-710.html',0,'RP',NULL,NULL,489),(112463,3,'45438000_1387982683','chelsea-tee-694.html','chelsea-tee-711.html',0,'RP',NULL,NULL,490),(112465,3,'47338200_1387982683','chelsea-tee-695.html','chelsea-tee-712.html',0,'RP',NULL,NULL,491),(112467,3,'49638400_1387982683','merino-v-neck-pullover-sweater-552.html','merino-v-neck-pullover-sweater-557.html',0,'RP',NULL,NULL,492),(112469,3,'51738600_1387982683','merino-v-neck-pullover-sweater-553.html','merino-v-neck-pullover-sweater-558.html',0,'RP',NULL,NULL,493),(112471,3,'53738800_1387982683','lexington-cardigan-sweater-557.html','lexington-cardigan-sweater-562.html',0,'RP',NULL,NULL,494),(112473,3,'55539000_1387982683','lexington-cardigan-sweater-558.html','lexington-cardigan-sweater-563.html',0,'RP',NULL,NULL,495),(112475,3,'57839200_1387982683','core-striped-sport-shirt-544.html','core-striped-sport-shirt-548.html',0,'RP',NULL,NULL,496),(112478,3,'60339500_1387982683','french-cuff-cotton-twill-oxford-561.html','french-cuff-cotton-twill-oxford-566.html',0,'RP',NULL,NULL,498),(112480,3,'62139600_1387982683','french-cuff-cotton-twill-oxford-562.html','french-cuff-cotton-twill-oxford-567.html',0,'RP',NULL,NULL,499),(112482,3,'64439900_1387982683','slim-fit-dobby-oxford-shirt-563.html','slim-fit-dobby-oxford-shirt-568.html',0,'RP',NULL,NULL,500),(112484,3,'66640100_1387982683','slim-fit-dobby-oxford-shirt-564.html','slim-fit-dobby-oxford-shirt-569.html',0,'RP',NULL,NULL,501),(112486,3,'69140300_1387982683','plaid-cotton-shirt-565.html','plaid-cotton-shirt-570.html',0,'RP',NULL,NULL,502),(112488,3,'71440600_1387982683','plaid-cotton-shirt-566.html','plaid-cotton-shirt-571.html',0,'RP',NULL,NULL,503),(112492,3,'74540900_1387982683','sullivan-sport-coat-519.html','sullivan-sport-coat-520.html',0,'RP',NULL,NULL,505),(112494,3,'76141000_1387982683','men/blazers/sullivan-sport-coat-517.html','men/blazers/sullivan-sport-coat-518.html',0,'RP',NULL,40,505),(112496,3,'78241200_1387982683','linen-blazer-576.html','linen-blazer-581.html',0,'RP',NULL,NULL,506),(112498,3,'80641500_1387982683','men/blazers/linen-blazer-566.html','men/blazers/linen-blazer-571.html',0,'RP',NULL,40,506),(112500,3,'82641700_1387982683','linen-blazer-577.html','linen-blazer-582.html',0,'RP',NULL,NULL,507),(112502,3,'84841900_1387982683','men/blazers/linen-blazer-567.html','men/blazers/linen-blazer-572.html',0,'RP',NULL,40,507),(112504,3,'86542100_1387982683','stretch-cotton-blazer-578.html','stretch-cotton-blazer-583.html',0,'RP',NULL,NULL,508),(112506,3,'88842300_1387982683','men/blazers/stretch-cotton-blazer-568.html','men/blazers/stretch-cotton-blazer-573.html',0,'RP',NULL,40,508),(112508,3,'91242500_1387982683','stretch-cotton-blazer-579.html','stretch-cotton-blazer-584.html',0,'RP',NULL,NULL,509),(112510,3,'93342800_1387982683','men/blazers/stretch-cotton-blazer-569.html','men/blazers/stretch-cotton-blazer-574.html',0,'RP',NULL,40,509),(112512,3,'95943000_1387982683','nolita-cami-573.html','nolita-cami-578.html',0,'RP',NULL,NULL,510),(112514,3,'97843200_1387982683','nolita-cami-574.html','nolita-cami-579.html',0,'RP',NULL,NULL,511),(112516,3,'99543400_1387982683','tori-tank-572.html','tori-tank-577.html',0,'RP',NULL,NULL,512),(112518,3,'01643600_1387982684','tori-tank-573.html','tori-tank-578.html',0,'RP',NULL,NULL,513),(112520,3,'03943800_1387982684','delancy-cardigan-sweater-574.html','delancy-cardigan-sweater-579.html',0,'RP',NULL,NULL,514),(112522,3,'06444100_1387982684','delancy-cardigan-sweater-575.html','delancy-cardigan-sweater-580.html',0,'RP',NULL,NULL,515),(112524,3,'07944200_1387982684','ludlow-oxford-top-576.html','ludlow-oxford-top-581.html',0,'RP',NULL,NULL,516),(112526,3,'12144600_1387982684','ludlow-oxford-top-577.html','ludlow-oxford-top-582.html',0,'RP',NULL,NULL,517),(112528,3,'14844900_1387982684','elizabeth-knit-top-578.html','elizabeth-knit-top-583.html',0,'RP',NULL,NULL,518),(112530,3,'18045200_1387982684','elizabeth-knit-top-579.html','elizabeth-knit-top-584.html',0,'RP',NULL,NULL,519),(112532,3,'20645500_1387982684','dumbo-boyfriend-jean-630.html','dumbo-boyfriend-jean-637.html',0,'RP',NULL,NULL,520),(112534,3,'23445800_1387982684','dumbo-boyfriend-jean-631.html','dumbo-boyfriend-jean-638.html',0,'RP',NULL,NULL,521),(112536,3,'25346000_1387982684','dumbo-boyfriend-jean-632.html','dumbo-boyfriend-jean-639.html',0,'RP',NULL,NULL,522),(112538,3,'27346200_1387982684','dumbo-boyfriend-jean-633.html','dumbo-boyfriend-jean-640.html',0,'RP',NULL,NULL,523),(112540,3,'30046400_1387982684','dumbo-boyfriend-jean-634.html','dumbo-boyfriend-jean-641.html',0,'RP',NULL,NULL,524),(112542,3,'32246600_1387982684','dumbo-boyfriend-jean-635.html','dumbo-boyfriend-jean-642.html',0,'RP',NULL,NULL,525),(112544,3,'42047600_1387982684','dumbo-boyfriend-jean-636.html','dumbo-boyfriend-jean-643.html',0,'RP',NULL,NULL,526),(112546,3,'45047900_1387982684','tribeca-skinny-jean-636.html','tribeca-skinny-jean-643.html',0,'RP',NULL,NULL,527),(112548,3,'47648200_1387982684','tribeca-skinny-jean-637.html','tribeca-skinny-jean-644.html',0,'RP',NULL,NULL,528),(112550,3,'51048500_1387982684','tribeca-skinny-jean-638.html','tribeca-skinny-jean-645.html',0,'RP',NULL,NULL,529),(112552,3,'54048800_1387982684','tribeca-skinny-jean-639.html','tribeca-skinny-jean-646.html',0,'RP',NULL,NULL,530),(112554,3,'56649100_1387982684','tribeca-skinny-jean-640.html','tribeca-skinny-jean-647.html',0,'RP',NULL,NULL,531),(112556,3,'59449400_1387982684','tribeca-skinny-jean-641.html','tribeca-skinny-jean-648.html',0,'RP',NULL,NULL,532),(112558,3,'62049600_1387982684','tribeca-skinny-jean-642.html','tribeca-skinny-jean-649.html',0,'RP',NULL,NULL,533),(112560,3,'64749900_1387982684','park-avenue-pleat-front-trousers-654.html','park-avenue-pleat-front-trousers-664.html',0,'RP',NULL,NULL,534),(112562,3,'67650200_1387982684','park-avenue-pleat-front-trousers-655.html','park-avenue-pleat-front-trousers-665.html',0,'RP',NULL,NULL,535),(112564,3,'69850400_1387982684','park-avenue-pleat-front-trousers-656.html','park-avenue-pleat-front-trousers-666.html',0,'RP',NULL,NULL,536),(112566,3,'72850700_1387982684','park-avenue-pleat-front-trousers-657.html','park-avenue-pleat-front-trousers-667.html',0,'RP',NULL,NULL,537),(112568,3,'75751000_1387982684','park-avenue-pleat-front-trousers-658.html','park-avenue-pleat-front-trousers-668.html',0,'RP',NULL,NULL,538),(112570,3,'78751300_1387982684','racer-back-maxi-dress-599.html','racer-back-maxi-dress-604.html',0,'RP',NULL,NULL,539),(112572,3,'81551600_1387982684','racer-back-maxi-dress-600.html','racer-back-maxi-dress-605.html',0,'RP',NULL,NULL,540),(112574,3,'84151800_1387982684','classic-hardshell-suitcase-577.html','classic-hardshell-suitcase-584.html',0,'RP',NULL,NULL,541),(112614,3,'12354700_1387982685','black-nolita-cami-879.html','black-nolita-cami-880.html',0,'RP',NULL,NULL,878),(112618,1,'product/883/4','women/my-configurable-product.html','catalog/product/view/id/883/category/4',1,NULL,NULL,4,883),(112619,1,'product/883','my-configurable-product.html','catalog/product/view/id/883',1,NULL,NULL,NULL,883),(112620,2,'product/883/4','women/my-configurable-product.html','catalog/product/view/id/883/category/4',1,NULL,NULL,4,883),(112621,2,'product/883','my-configurable-product.html','catalog/product/view/id/883',1,NULL,NULL,NULL,883),(112622,3,'product/883/4','women/my-configurable-product.html','catalog/product/view/id/883/category/4',1,NULL,NULL,4,883),(112623,3,'product/883','my-configurable-product.html','catalog/product/view/id/883',1,NULL,NULL,NULL,883);

--
-- Table structure for table `core_variable`
--

CREATE TABLE `core_variable` (
  `variable_id` int(10) unsigned NOT NULL AUTO_INCREMENT COMMENT 'Variable Id',
  `code` varchar(255) DEFAULT NULL COMMENT 'Variable Code',
  `name` varchar(255) DEFAULT NULL COMMENT 'Variable Name',
  PRIMARY KEY (`variable_id`),
  UNIQUE KEY `UNQ_CORE_VARIABLE_CODE` (`code`)
) ENGINE=InnoDB DEFAULT CHARSET=utf8 COMMENT='Variables';

--
-- Dumping data for table `core_variable`
--


--
-- Table structure for table `core_variable_value`
--

CREATE TABLE `core_variable_value` (
  `value_id` int(10) unsigned NOT NULL AUTO_INCREMENT COMMENT 'Variable Value Id',
  `variable_id` int(10) unsigned NOT NULL DEFAULT '0' COMMENT 'Variable Id',
  `store_id` smallint(5) unsigned NOT NULL DEFAULT '0' COMMENT 'Store Id',
  `plain_value` text COMMENT 'Plain Text Value',
  `html_value` text COMMENT 'Html Value',
  PRIMARY KEY (`value_id`),
  UNIQUE KEY `UNQ_CORE_VARIABLE_VALUE_VARIABLE_ID_STORE_ID` (`variable_id`,`store_id`),
  KEY `IDX_CORE_VARIABLE_VALUE_VARIABLE_ID` (`variable_id`),
  KEY `IDX_CORE_VARIABLE_VALUE_STORE_ID` (`store_id`),
  CONSTRAINT `FK_CORE_VARIABLE_VALUE_STORE_ID_CORE_STORE_STORE_ID` FOREIGN KEY (`store_id`) REFERENCES `core_store` (`store_id`) ON DELETE CASCADE ON UPDATE CASCADE,
  CONSTRAINT `FK_CORE_VARIABLE_VALUE_VARIABLE_ID_CORE_VARIABLE_VARIABLE_ID` FOREIGN KEY (`variable_id`) REFERENCES `core_variable` (`variable_id`) ON DELETE CASCADE ON UPDATE CASCADE
) ENGINE=InnoDB DEFAULT CHARSET=utf8 COMMENT='Variable Value';

--
-- Dumping data for table `core_variable_value`
--


--
-- Table structure for table `core_website`
--

CREATE TABLE `core_website` (
  `website_id` smallint(5) unsigned NOT NULL AUTO_INCREMENT COMMENT 'Website Id',
  `code` varchar(32) DEFAULT NULL COMMENT 'Code',
  `name` varchar(64) DEFAULT NULL COMMENT 'Website Name',
  `sort_order` smallint(5) unsigned NOT NULL DEFAULT '0' COMMENT 'Sort Order',
  `default_group_id` smallint(5) unsigned NOT NULL DEFAULT '0' COMMENT 'Default Group Id',
  `is_default` smallint(5) unsigned DEFAULT '0' COMMENT 'Defines Is Website Default',
  `is_staging` tinyint(1) NOT NULL DEFAULT '0' COMMENT 'Is Staging Flag',
  `master_login` varchar(40) DEFAULT NULL COMMENT 'Master Login',
  `master_password` varchar(100) DEFAULT NULL COMMENT 'Master Password',
  `visibility` varchar(40) DEFAULT NULL COMMENT 'Visibility',
  PRIMARY KEY (`website_id`),
  UNIQUE KEY `UNQ_CORE_WEBSITE_CODE` (`code`),
  KEY `IDX_CORE_WEBSITE_SORT_ORDER` (`sort_order`),
  KEY `IDX_CORE_WEBSITE_DEFAULT_GROUP_ID` (`default_group_id`)
) ENGINE=InnoDB AUTO_INCREMENT=4 DEFAULT CHARSET=utf8 COMMENT='Websites';

--
-- Dumping data for table `core_website`
--

INSERT INTO `core_website` VALUES (0,'admin','Admin',0,0,0,0,NULL,NULL,NULL),(1,'base','Main Website',0,1,1,0,NULL,NULL,NULL);

--
-- Table structure for table `coupon_aggregated`
--

CREATE TABLE `coupon_aggregated` (
  `id` int(10) unsigned NOT NULL AUTO_INCREMENT COMMENT 'Id',
  `period` date NOT NULL COMMENT 'Period',
  `store_id` smallint(5) unsigned DEFAULT NULL COMMENT 'Store Id',
  `order_status` varchar(50) DEFAULT NULL COMMENT 'Order Status',
  `coupon_code` varchar(50) DEFAULT NULL COMMENT 'Coupon Code',
  `coupon_uses` int(11) NOT NULL DEFAULT '0' COMMENT 'Coupon Uses',
  `subtotal_amount` decimal(12,4) NOT NULL DEFAULT '0.0000' COMMENT 'Subtotal Amount',
  `discount_amount` decimal(12,4) NOT NULL DEFAULT '0.0000' COMMENT 'Discount Amount',
  `total_amount` decimal(12,4) NOT NULL DEFAULT '0.0000' COMMENT 'Total Amount',
  `subtotal_amount_actual` decimal(12,4) NOT NULL DEFAULT '0.0000' COMMENT 'Subtotal Amount Actual',
  `discount_amount_actual` decimal(12,4) NOT NULL DEFAULT '0.0000' COMMENT 'Discount Amount Actual',
  `total_amount_actual` decimal(12,4) NOT NULL DEFAULT '0.0000' COMMENT 'Total Amount Actual',
  `rule_name` varchar(255) DEFAULT NULL COMMENT 'Rule Name',
  PRIMARY KEY (`id`),
  UNIQUE KEY `UNQ_COUPON_AGGREGATED_PERIOD_STORE_ID_ORDER_STATUS_COUPON_CODE` (`period`,`store_id`,`order_status`,`coupon_code`),
  KEY `IDX_COUPON_AGGREGATED_STORE_ID` (`store_id`),
  KEY `IDX_COUPON_AGGREGATED_RULE_NAME` (`rule_name`),
  CONSTRAINT `FK_COUPON_AGGREGATED_STORE_ID_CORE_STORE_STORE_ID` FOREIGN KEY (`store_id`) REFERENCES `core_store` (`store_id`) ON DELETE CASCADE ON UPDATE CASCADE
) ENGINE=InnoDB AUTO_INCREMENT=25 DEFAULT CHARSET=utf8 COMMENT='Coupon Aggregated';

--
-- Dumping data for table `coupon_aggregated`
--

INSERT INTO `coupon_aggregated` VALUES (1,'2013-04-11',1,'complete','WHL20OFF',1,6786.0000,1357.2000,5428.8000,6786.0000,1357.2000,5428.8000,'provide 20% off on the product discount and 4 reward points'),(2,'2013-04-11',0,'complete','WHL20OFF',1,6786.0000,1357.2000,5428.8000,6786.0000,1357.2000,5428.8000,'provide 20% off on the product discount and 4 reward points'),(3,'2013-04-17',1,'complete','WHL20OFF',1,6600.0000,1320.0000,5280.0000,6600.0000,1320.0000,5280.0000,'provide 20% off on the product discount and 4 reward points'),(4,'2013-04-17',0,'complete','WHL20OFF',1,6600.0000,1320.0000,5280.0000,6600.0000,1320.0000,5280.0000,'provide 20% off on the product discount and 4 reward points'),(5,'2013-04-22',1,'pending','GEN25OFF',1,485.0000,121.2500,363.7500,0.0000,0.0000,0.0000,'Provide 25% off on the product'),(6,'2013-04-22',1,'pending','VIP25OFF',1,550.0000,25.0000,525.0000,0.0000,0.0000,0.0000,'Provide $25 off on whole shopping cart.'),(8,'2013-04-22',0,'pending','GEN25OFF',1,485.0000,121.2500,363.7500,0.0000,0.0000,0.0000,'Provide 25% off on the product'),(9,'2013-04-22',0,'pending','VIP25OFF',1,550.0000,25.0000,525.0000,0.0000,0.0000,0.0000,'Provide $25 off on whole shopping cart.'),(17,'2013-04-23',1,'pending','RTL25OFF',1,3400.0000,850.0000,2550.0000,0.0000,0.0000,0.0000,'Provide 25% off on the product price discount '),(18,'2013-04-23',1,'pending','RTL45OFF',1,900.0000,45.0000,855.0000,0.0000,0.0000,0.0000,'$45 fixed amount discount on the whole cart.'),(19,'2013-04-23',1,'pending','WHL20OFF',1,13365.0000,2673.0000,10692.0000,0.0000,0.0000,0.0000,'provide 20% off on the product discount and 4 reward points'),(20,'2013-04-23',0,'pending','RTL25OFF',1,3400.0000,850.0000,2550.0000,0.0000,0.0000,0.0000,'Provide 25% off on the product price discount '),(21,'2013-04-23',0,'pending','RTL45OFF',1,900.0000,45.0000,855.0000,0.0000,0.0000,0.0000,'$45 fixed amount discount on the whole cart.'),(22,'2013-04-23',0,'pending','WHL20OFF',1,13365.0000,2673.0000,10692.0000,0.0000,0.0000,0.0000,'provide 20% off on the product discount and 4 reward points'),(23,'2013-04-25',1,'complete','WHL20OFF',2,41470.0000,8294.0000,33176.0000,41470.0000,8294.0000,33176.0000,'provide 20% off on the product discount and 4 reward points'),(24,'2013-04-25',0,'complete','WHL20OFF',2,41470.0000,8294.0000,33176.0000,41470.0000,8294.0000,33176.0000,'provide 20% off on the product discount and 4 reward points');

--
-- Table structure for table `coupon_aggregated_order`
--

CREATE TABLE `coupon_aggregated_order` (
  `id` int(10) unsigned NOT NULL AUTO_INCREMENT COMMENT 'Id',
  `period` date NOT NULL COMMENT 'Period',
  `store_id` smallint(5) unsigned DEFAULT NULL COMMENT 'Store Id',
  `order_status` varchar(50) DEFAULT NULL COMMENT 'Order Status',
  `coupon_code` varchar(50) DEFAULT NULL COMMENT 'Coupon Code',
  `coupon_uses` int(11) NOT NULL DEFAULT '0' COMMENT 'Coupon Uses',
  `subtotal_amount` decimal(12,4) NOT NULL DEFAULT '0.0000' COMMENT 'Subtotal Amount',
  `discount_amount` decimal(12,4) NOT NULL DEFAULT '0.0000' COMMENT 'Discount Amount',
  `total_amount` decimal(12,4) NOT NULL DEFAULT '0.0000' COMMENT 'Total Amount',
  `rule_name` varchar(255) DEFAULT NULL COMMENT 'Rule Name',
  PRIMARY KEY (`id`),
  UNIQUE KEY `UNQ_COUPON_AGGRED_ORDER_PERIOD_STORE_ID_ORDER_STS_COUPON_CODE` (`period`,`store_id`,`order_status`,`coupon_code`),
  KEY `IDX_COUPON_AGGREGATED_ORDER_STORE_ID` (`store_id`),
  KEY `IDX_COUPON_AGGREGATED_ORDER_RULE_NAME` (`rule_name`),
  CONSTRAINT `FK_COUPON_AGGREGATED_ORDER_STORE_ID_CORE_STORE_STORE_ID` FOREIGN KEY (`store_id`) REFERENCES `core_store` (`store_id`) ON DELETE CASCADE ON UPDATE CASCADE
) ENGINE=InnoDB DEFAULT CHARSET=utf8 COMMENT='Coupon Aggregated Order';

--
-- Dumping data for table `coupon_aggregated_order`
--


--
-- Table structure for table `coupon_aggregated_updated`
--

CREATE TABLE `coupon_aggregated_updated` (
  `id` int(10) unsigned NOT NULL AUTO_INCREMENT COMMENT 'Id',
  `period` date NOT NULL COMMENT 'Period',
  `store_id` smallint(5) unsigned DEFAULT NULL COMMENT 'Store Id',
  `order_status` varchar(50) DEFAULT NULL COMMENT 'Order Status',
  `coupon_code` varchar(50) DEFAULT NULL COMMENT 'Coupon Code',
  `coupon_uses` int(11) NOT NULL DEFAULT '0' COMMENT 'Coupon Uses',
  `subtotal_amount` decimal(12,4) NOT NULL DEFAULT '0.0000' COMMENT 'Subtotal Amount',
  `discount_amount` decimal(12,4) NOT NULL DEFAULT '0.0000' COMMENT 'Discount Amount',
  `total_amount` decimal(12,4) NOT NULL DEFAULT '0.0000' COMMENT 'Total Amount',
  `subtotal_amount_actual` decimal(12,4) NOT NULL DEFAULT '0.0000' COMMENT 'Subtotal Amount Actual',
  `discount_amount_actual` decimal(12,4) NOT NULL DEFAULT '0.0000' COMMENT 'Discount Amount Actual',
  `total_amount_actual` decimal(12,4) NOT NULL DEFAULT '0.0000' COMMENT 'Total Amount Actual',
  `rule_name` varchar(255) DEFAULT NULL COMMENT 'Rule Name',
  PRIMARY KEY (`id`),
  UNIQUE KEY `UNQ_COUPON_AGGRED_UPDATED_PERIOD_STORE_ID_ORDER_STS_COUPON_CODE` (`period`,`store_id`,`order_status`,`coupon_code`),
  KEY `IDX_COUPON_AGGREGATED_UPDATED_STORE_ID` (`store_id`),
  KEY `IDX_COUPON_AGGREGATED_UPDATED_RULE_NAME` (`rule_name`),
  CONSTRAINT `FK_COUPON_AGGREGATED_UPDATED_STORE_ID_CORE_STORE_STORE_ID` FOREIGN KEY (`store_id`) REFERENCES `core_store` (`store_id`) ON DELETE CASCADE ON UPDATE CASCADE
) ENGINE=InnoDB AUTO_INCREMENT=25 DEFAULT CHARSET=utf8 COMMENT='Coupon Aggregated Updated';

--
-- Dumping data for table `coupon_aggregated_updated`
--

INSERT INTO `coupon_aggregated_updated` VALUES (1,'2013-04-11',1,'complete','WHL20OFF',1,6786.0000,1357.2000,5428.8000,6786.0000,1357.2000,5428.8000,'provide 20% off on the product discount and 4 reward points'),(2,'2013-04-11',0,'complete','WHL20OFF',1,6786.0000,1357.2000,5428.8000,6786.0000,1357.2000,5428.8000,'provide 20% off on the product discount and 4 reward points'),(3,'2013-04-17',1,'complete','WHL20OFF',1,6600.0000,1320.0000,5280.0000,6600.0000,1320.0000,5280.0000,'provide 20% off on the product discount and 4 reward points'),(4,'2013-04-17',0,'complete','WHL20OFF',1,6600.0000,1320.0000,5280.0000,6600.0000,1320.0000,5280.0000,'provide 20% off on the product discount and 4 reward points'),(5,'2013-04-22',1,'pending','GEN25OFF',1,485.0000,121.2500,363.7500,0.0000,0.0000,0.0000,'Provide 25% off on the product'),(6,'2013-04-22',1,'pending','VIP25OFF',1,550.0000,25.0000,525.0000,0.0000,0.0000,0.0000,'Provide $25 off on whole shopping cart.'),(8,'2013-04-22',0,'pending','GEN25OFF',1,485.0000,121.2500,363.7500,0.0000,0.0000,0.0000,'Provide 25% off on the product'),(9,'2013-04-22',0,'pending','VIP25OFF',1,550.0000,25.0000,525.0000,0.0000,0.0000,0.0000,'Provide $25 off on whole shopping cart.'),(17,'2013-04-23',1,'pending','RTL25OFF',1,3400.0000,850.0000,2550.0000,0.0000,0.0000,0.0000,'Provide 25% off on the product price discount '),(18,'2013-04-23',1,'pending','RTL45OFF',1,900.0000,45.0000,855.0000,0.0000,0.0000,0.0000,'$45 fixed amount discount on the whole cart.'),(19,'2013-04-23',1,'pending','WHL20OFF',1,13365.0000,2673.0000,10692.0000,0.0000,0.0000,0.0000,'provide 20% off on the product discount and 4 reward points'),(20,'2013-04-23',0,'pending','RTL25OFF',1,3400.0000,850.0000,2550.0000,0.0000,0.0000,0.0000,'Provide 25% off on the product price discount '),(21,'2013-04-23',0,'pending','RTL45OFF',1,900.0000,45.0000,855.0000,0.0000,0.0000,0.0000,'$45 fixed amount discount on the whole cart.'),(22,'2013-04-23',0,'pending','WHL20OFF',1,13365.0000,2673.0000,10692.0000,0.0000,0.0000,0.0000,'provide 20% off on the product discount and 4 reward points'),(23,'2013-04-25',1,'complete','WHL20OFF',2,41470.0000,8294.0000,33176.0000,41470.0000,8294.0000,33176.0000,'provide 20% off on the product discount and 4 reward points'),(24,'2013-04-25',0,'complete','WHL20OFF',2,41470.0000,8294.0000,33176.0000,41470.0000,8294.0000,33176.0000,'provide 20% off on the product discount and 4 reward points');

--
-- Table structure for table `cron_schedule`
--

CREATE TABLE `cron_schedule` (
  `schedule_id` int(10) unsigned NOT NULL AUTO_INCREMENT COMMENT 'Schedule Id',
  `job_code` varchar(255) NOT NULL DEFAULT '0' COMMENT 'Job Code',
  `status` varchar(7) NOT NULL DEFAULT 'pending' COMMENT 'Status',
  `messages` text COMMENT 'Messages',
  `created_at` timestamp NOT NULL DEFAULT CURRENT_TIMESTAMP ON UPDATE CURRENT_TIMESTAMP COMMENT 'Created At',
  `scheduled_at` timestamp NULL DEFAULT NULL COMMENT 'Scheduled At',
  `executed_at` timestamp NULL DEFAULT NULL COMMENT 'Executed At',
  `finished_at` timestamp NULL DEFAULT NULL COMMENT 'Finished At',
  PRIMARY KEY (`schedule_id`),
  KEY `IDX_CRON_SCHEDULE_JOB_CODE` (`job_code`),
  KEY `IDX_CRON_SCHEDULE_SCHEDULED_AT_STATUS` (`scheduled_at`,`status`)
) ENGINE=InnoDB DEFAULT CHARSET=utf8 COMMENT='Cron Schedule';

--
-- Dumping data for table `cron_schedule`
--


--
-- Table structure for table `customer_address_entity`
--

CREATE TABLE `customer_address_entity` (
  `entity_id` int(10) unsigned NOT NULL AUTO_INCREMENT COMMENT 'Entity Id',
  `entity_type_id` smallint(5) unsigned NOT NULL DEFAULT '0' COMMENT 'Entity Type Id',
  `attribute_set_id` smallint(5) unsigned NOT NULL DEFAULT '0' COMMENT 'Attribute Set Id',
  `increment_id` varchar(50) DEFAULT NULL COMMENT 'Increment Id',
  `parent_id` int(10) unsigned DEFAULT NULL COMMENT 'Parent Id',
  `created_at` timestamp NOT NULL DEFAULT CURRENT_TIMESTAMP ON UPDATE CURRENT_TIMESTAMP COMMENT 'Created At',
  `updated_at` timestamp NOT NULL DEFAULT '0000-00-00 00:00:00' COMMENT 'Updated At',
  `is_active` smallint(5) unsigned NOT NULL DEFAULT '1' COMMENT 'Is Active',
  PRIMARY KEY (`entity_id`),
  KEY `IDX_CUSTOMER_ADDRESS_ENTITY_PARENT_ID` (`parent_id`),
  CONSTRAINT `FK_CUSTOMER_ADDRESS_ENTITY_PARENT_ID_CUSTOMER_ENTITY_ENTITY_ID` FOREIGN KEY (`parent_id`) REFERENCES `customer_entity` (`entity_id`) ON DELETE CASCADE ON UPDATE CASCADE
) ENGINE=InnoDB AUTO_INCREMENT=96 DEFAULT CHARSET=utf8 COMMENT='Customer Address Entity';

--
-- Dumping data for table `customer_address_entity`
--

INSERT INTO `customer_address_entity` VALUES (18,2,0,NULL,24,'2013-03-28 18:57:17','2013-06-24 14:52:50',1),(19,2,0,NULL,25,'2013-03-28 18:59:41','2013-06-24 14:52:27',1),(20,2,0,NULL,26,'2013-03-28 19:03:34','2013-06-24 14:52:10',1),(21,2,0,NULL,27,'2013-03-28 19:11:42','2013-06-24 14:51:45',1),(22,2,0,NULL,28,'2013-03-28 19:19:04','2013-06-24 14:51:27',1),(23,2,0,NULL,29,'2013-03-28 19:22:51','2013-06-24 14:51:06',1),(24,2,0,NULL,30,'2013-03-28 19:33:34','2013-06-24 14:50:48',1),(25,2,0,NULL,31,'2013-03-28 20:17:22','2013-06-24 14:50:30',1),(29,2,0,NULL,59,'2013-04-22 16:12:49','2013-06-24 14:50:14',1),(30,2,0,NULL,60,'2013-04-22 16:20:22','2013-06-24 14:49:53',1),(32,2,0,NULL,62,'2013-04-22 16:28:13','2013-06-24 14:49:34',1),(33,2,0,NULL,63,'2013-04-22 16:32:50','2013-06-24 14:49:19',1),(34,2,0,NULL,64,'2013-04-22 16:48:22','2013-06-24 14:49:04',1),(35,2,0,NULL,65,'2013-04-22 17:32:24','2013-06-24 14:48:44',1),(37,2,0,NULL,68,'2013-04-24 01:33:11','2013-06-24 14:48:23',1),(38,2,0,NULL,69,'2013-04-24 01:35:32','2013-06-24 14:48:08',1),(39,2,0,NULL,70,'2013-04-24 01:37:39','2013-06-24 14:47:52',1),(40,2,0,NULL,71,'2013-04-24 01:40:51','2013-06-24 14:47:35',1),(41,2,0,NULL,72,'2013-04-24 01:43:31','2013-06-24 14:47:20',1),(42,2,0,NULL,73,'2013-04-24 01:52:46','2013-06-24 14:47:02',1),(43,2,0,NULL,74,'2013-04-24 01:56:40','2013-06-24 14:46:46',1),(44,2,0,NULL,75,'2013-04-24 01:59:28','2013-06-24 14:46:31',1),(45,2,0,NULL,76,'2013-04-24 02:02:42','2013-06-24 14:45:49',1),(46,2,0,NULL,77,'2013-04-24 02:06:41','2013-06-24 14:45:31',1),(47,2,0,NULL,78,'2013-04-24 02:09:05','2013-06-24 14:45:01',1),(48,2,0,NULL,79,'2013-04-24 02:12:03','2013-06-24 14:42:08',1),(49,2,0,NULL,80,'2013-04-24 03:21:52','2013-06-24 14:40:50',1),(50,2,0,NULL,81,'2013-04-24 03:51:29','2013-06-24 14:40:30',1),(51,2,0,NULL,82,'2013-04-24 04:12:51','2013-06-24 14:40:12',1),(53,2,0,NULL,84,'2013-04-24 14:04:47','2013-06-24 14:39:56',1),(54,2,0,NULL,85,'2013-04-24 14:10:37','2013-06-24 14:39:34',1),(55,2,0,NULL,86,'2013-04-24 14:13:32','2013-06-24 14:39:04',1),(56,2,0,NULL,87,'2013-04-24 14:16:09','2013-06-24 14:38:48',1),(57,2,0,NULL,88,'2013-04-24 14:19:46','2013-06-24 14:38:33',1),(58,2,0,NULL,89,'2013-04-24 14:45:49','2013-06-24 14:38:15',1),(59,2,0,NULL,90,'2013-04-24 14:50:07','2013-06-24 14:37:53',1),(60,2,0,NULL,91,'2013-04-24 14:51:57','2013-06-24 14:37:35',1),(61,2,0,NULL,92,'2013-04-24 14:53:37','2013-06-24 14:32:15',1),(62,2,0,NULL,93,'2013-04-24 14:57:11','2013-06-24 14:31:56',1),(63,2,0,NULL,94,'2013-04-24 14:59:10','2013-06-24 14:31:34',1),(64,2,0,NULL,95,'2013-04-24 15:01:01','2013-06-24 14:31:09',1),(65,2,0,NULL,96,'2013-04-24 15:03:23','2013-06-24 14:30:56',1),(66,2,0,NULL,97,'2013-04-24 15:05:40','2013-06-24 14:30:43',1),(67,2,0,NULL,98,'2013-04-24 15:07:31','2013-06-24 14:30:29',1),(68,2,0,NULL,99,'2013-04-24 15:09:09','2013-06-24 14:30:15',1),(69,2,0,NULL,100,'2013-04-24 15:10:53','2013-06-24 14:30:02',1),(70,2,0,NULL,101,'2013-04-24 15:13:41','2013-06-24 14:29:44',1),(71,2,0,NULL,102,'2013-04-24 22:17:27','2013-12-25 10:03:36',1),(72,2,0,NULL,103,'2013-04-24 15:19:25','2013-06-24 14:55:08',1),(73,2,0,NULL,104,'2013-04-24 15:24:51','2013-06-24 14:21:12',1),(84,2,0,NULL,127,'2013-05-15 16:45:10','2013-06-24 14:20:58',1),(91,2,0,NULL,135,'2013-05-16 04:16:11','2013-06-24 14:20:46',1),(92,2,0,NULL,136,'2013-05-17 01:20:45','2014-05-03 21:36:47',1);

--
-- Table structure for table `customer_address_entity_datetime`
--

CREATE TABLE `customer_address_entity_datetime` (
  `value_id` int(11) NOT NULL AUTO_INCREMENT COMMENT 'Value Id',
  `entity_type_id` smallint(5) unsigned NOT NULL DEFAULT '0' COMMENT 'Entity Type Id',
  `attribute_id` smallint(5) unsigned NOT NULL DEFAULT '0' COMMENT 'Attribute Id',
  `entity_id` int(10) unsigned NOT NULL DEFAULT '0' COMMENT 'Entity Id',
  `value` datetime NOT NULL DEFAULT '0000-00-00 00:00:00' COMMENT 'Value',
  PRIMARY KEY (`value_id`),
  UNIQUE KEY `UNQ_CUSTOMER_ADDRESS_ENTITY_DATETIME_ENTITY_ID_ATTRIBUTE_ID` (`entity_id`,`attribute_id`),
  KEY `IDX_CUSTOMER_ADDRESS_ENTITY_DATETIME_ENTITY_TYPE_ID` (`entity_type_id`),
  KEY `IDX_CUSTOMER_ADDRESS_ENTITY_DATETIME_ATTRIBUTE_ID` (`attribute_id`),
  KEY `IDX_CUSTOMER_ADDRESS_ENTITY_DATETIME_ENTITY_ID` (`entity_id`),
  KEY `IDX_CSTR_ADDR_ENTT_DTIME_ENTT_ID_ATTR_ID_VAL` (`entity_id`,`attribute_id`,`value`),
  CONSTRAINT `FK_CSTR_ADDR_ENTT_DTIME_ATTR_ID_EAV_ATTR_ATTR_ID` FOREIGN KEY (`attribute_id`) REFERENCES `eav_attribute` (`attribute_id`) ON DELETE CASCADE ON UPDATE CASCADE,
  CONSTRAINT `FK_CSTR_ADDR_ENTT_DTIME_ENTT_ID_CSTR_ADDR_ENTT_ENTT_ID` FOREIGN KEY (`entity_id`) REFERENCES `customer_address_entity` (`entity_id`) ON DELETE CASCADE ON UPDATE CASCADE,
  CONSTRAINT `FK_CSTR_ADDR_ENTT_DTIME_ENTT_TYPE_ID_EAV_ENTT_TYPE_ENTT_TYPE_ID` FOREIGN KEY (`entity_type_id`) REFERENCES `eav_entity_type` (`entity_type_id`) ON DELETE CASCADE ON UPDATE CASCADE
) ENGINE=InnoDB DEFAULT CHARSET=utf8 COMMENT='Customer Address Entity Datetime';

--
-- Dumping data for table `customer_address_entity_datetime`
--


--
-- Table structure for table `customer_address_entity_decimal`
--

CREATE TABLE `customer_address_entity_decimal` (
  `value_id` int(11) NOT NULL AUTO_INCREMENT COMMENT 'Value Id',
  `entity_type_id` smallint(5) unsigned NOT NULL DEFAULT '0' COMMENT 'Entity Type Id',
  `attribute_id` smallint(5) unsigned NOT NULL DEFAULT '0' COMMENT 'Attribute Id',
  `entity_id` int(10) unsigned NOT NULL DEFAULT '0' COMMENT 'Entity Id',
  `value` decimal(12,4) NOT NULL DEFAULT '0.0000' COMMENT 'Value',
  PRIMARY KEY (`value_id`),
  UNIQUE KEY `UNQ_CUSTOMER_ADDRESS_ENTITY_DECIMAL_ENTITY_ID_ATTRIBUTE_ID` (`entity_id`,`attribute_id`),
  KEY `IDX_CUSTOMER_ADDRESS_ENTITY_DECIMAL_ENTITY_TYPE_ID` (`entity_type_id`),
  KEY `IDX_CUSTOMER_ADDRESS_ENTITY_DECIMAL_ATTRIBUTE_ID` (`attribute_id`),
  KEY `IDX_CUSTOMER_ADDRESS_ENTITY_DECIMAL_ENTITY_ID` (`entity_id`),
  KEY `IDX_CUSTOMER_ADDRESS_ENTITY_DECIMAL_ENTITY_ID_ATTRIBUTE_ID_VALUE` (`entity_id`,`attribute_id`,`value`),
  CONSTRAINT `FK_CSTR_ADDR_ENTT_DEC_ATTR_ID_EAV_ATTR_ATTR_ID` FOREIGN KEY (`attribute_id`) REFERENCES `eav_attribute` (`attribute_id`) ON DELETE CASCADE ON UPDATE CASCADE,
  CONSTRAINT `FK_CSTR_ADDR_ENTT_DEC_ENTT_ID_CSTR_ADDR_ENTT_ENTT_ID` FOREIGN KEY (`entity_id`) REFERENCES `customer_address_entity` (`entity_id`) ON DELETE CASCADE ON UPDATE CASCADE,
  CONSTRAINT `FK_CSTR_ADDR_ENTT_DEC_ENTT_TYPE_ID_EAV_ENTT_TYPE_ENTT_TYPE_ID` FOREIGN KEY (`entity_type_id`) REFERENCES `eav_entity_type` (`entity_type_id`) ON DELETE CASCADE ON UPDATE CASCADE
) ENGINE=InnoDB DEFAULT CHARSET=utf8 COMMENT='Customer Address Entity Decimal';

--
-- Dumping data for table `customer_address_entity_decimal`
--


--
-- Table structure for table `customer_address_entity_int`
--

CREATE TABLE `customer_address_entity_int` (
  `value_id` int(11) NOT NULL AUTO_INCREMENT COMMENT 'Value Id',
  `entity_type_id` smallint(5) unsigned NOT NULL DEFAULT '0' COMMENT 'Entity Type Id',
  `attribute_id` smallint(5) unsigned NOT NULL DEFAULT '0' COMMENT 'Attribute Id',
  `entity_id` int(10) unsigned NOT NULL DEFAULT '0' COMMENT 'Entity Id',
  `value` int(11) NOT NULL DEFAULT '0' COMMENT 'Value',
  PRIMARY KEY (`value_id`),
  UNIQUE KEY `UNQ_CUSTOMER_ADDRESS_ENTITY_INT_ENTITY_ID_ATTRIBUTE_ID` (`entity_id`,`attribute_id`),
  KEY `IDX_CUSTOMER_ADDRESS_ENTITY_INT_ENTITY_TYPE_ID` (`entity_type_id`),
  KEY `IDX_CUSTOMER_ADDRESS_ENTITY_INT_ATTRIBUTE_ID` (`attribute_id`),
  KEY `IDX_CUSTOMER_ADDRESS_ENTITY_INT_ENTITY_ID` (`entity_id`),
  KEY `IDX_CUSTOMER_ADDRESS_ENTITY_INT_ENTITY_ID_ATTRIBUTE_ID_VALUE` (`entity_id`,`attribute_id`,`value`),
  CONSTRAINT `FK_CSTR_ADDR_ENTT_INT_ATTR_ID_EAV_ATTR_ATTR_ID` FOREIGN KEY (`attribute_id`) REFERENCES `eav_attribute` (`attribute_id`) ON DELETE CASCADE ON UPDATE CASCADE,
  CONSTRAINT `FK_CSTR_ADDR_ENTT_INT_ENTT_ID_CSTR_ADDR_ENTT_ENTT_ID` FOREIGN KEY (`entity_id`) REFERENCES `customer_address_entity` (`entity_id`) ON DELETE CASCADE ON UPDATE CASCADE,
  CONSTRAINT `FK_CSTR_ADDR_ENTT_INT_ENTT_TYPE_ID_EAV_ENTT_TYPE_ENTT_TYPE_ID` FOREIGN KEY (`entity_type_id`) REFERENCES `eav_entity_type` (`entity_type_id`) ON DELETE CASCADE ON UPDATE CASCADE
) ENGINE=InnoDB AUTO_INCREMENT=180 DEFAULT CHARSET=utf8 COMMENT='Customer Address Entity Int';

--
-- Dumping data for table `customer_address_entity_int`
--

INSERT INTO `customer_address_entity_int` VALUES (24,2,29,18,41),(25,2,29,19,43),(26,2,29,20,41),(27,2,29,21,14),(28,2,29,22,32),(29,2,29,23,12),(30,2,29,24,57),(31,2,29,25,41),(93,2,29,29,12),(94,2,29,30,12),(96,2,29,32,0),(97,2,29,33,0),(98,2,29,34,18),(99,2,29,35,33),(102,2,29,37,129),(103,2,29,38,32),(104,2,29,39,41),(105,2,29,40,61),(106,2,29,41,58),(107,2,29,42,0),(108,2,29,43,51),(109,2,29,44,0),(110,2,29,45,39),(111,2,29,46,0),(112,2,29,47,29),(113,2,29,48,0),(114,2,29,49,33),(115,2,29,50,43),(116,2,29,51,43),(118,2,29,53,31),(119,2,29,54,4),(120,2,29,55,19),(122,2,29,56,23),(123,2,29,57,0),(124,2,29,58,37),(125,2,29,59,64),(126,2,29,60,61),(127,2,29,61,18),(128,2,29,62,54),(129,2,29,63,64),(130,2,29,64,24),(131,2,29,65,5),(132,2,29,66,39),(133,2,29,67,2),(134,2,29,68,47),(135,2,29,69,12),(136,2,29,70,0),(137,2,29,71,51),(138,2,29,72,0),(139,2,29,73,257),(163,2,29,84,12),(172,2,29,91,12),(175,2,29,92,12);

--
-- Table structure for table `customer_address_entity_text`
--

CREATE TABLE `customer_address_entity_text` (
  `value_id` int(11) NOT NULL AUTO_INCREMENT COMMENT 'Value Id',
  `entity_type_id` smallint(5) unsigned NOT NULL DEFAULT '0' COMMENT 'Entity Type Id',
  `attribute_id` smallint(5) unsigned NOT NULL DEFAULT '0' COMMENT 'Attribute Id',
  `entity_id` int(10) unsigned NOT NULL DEFAULT '0' COMMENT 'Entity Id',
  `value` text NOT NULL COMMENT 'Value',
  PRIMARY KEY (`value_id`),
  UNIQUE KEY `UNQ_CUSTOMER_ADDRESS_ENTITY_TEXT_ENTITY_ID_ATTRIBUTE_ID` (`entity_id`,`attribute_id`),
  KEY `IDX_CUSTOMER_ADDRESS_ENTITY_TEXT_ENTITY_TYPE_ID` (`entity_type_id`),
  KEY `IDX_CUSTOMER_ADDRESS_ENTITY_TEXT_ATTRIBUTE_ID` (`attribute_id`),
  KEY `IDX_CUSTOMER_ADDRESS_ENTITY_TEXT_ENTITY_ID` (`entity_id`),
  CONSTRAINT `FK_CSTR_ADDR_ENTT_TEXT_ATTR_ID_EAV_ATTR_ATTR_ID` FOREIGN KEY (`attribute_id`) REFERENCES `eav_attribute` (`attribute_id`) ON DELETE CASCADE ON UPDATE CASCADE,
  CONSTRAINT `FK_CSTR_ADDR_ENTT_TEXT_ENTT_ID_CSTR_ADDR_ENTT_ENTT_ID` FOREIGN KEY (`entity_id`) REFERENCES `customer_address_entity` (`entity_id`) ON DELETE CASCADE ON UPDATE CASCADE,
  CONSTRAINT `FK_CSTR_ADDR_ENTT_TEXT_ENTT_TYPE_ID_EAV_ENTT_TYPE_ENTT_TYPE_ID` FOREIGN KEY (`entity_type_id`) REFERENCES `eav_entity_type` (`entity_type_id`) ON DELETE CASCADE ON UPDATE CASCADE
) ENGINE=InnoDB AUTO_INCREMENT=97 DEFAULT CHARSET=utf8 COMMENT='Customer Address Entity Text';

--
-- Dumping data for table `customer_address_entity_text`
--

INSERT INTO `customer_address_entity_text` VALUES (19,2,25,18,'7 N Willow St'),(20,2,25,19,'120 W 34th st'),(21,2,25,20,'15th St'),(22,2,25,21,'6 Main Street'),(23,2,25,22,'Massachusetts Ave'),(24,2,25,23,'1849 Geary Boulevard'),(25,2,25,24,'1 Legends Way'),(26,2,25,25,'Hazel Street'),(30,2,25,29,'Disney land'),(31,2,25,30,'Los Angeles Center'),(33,2,25,32,'Deccan Road'),(34,2,25,33,'Bridge Street'),(35,2,25,34,'Disney Land'),(36,2,25,35,'Canal Street'),(38,2,25,37,'Administration of Zurich'),(39,2,25,38,'Boston Harbour'),(40,2,25,39,'17th North Willow St'),(41,2,25,40,'Beaver St'),(42,2,25,41,'Logan Street'),(43,2,25,42,'277 Orchard Road'),(44,2,25,43,'Penn Street'),(45,2,25,44,'Ader Main St'),(46,2,25,45,'Reno Center'),(47,2,25,46,'Sydney Oak Road'),(48,2,25,47,'Freeport Mall St'),(49,2,25,48,'Stockholm County'),(50,2,25,49,'Cold Water St'),(51,2,25,50,'34th Street'),(52,2,25,51,'30th St'),(54,2,25,53,'Great Church Road'),(55,2,25,54,'Washington Blvd'),(56,2,25,55,'Canal St'),(57,2,25,56,'Foam Road'),(58,2,25,57,'Woodland St'),(59,2,25,58,'Cinder Dale Terrace'),(60,2,25,59,'Merry St'),(61,2,25,60,'Grove Crossing'),(62,2,25,61,'Coffee Road'),(63,2,25,62,'Cotton Farm'),(64,2,25,63,'Canyon'),(65,2,25,64,'Orchard'),(66,2,25,65,'Rabbit Crossway'),(67,2,25,66,'Canal St'),(68,2,25,67,'Thunder River Boulevard'),(69,2,25,68,'Bride Path'),(70,2,25,69,'Main Street'),(71,2,25,70,'Airport Road'),(72,2,25,71,'Steel Crossway'),(73,2,25,72,'Rome Street'),(74,2,25,73,'Lake view st'),(85,2,25,84,'Coldwater Canyon Dr\nColdwater Canyon Dr'),(92,2,25,91,'10441 Jefferson Blvd, Suite 200'),(93,2,25,92,'10441 Jefferson Blvd, Suite 200');

--
-- Table structure for table `customer_address_entity_varchar`
--

CREATE TABLE `customer_address_entity_varchar` (
  `value_id` int(11) NOT NULL AUTO_INCREMENT COMMENT 'Value Id',
  `entity_type_id` smallint(5) unsigned NOT NULL DEFAULT '0' COMMENT 'Entity Type Id',
  `attribute_id` smallint(5) unsigned NOT NULL DEFAULT '0' COMMENT 'Attribute Id',
  `entity_id` int(10) unsigned NOT NULL DEFAULT '0' COMMENT 'Entity Id',
  `value` varchar(255) DEFAULT NULL COMMENT 'Value',
  PRIMARY KEY (`value_id`),
  UNIQUE KEY `UNQ_CUSTOMER_ADDRESS_ENTITY_VARCHAR_ENTITY_ID_ATTRIBUTE_ID` (`entity_id`,`attribute_id`),
  KEY `IDX_CUSTOMER_ADDRESS_ENTITY_VARCHAR_ENTITY_TYPE_ID` (`entity_type_id`),
  KEY `IDX_CUSTOMER_ADDRESS_ENTITY_VARCHAR_ATTRIBUTE_ID` (`attribute_id`),
  KEY `IDX_CUSTOMER_ADDRESS_ENTITY_VARCHAR_ENTITY_ID` (`entity_id`),
  KEY `IDX_CUSTOMER_ADDRESS_ENTITY_VARCHAR_ENTITY_ID_ATTRIBUTE_ID_VALUE` (`entity_id`,`attribute_id`,`value`),
  CONSTRAINT `FK_CSTR_ADDR_ENTT_VCHR_ATTR_ID_EAV_ATTR_ATTR_ID` FOREIGN KEY (`attribute_id`) REFERENCES `eav_attribute` (`attribute_id`) ON DELETE CASCADE ON UPDATE CASCADE,
  CONSTRAINT `FK_CSTR_ADDR_ENTT_VCHR_ENTT_ID_CSTR_ADDR_ENTT_ENTT_ID` FOREIGN KEY (`entity_id`) REFERENCES `customer_address_entity` (`entity_id`) ON DELETE CASCADE ON UPDATE CASCADE,
  CONSTRAINT `FK_CSTR_ADDR_ENTT_VCHR_ENTT_TYPE_ID_EAV_ENTT_TYPE_ENTT_TYPE_ID` FOREIGN KEY (`entity_type_id`) REFERENCES `eav_entity_type` (`entity_type_id`) ON DELETE CASCADE ON UPDATE CASCADE
) ENGINE=InnoDB AUTO_INCREMENT=1893 DEFAULT CHARSET=utf8 COMMENT='Customer Address Entity Varchar';

--
-- Dumping data for table `customer_address_entity_varchar`
--

INSERT INTO `customer_address_entity_varchar` VALUES (179,2,19,18,NULL),(180,2,20,18,'Jack'),(181,2,21,18,NULL),(182,2,22,18,'Fitz'),(183,2,23,18,NULL),(184,2,24,18,NULL),(185,2,26,18,'Montclair'),(186,2,27,18,'US'),(187,2,28,18,'New Jersey'),(188,2,30,18,'07042'),(189,2,31,18,'222-555-4190'),(190,2,32,18,NULL),(191,2,36,18,NULL),(192,2,19,19,NULL),(193,2,20,19,'Mark'),(194,2,21,19,NULL),(195,2,22,19,'Woodland'),(196,2,23,19,NULL),(197,2,24,19,NULL),(198,2,26,19,'New York'),(199,2,27,19,'US'),(200,2,28,19,'New York'),(201,2,30,19,'10001'),(202,2,31,19,'141-555-3410'),(203,2,32,19,NULL),(204,2,36,19,NULL),(205,2,19,20,NULL),(206,2,20,20,'Rack'),(207,2,21,20,NULL),(208,2,22,20,'Fox'),(209,2,23,20,NULL),(210,2,24,20,NULL),(211,2,26,20,'Hoboken'),(212,2,27,20,'US'),(213,2,28,20,'New Jersey'),(214,2,30,20,'07030'),(215,2,31,20,'151-555-1515'),(216,2,32,20,NULL),(217,2,36,20,NULL),(218,2,19,21,NULL),(219,2,20,21,'Marilyn'),(220,2,21,21,NULL),(221,2,22,21,'Monroe'),(222,2,23,21,NULL),(223,2,24,21,NULL),(224,2,26,21,'East Haddam'),(225,2,27,21,'US'),(226,2,28,21,'Connecticut'),(227,2,30,21,'06423'),(228,2,31,21,'464-555-2938'),(229,2,32,21,NULL),(230,2,36,21,NULL),(231,2,19,22,NULL),(232,2,20,22,'Haven'),(233,2,21,22,NULL),(234,2,22,22,'Bangor'),(235,2,23,22,NULL),(236,2,24,22,NULL),(237,2,26,22,'Cambridge'),(238,2,27,22,'US'),(239,2,28,22,'Massachusetts'),(240,2,30,22,'01864'),(241,2,31,22,'543-555-9456'),(242,2,32,22,NULL),(243,2,36,22,NULL),(244,2,19,23,NULL),(245,2,20,23,'Jill'),(246,2,21,23,NULL),(247,2,22,23,'Moorehouse'),(248,2,23,23,NULL),(249,2,24,23,NULL),(250,2,26,23,'San Francisco'),(251,2,27,23,'US'),(252,2,28,23,'California'),(253,2,30,23,'94115'),(254,2,31,23,'545-555-3423'),(255,2,32,23,NULL),(256,2,36,23,NULL),(257,2,19,24,NULL),(258,2,20,24,'Robert'),(259,2,21,24,NULL),(260,2,22,24,'Ngia'),(261,2,23,24,NULL),(262,2,24,24,NULL),(263,2,26,24,'Arlington'),(264,2,27,24,'US'),(265,2,28,24,'Texas'),(266,2,30,24,'76011'),(267,2,31,24,'676-555-6768'),(268,2,32,24,NULL),(269,2,36,24,NULL),(270,2,19,25,NULL),(271,2,20,25,'Joe'),(272,2,21,25,NULL),(273,2,22,25,'Butler'),(274,2,23,25,NULL),(275,2,24,25,NULL),(276,2,26,25,'Morristown'),(277,2,27,25,'US'),(278,2,28,25,'New Jersey'),(279,2,30,25,'07960'),(280,2,31,25,'624-555-4967'),(281,2,32,25,NULL),(282,2,36,25,NULL),(624,2,19,29,NULL),(625,2,20,29,'Chris'),(626,2,21,29,NULL),(627,2,22,29,'Fox'),(628,2,23,29,NULL),(629,2,24,29,NULL),(630,2,26,29,'Los Angeles'),(631,2,27,29,'US'),(632,2,28,29,'California'),(633,2,30,29,'90001'),(634,2,31,29,'345-555-5132'),(635,2,32,29,NULL),(636,2,36,29,NULL),(637,2,19,30,NULL),(638,2,20,30,'Mary'),(639,2,21,30,NULL),(640,2,22,30,'Hillary'),(641,2,23,30,NULL),(642,2,24,30,NULL),(643,2,26,30,'San Diego'),(644,2,27,30,'US'),(645,2,28,30,'California'),(646,2,30,30,'92123'),(647,2,31,30,'767-555-3435'),(648,2,32,30,NULL),(649,2,36,30,NULL),(663,2,19,32,NULL),(664,2,20,32,'Ram'),(665,2,21,32,NULL),(666,2,22,32,'Raja'),(667,2,23,32,NULL),(668,2,24,32,NULL),(669,2,26,32,'Pune'),(670,2,27,32,'IN'),(671,2,28,32,NULL),(672,2,30,32,'411038'),(673,2,31,32,'987-555-8717'),(674,2,32,32,NULL),(675,2,36,32,NULL),(676,2,19,33,NULL),(677,2,20,33,'Candy'),(678,2,21,33,NULL),(679,2,22,33,'Rocha'),(680,2,23,33,NULL),(681,2,24,33,NULL),(682,2,26,33,'London'),(683,2,27,33,'GB'),(684,2,28,33,NULL),(685,2,30,33,'SW1P3AD'),(686,2,31,33,'987-555-1137'),(687,2,32,33,NULL),(688,2,36,33,NULL),(689,2,19,34,NULL),(690,2,20,34,'Mickey'),(691,2,21,34,NULL),(692,2,22,34,'Watz'),(693,2,23,34,NULL),(694,2,24,34,NULL),(695,2,26,34,'Orlando'),(696,2,27,34,'US'),(697,2,28,34,'Florida'),(698,2,30,34,'32801'),(699,2,31,34,'123-555-7645'),(700,2,32,34,NULL),(701,2,36,34,NULL),(702,2,19,35,NULL),(703,2,20,35,'Tay'),(704,2,21,35,NULL),(705,2,22,35,'Ray'),(706,2,23,35,NULL),(707,2,24,35,NULL),(708,2,26,35,'Michigan'),(709,2,27,35,'US'),(710,2,28,35,'Michigan'),(711,2,30,35,'49036'),(712,2,31,35,'666-555-4423'),(713,2,32,35,NULL),(714,2,36,35,NULL),(729,2,19,37,NULL),(730,2,20,37,'Chuck'),(731,2,21,37,NULL),(732,2,22,37,'Gain'),(733,2,23,37,NULL),(734,2,24,37,NULL),(735,2,26,37,'Zurich'),(736,2,27,37,'CH'),(737,2,28,37,'Zürich'),(738,2,30,37,'8090'),(739,2,31,37,'344-555-2381'),(740,2,32,37,NULL),(741,2,36,37,NULL),(742,2,19,38,NULL),(743,2,20,38,'Day'),(744,2,21,38,NULL),(745,2,22,38,'Canavan'),(746,2,23,38,NULL),(747,2,24,38,NULL),(748,2,26,38,'Bston'),(749,2,27,38,'US'),(750,2,28,38,'Massachusetts'),(751,2,30,38,'02110'),(752,2,31,38,'213-555-2346'),(753,2,32,38,NULL),(754,2,36,38,NULL),(755,2,19,39,NULL),(756,2,20,39,'Rinky'),(757,2,21,39,NULL),(758,2,22,39,'Patel'),(759,2,23,39,NULL),(760,2,24,39,NULL),(761,2,26,39,'Montclair'),(762,2,27,39,'US'),(763,2,28,39,'New Jersey'),(764,2,30,39,'07042'),(765,2,31,39,'763-555-6543'),(766,2,32,39,NULL),(767,2,36,39,NULL),(768,2,19,40,NULL),(769,2,20,40,'Andy'),(770,2,21,40,NULL),(771,2,22,40,'Ngyugen'),(772,2,23,40,NULL),(773,2,24,40,NULL),(774,2,26,40,'Beaver'),(775,2,27,40,'US'),(776,2,28,40,'Virginia'),(777,2,30,40,'25813'),(778,2,31,40,'985-555-1267'),(779,2,32,40,NULL),(780,2,36,40,NULL),(781,2,19,41,NULL),(782,2,20,41,'John'),(783,2,21,41,NULL),(784,2,22,41,'Fernandiz'),(785,2,23,41,NULL),(786,2,24,41,NULL),(787,2,26,41,'Logan'),(788,2,27,41,'US'),(789,2,28,41,'Utah'),(790,2,30,41,'84321'),(791,2,31,41,'542-555-1267'),(792,2,32,41,NULL),(793,2,36,41,NULL),(794,2,19,42,NULL),(795,2,20,42,'Donald'),(796,2,21,42,NULL),(797,2,22,42,'Hertz'),(798,2,23,42,NULL),(799,2,24,42,NULL),(800,2,26,42,'Singapore'),(801,2,27,42,'SG'),(802,2,28,42,NULL),(803,2,30,42,'238858'),(804,2,31,42,'204-555-1267'),(805,2,32,42,NULL),(806,2,36,42,NULL),(807,2,19,43,NULL),(808,2,20,43,'Linda'),(809,2,21,43,NULL),(810,2,22,43,'Wood'),(811,2,23,43,NULL),(812,2,24,43,NULL),(813,2,26,43,'Pittsburg'),(814,2,27,43,'US'),(815,2,28,43,'Pennsylvania'),(816,2,30,43,'15201'),(817,2,31,43,'764-555-2313'),(818,2,32,43,NULL),(819,2,36,43,NULL),(820,2,19,44,NULL),(821,2,20,44,'Mack'),(822,2,21,44,NULL),(823,2,22,44,'Wigley'),(824,2,23,44,NULL),(825,2,24,44,NULL),(826,2,26,44,'Ader'),(827,2,27,44,'JO'),(828,2,28,44,NULL),(829,2,30,44,'61142'),(830,2,31,44,'763-555-0980'),(831,2,32,44,NULL),(832,2,36,44,NULL),(833,2,19,45,NULL),(834,2,20,45,'Faith'),(835,2,21,45,NULL),(836,2,22,45,'Jaitely'),(837,2,23,45,NULL),(838,2,24,45,NULL),(839,2,26,45,'Reno'),(840,2,27,45,'US'),(841,2,28,45,'Nevada'),(842,2,30,45,'89501'),(843,2,31,45,'764-555-2300'),(844,2,32,45,NULL),(845,2,36,45,NULL),(846,2,19,46,NULL),(847,2,20,46,'David'),(848,2,21,46,NULL),(849,2,22,46,'Grutman'),(850,2,23,46,NULL),(851,2,24,46,NULL),(852,2,26,46,'Sydney'),(853,2,27,46,'AU'),(854,2,28,46,NULL),(855,2,30,46,'2000'),(856,2,31,46,'167-555-0295'),(857,2,32,46,NULL),(858,2,36,46,NULL),(859,2,19,47,NULL),(860,2,20,47,'Prince'),(861,2,21,47,NULL),(862,2,22,47,'Charles'),(863,2,23,47,NULL),(864,2,24,47,NULL),(865,2,26,47,'Freeport'),(866,2,27,47,'US'),(867,2,28,47,'Maine'),(868,2,30,47,'04032'),(869,2,31,47,'123-555-6913'),(870,2,32,47,NULL),(871,2,36,47,NULL),(872,2,19,48,NULL),(873,2,20,48,'Lilia'),(874,2,21,48,NULL),(875,2,22,48,'Lotus'),(876,2,23,48,NULL),(877,2,24,48,NULL),(878,2,26,48,'Stockholm'),(879,2,27,48,'SE'),(880,2,28,48,NULL),(881,2,30,48,'10343'),(882,2,31,48,'676-555-1591'),(883,2,32,48,NULL),(884,2,36,48,NULL),(885,2,19,49,NULL),(886,2,20,49,'Albert'),(887,2,21,49,NULL),(888,2,22,49,'Einstein'),(889,2,23,49,NULL),(890,2,24,49,NULL),(891,2,26,49,'Coldwater'),(892,2,27,49,'US'),(893,2,28,49,'Michigan'),(894,2,30,49,'49036'),(895,2,31,49,'674-555-9278'),(896,2,32,49,NULL),(897,2,36,49,NULL),(898,2,19,50,NULL),(899,2,20,50,'Shashi'),(900,2,21,50,NULL),(901,2,22,50,'Palli'),(902,2,23,50,NULL),(903,2,24,50,NULL),(904,2,26,50,'New York'),(905,2,27,50,'US'),(906,2,28,50,'New York'),(907,2,30,50,'10127'),(908,2,31,50,'163-555-7501'),(909,2,32,50,NULL),(910,2,36,50,NULL),(911,2,20,51,'Gogi'),(912,2,22,51,'Cooper'),(913,2,26,51,'New York'),(914,2,28,51,'New York'),(915,2,30,51,'10450'),(916,2,27,51,'US'),(917,2,31,51,'123-555-0001'),(926,2,19,53,NULL),(927,2,20,53,'Pearl'),(928,2,21,53,NULL),(929,2,22,53,'Glory'),(930,2,23,53,NULL),(931,2,24,53,NULL),(932,2,26,53,'Baltimore'),(933,2,27,53,'US'),(934,2,28,53,'Maryland'),(935,2,30,53,'21201'),(936,2,31,53,'529-555-5456'),(937,2,32,53,NULL),(938,2,36,53,NULL),(939,2,19,54,NULL),(940,2,20,54,'Chang'),(941,2,21,54,NULL),(942,2,22,54,'yang'),(943,2,23,54,NULL),(944,2,24,54,NULL),(945,2,26,54,'Phoenix'),(946,2,27,54,'US'),(947,2,28,54,'Arizona'),(948,2,30,54,'85001'),(949,2,31,54,'444-555-3214'),(950,2,32,54,NULL),(951,2,36,54,NULL),(952,2,19,55,NULL),(953,2,20,55,'Irvin'),(954,2,21,55,NULL),(955,2,22,55,'Chips'),(956,2,23,55,NULL),(957,2,24,55,NULL),(958,2,26,55,'Frick'),(959,2,27,55,'US'),(960,2,28,55,'Georgia'),(961,2,30,55,'39859'),(962,2,31,55,'123-555-8790'),(963,2,32,55,NULL),(964,2,36,55,NULL),(971,2,19,56,NULL),(972,2,20,56,'Shan'),(973,2,21,56,NULL),(974,2,22,56,'Bugg'),(975,2,23,56,NULL),(976,2,24,56,NULL),(977,2,26,56,'Foam Lak'),(978,2,27,56,'US'),(979,2,28,56,'Illinois'),(980,2,30,56,'60360'),(981,2,31,56,'762-555-3471'),(982,2,32,56,NULL),(983,2,36,56,NULL),(984,2,19,57,NULL),(985,2,20,57,'Lorenzo'),(986,2,21,57,NULL),(987,2,22,57,'Strecker'),(988,2,23,57,NULL),(989,2,24,57,NULL),(990,2,26,57,'Imielno'),(991,2,27,57,'PL'),(992,2,28,57,NULL),(993,2,30,57,'62262'),(994,2,31,57,'623-555-3459'),(995,2,32,57,NULL),(996,2,36,57,NULL),(997,2,19,58,NULL),(998,2,20,58,'Melvin'),(999,2,21,58,NULL),(1000,2,22,58,'Speck'),(1001,2,23,58,NULL),(1002,2,24,58,NULL),(1003,2,26,58,'Lestock'),(1004,2,27,58,'US'),(1005,2,28,58,'Montana'),(1006,2,30,58,'59572'),(1007,2,31,58,'452-555-3761'),(1008,2,32,58,NULL),(1009,2,36,58,NULL),(1010,2,19,59,NULL),(1011,2,20,59,'Kenda'),(1012,2,21,59,NULL),(1013,2,22,59,'Tanaka'),(1014,2,23,59,NULL),(1015,2,24,59,NULL),(1016,2,26,59,'Merry Hell'),(1017,2,27,59,'US'),(1018,2,28,59,'Wisconsin'),(1019,2,30,59,'53167'),(1020,2,31,59,'651-555-5690'),(1021,2,32,59,NULL),(1022,2,36,59,NULL),(1023,2,19,60,NULL),(1024,2,20,60,'Delena'),(1025,2,21,60,NULL),(1026,2,22,60,'Wesley'),(1027,2,23,60,NULL),(1028,2,24,60,NULL),(1029,2,26,60,'Noseville'),(1030,2,27,60,'US'),(1031,2,28,60,'Virginia'),(1032,2,30,60,'23860'),(1033,2,31,60,'138-555-4901'),(1034,2,32,60,NULL),(1035,2,36,60,NULL),(1036,2,19,61,NULL),(1037,2,20,61,'Kip'),(1038,2,21,61,NULL),(1039,2,22,61,'Chee'),(1040,2,23,61,NULL),(1041,2,24,61,NULL),(1042,2,26,61,'Coffeepot'),(1043,2,27,61,'US'),(1044,2,28,61,'Florida'),(1045,2,30,61,'33432'),(1046,2,31,61,'372-555-9567'),(1047,2,32,61,NULL),(1048,2,36,61,NULL),(1049,2,19,62,NULL),(1050,2,20,62,'Tanja'),(1051,2,21,62,NULL),(1052,2,22,62,'Melville'),(1053,2,23,62,NULL),(1054,2,24,62,NULL),(1055,2,26,62,'Red Wine'),(1056,2,27,62,'US'),(1057,2,28,62,'South Carolina'),(1058,2,30,62,'29742'),(1059,2,31,62,'124-555-6758'),(1060,2,32,62,NULL),(1061,2,36,62,NULL),(1062,2,19,63,NULL),(1063,2,20,63,'Seema'),(1064,2,21,63,NULL),(1065,2,22,63,'Droz'),(1066,2,23,63,NULL),(1067,2,24,63,NULL),(1068,2,26,63,'Peru'),(1069,2,27,63,'US'),(1070,2,28,63,'Wisconsin'),(1071,2,30,63,'53027'),(1072,2,31,63,'174-555-0909'),(1073,2,32,63,NULL),(1074,2,36,63,NULL),(1075,2,19,64,NULL),(1076,2,20,64,'Dong'),(1077,2,21,64,NULL),(1078,2,22,64,'Berg'),(1079,2,23,64,NULL),(1080,2,24,64,NULL),(1081,2,26,64,'Wachapreague'),(1082,2,27,64,'US'),(1083,2,28,64,'Indiana'),(1084,2,30,64,'46879'),(1085,2,31,64,'187-555-0012'),(1086,2,32,64,NULL),(1087,2,36,64,NULL),(1088,2,19,65,NULL),(1089,2,20,65,'Kinley'),(1090,2,21,65,NULL),(1091,2,22,65,'Than'),(1092,2,23,65,NULL),(1093,2,24,65,NULL),(1094,2,26,65,'Birdtown'),(1095,2,27,65,'US'),(1096,2,28,65,'Arkansas'),(1097,2,30,65,'72337'),(1098,2,31,65,'531-555-2768'),(1099,2,32,65,NULL),(1100,2,36,65,NULL),(1101,2,19,66,NULL),(1102,2,20,66,'Percy'),(1103,2,21,66,NULL),(1104,2,22,66,'Pella'),(1105,2,23,66,NULL),(1106,2,24,66,NULL),(1107,2,26,66,'Cabri'),(1108,2,27,66,'US'),(1109,2,28,66,'Nevada'),(1110,2,30,66,'89345'),(1111,2,31,66,'238-555-6578'),(1112,2,32,66,NULL),(1113,2,36,66,NULL),(1114,2,19,67,NULL),(1115,2,20,67,'Theo'),(1116,2,21,67,NULL),(1117,2,22,67,'Porras'),(1118,2,23,67,NULL),(1119,2,24,67,NULL),(1120,2,26,67,'Teramuggus'),(1121,2,27,67,'US'),(1122,2,28,67,'Alaska'),(1123,2,30,67,'99767'),(1124,2,31,67,'189-555-2780'),(1125,2,32,67,NULL),(1126,2,36,67,NULL),(1127,2,19,68,NULL),(1128,2,20,68,'Clay'),(1129,2,21,68,NULL),(1130,2,22,68,'Lock'),(1131,2,23,68,NULL),(1132,2,24,68,NULL),(1133,2,26,68,'Mantoloking'),(1134,2,27,68,'US'),(1135,2,28,68,'Ohio'),(1136,2,30,68,'44025'),(1137,2,31,68,'909-555-9078'),(1138,2,32,68,NULL),(1139,2,36,68,NULL),(1140,2,19,69,NULL),(1141,2,20,69,'Jane'),(1142,2,21,69,NULL),(1143,2,22,69,'Smith'),(1144,2,23,69,NULL),(1145,2,24,69,NULL),(1146,2,26,69,'Los Angeles'),(1147,2,27,69,'US'),(1148,2,28,69,'California'),(1149,2,30,69,'93065'),(1150,2,31,69,'888-888-8888'),(1151,2,32,69,NULL),(1152,2,36,69,NULL),(1153,2,19,70,NULL),(1154,2,20,70,'Jerry'),(1155,2,21,70,NULL),(1156,2,22,70,'Luke'),(1157,2,23,70,NULL),(1158,2,24,70,NULL),(1159,2,26,70,'Brussel'),(1160,2,27,70,'BE'),(1161,2,28,70,NULL),(1162,2,30,70,'1000'),(1163,2,31,70,'184-555-2970'),(1164,2,32,70,NULL),(1165,2,36,70,NULL),(1166,2,19,71,NULL),(1167,2,20,71,'Erich'),(1168,2,21,71,NULL),(1169,2,22,71,'Forbes'),(1170,2,23,71,NULL),(1171,2,24,71,NULL),(1172,2,26,71,'Eclectic'),(1173,2,27,71,'US'),(1174,2,28,71,'Pennsylvania'),(1175,2,30,71,'17589'),(1176,2,31,71,'172-555-4859'),(1177,2,32,71,NULL),(1178,2,36,71,NULL),(1179,2,19,72,NULL),(1180,2,20,72,'Milo'),(1181,2,21,72,NULL),(1182,2,22,72,'Vitti'),(1183,2,23,72,NULL),(1184,2,24,72,NULL),(1185,2,26,72,'Rome'),(1186,2,27,72,'IT'),(1187,2,28,72,NULL),(1188,2,30,72,'00199'),(1189,2,31,72,'792-555-1202'),(1190,2,32,72,NULL),(1191,2,36,72,NULL),(1192,2,19,73,NULL),(1193,2,20,73,'Drew'),(1194,2,21,73,NULL),(1195,2,22,73,'France'),(1196,2,23,73,NULL),(1197,2,24,73,NULL),(1198,2,26,73,'Paris'),(1199,2,27,73,'FR'),(1200,2,28,73,'Paris'),(1201,2,30,73,'75008'),(1202,2,31,73,'907-555-3209'),(1203,2,32,73,NULL),(1204,2,36,73,NULL),(1360,2,20,84,'John'),(1361,2,22,84,'Smith'),(1362,2,24,84,NULL),(1363,2,26,84,'Beverly Hills'),(1364,2,27,84,'US'),(1365,2,28,84,'California'),(1366,2,30,84,'90210'),(1367,2,31,84,'424-555-0000'),(1437,2,19,91,NULL),(1438,2,20,91,'John'),(1439,2,21,91,NULL),(1440,2,22,91,'Doe'),(1441,2,23,91,NULL),(1442,2,24,91,NULL),(1443,2,26,91,'Culver City'),(1444,2,27,91,'US'),(1445,2,28,91,'California'),(1446,2,30,91,'90232'),(1447,2,31,91,'888-888-8888'),(1448,2,32,91,NULL),(1449,2,36,91,NULL),(1462,2,19,92,NULL),(1463,2,20,92,'Jane'),(1464,2,21,92,NULL),(1465,2,22,92,'Doe'),(1466,2,23,92,NULL),(1467,2,24,92,NULL),(1468,2,26,92,'Culver City'),(1469,2,27,92,'US'),(1470,2,28,92,'California'),(1471,2,30,92,'90232'),(1472,2,31,92,'888-888-8888'),(1473,2,32,92,NULL),(1474,2,36,92,NULL),(1520,2,19,84,NULL),(1521,2,21,84,NULL),(1522,2,23,84,NULL),(1523,2,32,84,NULL),(1524,2,36,84,NULL),(1887,2,19,51,NULL),(1888,2,21,51,NULL),(1889,2,23,51,NULL),(1890,2,24,51,NULL),(1891,2,32,51,NULL),(1892,2,36,51,NULL);

--
-- Table structure for table `customer_eav_attribute`
--

CREATE TABLE `customer_eav_attribute` (
  `attribute_id` smallint(5) unsigned NOT NULL COMMENT 'Attribute Id',
  `is_visible` smallint(5) unsigned NOT NULL DEFAULT '1' COMMENT 'Is Visible',
  `input_filter` varchar(255) DEFAULT NULL COMMENT 'Input Filter',
  `multiline_count` smallint(5) unsigned NOT NULL DEFAULT '1' COMMENT 'Multiline Count',
  `validate_rules` text COMMENT 'Validate Rules',
  `is_system` smallint(5) unsigned NOT NULL DEFAULT '0' COMMENT 'Is System',
  `sort_order` int(10) unsigned NOT NULL DEFAULT '0' COMMENT 'Sort Order',
  `data_model` varchar(255) DEFAULT NULL COMMENT 'Data Model',
  `is_used_for_customer_segment` int(10) unsigned NOT NULL DEFAULT '0' COMMENT 'Customer Segment',
  PRIMARY KEY (`attribute_id`),
  CONSTRAINT `FK_CSTR_EAV_ATTR_ATTR_ID_EAV_ATTR_ATTR_ID` FOREIGN KEY (`attribute_id`) REFERENCES `eav_attribute` (`attribute_id`) ON DELETE CASCADE ON UPDATE CASCADE
) ENGINE=InnoDB DEFAULT CHARSET=utf8 COMMENT='Customer Eav Attribute';

--
-- Dumping data for table `customer_eav_attribute`
--

INSERT INTO `customer_eav_attribute` VALUES (1,1,NULL,0,NULL,1,10,NULL,0),(2,0,NULL,0,NULL,1,0,NULL,0),(3,1,NULL,0,NULL,1,20,NULL,0),(4,0,NULL,0,NULL,0,30,NULL,0),(5,1,NULL,0,'a:2:{s:15:\"max_text_length\";i:255;s:15:\"min_text_length\";i:1;}',1,40,NULL,1),(6,0,NULL,0,NULL,0,50,NULL,0),(7,1,NULL,0,'a:2:{s:15:\"max_text_length\";i:255;s:15:\"min_text_length\";i:1;}',1,60,NULL,1),(8,0,NULL,0,NULL,0,70,NULL,0),(9,1,NULL,0,'a:1:{s:16:\"input_validation\";s:5:\"email\";}',1,80,NULL,1),(10,1,NULL,0,NULL,1,25,NULL,1),(11,0,'date',0,'a:1:{s:16:\"input_validation\";s:4:\"date\";}',0,90,NULL,1),(12,0,NULL,0,NULL,1,0,NULL,0),(13,0,NULL,0,NULL,1,0,NULL,1),(14,0,NULL,0,NULL,1,0,NULL,1),(15,0,NULL,0,'a:1:{s:15:\"max_text_length\";i:255;}',0,100,NULL,0),(16,0,NULL,0,NULL,1,0,NULL,0),(17,0,'datetime',0,NULL,0,0,NULL,1),(18,0,NULL,0,'a:0:{}',0,110,NULL,1),(19,0,NULL,0,NULL,0,10,NULL,0),(20,1,NULL,0,'a:2:{s:15:\"max_text_length\";i:255;s:15:\"min_text_length\";i:1;}',1,20,NULL,1),(21,0,NULL,0,NULL,0,30,NULL,0),(22,1,NULL,0,'a:2:{s:15:\"max_text_length\";i:255;s:15:\"min_text_length\";i:1;}',1,40,NULL,1),(23,0,NULL,0,NULL,0,50,NULL,0),(24,1,NULL,0,'a:2:{s:15:\"max_text_length\";i:255;s:15:\"min_text_length\";i:1;}',1,60,NULL,1),(25,1,NULL,2,'a:2:{s:15:\"max_text_length\";i:255;s:15:\"min_text_length\";i:1;}',1,70,NULL,1),(26,1,NULL,0,'a:2:{s:15:\"max_text_length\";i:255;s:15:\"min_text_length\";i:1;}',1,80,NULL,1),(27,1,NULL,0,NULL,1,90,NULL,1),(28,1,NULL,0,NULL,1,100,NULL,0),(29,1,NULL,0,NULL,1,100,NULL,1),(30,1,NULL,0,'a:0:{}',1,110,'customer/attribute_data_postcode',1),(31,1,NULL,0,'a:2:{s:15:\"max_text_length\";i:255;s:15:\"min_text_length\";i:1;}',1,120,NULL,1),(32,1,NULL,0,'a:2:{s:15:\"max_text_length\";i:255;s:15:\"min_text_length\";i:1;}',1,130,NULL,0),(33,0,NULL,0,NULL,1,0,NULL,0),(34,0,NULL,0,'a:1:{s:16:\"input_validation\";s:4:\"date\";}',1,0,NULL,0),(35,1,NULL,0,NULL,1,28,NULL,0),(36,1,NULL,0,NULL,1,140,NULL,0),(37,0,NULL,0,NULL,1,0,NULL,0),(38,0,NULL,0,NULL,1,0,NULL,0),(39,0,NULL,0,NULL,1,0,NULL,0),(40,0,NULL,0,NULL,1,0,NULL,0),(149,0,NULL,1,NULL,0,0,NULL,0),(150,0,NULL,1,NULL,0,0,NULL,0);

--
-- Table structure for table `customer_eav_attribute_website`
--

CREATE TABLE `customer_eav_attribute_website` (
  `attribute_id` smallint(5) unsigned NOT NULL COMMENT 'Attribute Id',
  `website_id` smallint(5) unsigned NOT NULL COMMENT 'Website Id',
  `is_visible` smallint(5) unsigned DEFAULT NULL COMMENT 'Is Visible',
  `is_required` smallint(5) unsigned DEFAULT NULL COMMENT 'Is Required',
  `default_value` text COMMENT 'Default Value',
  `multiline_count` smallint(5) unsigned DEFAULT NULL COMMENT 'Multiline Count',
  PRIMARY KEY (`attribute_id`,`website_id`),
  KEY `IDX_CUSTOMER_EAV_ATTRIBUTE_WEBSITE_WEBSITE_ID` (`website_id`),
  CONSTRAINT `FK_CSTR_EAV_ATTR_WS_ATTR_ID_EAV_ATTR_ATTR_ID` FOREIGN KEY (`attribute_id`) REFERENCES `eav_attribute` (`attribute_id`) ON DELETE CASCADE ON UPDATE CASCADE,
  CONSTRAINT `FK_CSTR_EAV_ATTR_WS_WS_ID_CORE_WS_WS_ID` FOREIGN KEY (`website_id`) REFERENCES `core_website` (`website_id`) ON DELETE CASCADE ON UPDATE CASCADE
) ENGINE=InnoDB DEFAULT CHARSET=utf8 COMMENT='Customer Eav Attribute Website';

--
-- Dumping data for table `customer_eav_attribute_website`
--


--
-- Table structure for table `customer_entity`
--

CREATE TABLE `customer_entity` (
  `entity_id` int(10) unsigned NOT NULL AUTO_INCREMENT COMMENT 'Entity Id',
  `entity_type_id` smallint(5) unsigned NOT NULL DEFAULT '0' COMMENT 'Entity Type Id',
  `attribute_set_id` smallint(5) unsigned NOT NULL DEFAULT '0' COMMENT 'Attribute Set Id',
  `website_id` smallint(5) unsigned DEFAULT NULL COMMENT 'Website Id',
  `email` varchar(255) DEFAULT NULL COMMENT 'Email',
  `group_id` smallint(5) unsigned NOT NULL DEFAULT '0' COMMENT 'Group Id',
  `increment_id` varchar(50) DEFAULT NULL COMMENT 'Increment Id',
  `store_id` smallint(5) unsigned DEFAULT '0' COMMENT 'Store Id',
  `created_at` timestamp NOT NULL DEFAULT CURRENT_TIMESTAMP ON UPDATE CURRENT_TIMESTAMP COMMENT 'Created At',
  `updated_at` timestamp NOT NULL DEFAULT '0000-00-00 00:00:00' COMMENT 'Updated At',
  `is_active` smallint(5) unsigned NOT NULL DEFAULT '1' COMMENT 'Is Active',
  `disable_auto_group_change` smallint(5) unsigned NOT NULL DEFAULT '0' COMMENT 'Disable automatic group change based on VAT ID',
  PRIMARY KEY (`entity_id`),
  UNIQUE KEY `UNQ_CUSTOMER_ENTITY_EMAIL_WEBSITE_ID` (`email`,`website_id`),
  KEY `IDX_CUSTOMER_ENTITY_STORE_ID` (`store_id`),
  KEY `IDX_CUSTOMER_ENTITY_ENTITY_TYPE_ID` (`entity_type_id`),
  KEY `IDX_CUSTOMER_ENTITY_EMAIL_WEBSITE_ID` (`email`,`website_id`),
  KEY `IDX_CUSTOMER_ENTITY_WEBSITE_ID` (`website_id`),
  CONSTRAINT `FK_CUSTOMER_ENTITY_STORE_ID_CORE_STORE_STORE_ID` FOREIGN KEY (`store_id`) REFERENCES `core_store` (`store_id`) ON DELETE SET NULL ON UPDATE CASCADE,
  CONSTRAINT `FK_CUSTOMER_ENTITY_WEBSITE_ID_CORE_WEBSITE_WEBSITE_ID` FOREIGN KEY (`website_id`) REFERENCES `core_website` (`website_id`) ON DELETE SET NULL ON UPDATE CASCADE
) ENGINE=InnoDB AUTO_INCREMENT=140 DEFAULT CHARSET=utf8 COMMENT='Customer Entity';

--
-- Dumping data for table `customer_entity`
--

INSERT INTO `customer_entity` VALUES (24,1,0,1,'jack@example.com',2,NULL,0,'2013-03-28 18:57:17','2013-06-24 14:52:50',1,0),(25,1,0,1,'mark@example.com',2,NULL,0,'2013-03-28 18:59:41','2013-06-24 14:52:27',1,0),(26,1,0,1,'rack@example.com',1,NULL,0,'2013-03-28 19:03:34','2013-06-24 14:52:10',1,0),(27,1,0,1,'marilyn@example.com',1,NULL,0,'2013-03-28 19:11:42','2013-06-24 14:51:45',1,0),(28,1,0,1,'haven@example.com',4,NULL,0,'2013-03-28 19:19:04','2013-06-24 14:51:27',1,0),(29,1,0,1,'jill@example.com',4,NULL,0,'2013-03-28 19:22:51','2013-06-24 14:51:06',1,0),(30,1,0,1,'robert@example.com',1,NULL,0,'2013-03-28 19:33:34','2013-06-24 14:50:48',1,0),(31,1,0,1,'joe@example.com',1,NULL,0,'2013-03-28 20:17:22','2013-06-24 14:50:30',1,0),(59,1,0,1,'chris@example.com',1,NULL,0,'2013-04-22 16:12:49','2013-06-24 14:50:14',1,0),(60,1,0,1,'mary@example.com',1,NULL,0,'2013-04-22 16:20:22','2013-06-24 14:49:53',1,0),(62,1,0,1,'ram@example.com',1,NULL,0,'2013-04-22 16:28:13','2013-06-24 14:49:34',1,0),(63,1,0,1,'candy@example.com',1,NULL,0,'2013-04-22 16:32:50','2013-06-24 14:49:19',1,0),(64,1,0,1,'mickey@example.com',1,NULL,1,'2013-04-22 16:48:22','2013-06-24 14:49:04',1,0),(65,1,0,1,'tay@example.com',4,NULL,0,'2013-04-22 17:32:24','2013-06-24 14:48:44',1,0),(68,1,0,1,'chuck@example.com',4,NULL,0,'2013-04-24 01:33:11','2013-06-24 14:48:23',1,0),(69,1,0,1,'day@example.com',4,NULL,0,'2013-04-24 01:35:32','2013-06-24 14:48:08',1,0),(70,1,0,1,'rinky@example.com',4,NULL,0,'2013-04-24 01:37:39','2013-06-24 14:47:52',1,0),(71,1,0,1,'andy@example.com',4,NULL,0,'2013-04-24 01:40:51','2013-06-24 14:47:35',1,0),(72,1,0,1,'john@example.com',1,NULL,0,'2013-04-24 01:43:31','2013-06-24 14:47:20',1,0),(73,1,0,1,'donald@example.com',1,NULL,0,'2013-04-24 01:52:46','2013-06-24 14:47:02',1,0),(74,1,0,1,'linda@example.com',2,NULL,0,'2013-04-24 01:56:40','2013-06-24 14:46:46',1,0),(75,1,0,1,'mack@example.com',2,NULL,0,'2013-04-24 01:59:28','2013-06-24 14:46:31',1,0),(76,1,0,1,'faith@example.com',1,NULL,0,'2013-04-24 02:02:42','2013-06-24 14:45:49',1,0),(77,1,0,1,'david@example.com',1,NULL,0,'2013-04-24 02:06:41','2013-06-24 14:45:31',1,0),(78,1,0,NULL,'prince@example.com',5,NULL,0,'2013-04-24 02:09:05','2013-06-24 14:45:01',1,0),(79,1,0,NULL,'lilia@example.com',5,NULL,0,'2013-04-24 02:12:03','2013-06-24 14:42:08',1,0),(80,1,0,1,'albert@example.com',1,NULL,0,'2013-04-24 03:21:52','2013-06-24 14:40:50',1,0),(81,1,0,1,'shashi@example.com',1,NULL,0,'2013-04-24 03:51:29','2013-06-24 14:40:30',1,0),(82,1,0,1,'gogi@example.com',1,NULL,1,'2013-04-24 04:12:51','2013-06-24 14:40:12',1,0),(84,1,0,NULL,'pearl@example.com',5,NULL,0,'2013-04-24 14:04:47','2013-06-24 14:39:56',1,0),(85,1,0,NULL,'chang@example.com',5,NULL,0,'2013-04-24 14:10:37','2013-06-24 14:39:34',1,0),(86,1,0,NULL,'irvin@example.com',5,NULL,0,'2013-04-24 14:13:32','2013-06-24 14:39:04',1,0),(87,1,0,NULL,'shan@example.com',5,NULL,0,'2013-04-24 14:16:09','2013-06-24 14:38:48',1,0),(88,1,0,NULL,'lorenzo@example.com',5,NULL,0,'2013-04-24 14:19:46','2013-06-24 14:38:33',1,0),(89,1,0,1,'melvin@example.com',2,NULL,0,'2013-04-24 14:45:48','2013-06-24 14:38:15',1,0),(90,1,0,1,'kenda@example.com',1,NULL,0,'2013-04-24 14:50:07','2013-06-24 14:37:53',1,0),(91,1,0,1,'delena@example.com',1,NULL,0,'2013-04-24 14:51:57','2013-06-24 14:37:35',1,0),(92,1,0,1,'kip@example.com',1,NULL,0,'2013-04-24 14:53:37','2013-06-24 14:32:15',1,0),(93,1,0,1,'tanja@example.com',2,NULL,0,'2013-04-24 14:57:11','2013-06-24 14:31:56',1,0),(94,1,0,1,'seema@example.com',2,NULL,0,'2013-04-24 14:59:10','2013-06-24 14:31:34',1,0),(95,1,0,1,'dong@example.com',2,NULL,0,'2013-04-24 15:01:01','2013-06-24 14:31:09',1,0),(96,1,0,NULL,'kinley@example.com',5,NULL,0,'2013-04-24 15:03:23','2013-06-24 14:30:56',1,0),(97,1,0,NULL,'percy@example.com',5,NULL,0,'2013-04-24 15:05:40','2013-06-24 14:30:43',1,0),(98,1,0,1,'theo@example.com',1,NULL,0,'2013-04-24 15:07:31','2013-06-24 14:30:29',1,0),(99,1,0,1,'clay@example.com',1,NULL,0,'2013-04-24 15:09:09','2013-06-24 14:30:15',1,0),(100,1,0,1,'janesmith@example.com',4,NULL,0,'2013-04-24 15:10:53','2013-06-24 14:30:02',1,0),(101,1,0,1,'jerry@example.com',4,NULL,0,'2013-04-24 15:13:41','2013-06-24 14:29:44',1,0),(102,1,0,1,'erich@example.com',1,NULL,0,'2013-04-24 15:17:27','2013-12-25 10:03:36',1,0),(103,1,0,NULL,'milo@example.com',5,NULL,0,'2013-04-24 15:19:25','2013-06-24 14:55:08',1,0),(104,1,0,1,'drew@example.com',4,NULL,0,'2013-04-24 15:24:51','2013-06-24 14:21:12',1,0),(127,1,0,1,'johnsmith@example.com',4,NULL,1,'2013-05-15 16:45:10','2013-06-24 14:20:58',1,0),(135,1,0,1,'johndoe@example.com',1,NULL,0,'2013-05-16 04:16:11','2013-06-24 14:20:46',1,0),(136,1,0,1,'janedoe@example.com',1,NULL,0,'2013-05-16 04:20:45','2014-05-03 21:36:47',1,0);

--
-- Table structure for table `customer_entity_datetime`
--

CREATE TABLE `customer_entity_datetime` (
  `value_id` int(11) NOT NULL AUTO_INCREMENT COMMENT 'Value Id',
  `entity_type_id` smallint(5) unsigned NOT NULL DEFAULT '0' COMMENT 'Entity Type Id',
  `attribute_id` smallint(5) unsigned NOT NULL DEFAULT '0' COMMENT 'Attribute Id',
  `entity_id` int(10) unsigned NOT NULL DEFAULT '0' COMMENT 'Entity Id',
  `value` datetime NOT NULL DEFAULT '0000-00-00 00:00:00' COMMENT 'Value',
  PRIMARY KEY (`value_id`),
  UNIQUE KEY `UNQ_CUSTOMER_ENTITY_DATETIME_ENTITY_ID_ATTRIBUTE_ID` (`entity_id`,`attribute_id`),
  KEY `IDX_CUSTOMER_ENTITY_DATETIME_ENTITY_TYPE_ID` (`entity_type_id`),
  KEY `IDX_CUSTOMER_ENTITY_DATETIME_ATTRIBUTE_ID` (`attribute_id`),
  KEY `IDX_CUSTOMER_ENTITY_DATETIME_ENTITY_ID` (`entity_id`),
  KEY `IDX_CUSTOMER_ENTITY_DATETIME_ENTITY_ID_ATTRIBUTE_ID_VALUE` (`entity_id`,`attribute_id`,`value`),
  CONSTRAINT `FK_CSTR_ENTT_DTIME_ATTR_ID_EAV_ATTR_ATTR_ID` FOREIGN KEY (`attribute_id`) REFERENCES `eav_attribute` (`attribute_id`) ON DELETE CASCADE ON UPDATE CASCADE,
  CONSTRAINT `FK_CSTR_ENTT_DTIME_ENTT_TYPE_ID_EAV_ENTT_TYPE_ENTT_TYPE_ID` FOREIGN KEY (`entity_type_id`) REFERENCES `eav_entity_type` (`entity_type_id`) ON DELETE CASCADE ON UPDATE CASCADE,
  CONSTRAINT `FK_CUSTOMER_ENTITY_DATETIME_ENTITY_ID_CUSTOMER_ENTITY_ENTITY_ID` FOREIGN KEY (`entity_id`) REFERENCES `customer_entity` (`entity_id`) ON DELETE CASCADE ON UPDATE CASCADE
) ENGINE=InnoDB AUTO_INCREMENT=103 DEFAULT CHARSET=utf8 COMMENT='Customer Entity Datetime';

--
-- Dumping data for table `customer_entity_datetime`
--

INSERT INTO `customer_entity_datetime` VALUES (18,1,11,31,'1991-04-03 00:00:00'),(19,1,11,30,'1981-04-07 00:00:00'),(20,1,11,29,'1980-01-01 00:00:00'),(22,1,11,28,'1997-04-15 00:00:00'),(23,1,11,27,'1970-04-17 00:00:00'),(24,1,11,26,'1968-11-11 00:00:00'),(25,1,11,25,'1977-10-22 00:00:00'),(26,1,11,24,'2001-01-03 00:00:00'),(37,1,11,59,'1997-07-14 00:00:00'),(38,1,11,60,'1985-02-24 00:00:00'),(40,1,11,62,'1971-01-17 00:00:00'),(41,1,11,63,'1968-08-21 00:00:00'),(42,1,11,64,'1975-03-23 00:00:00'),(43,1,11,65,'1980-01-01 00:00:00'),(46,1,11,68,'1975-05-12 00:00:00'),(47,1,11,69,'1980-01-01 00:00:00'),(48,1,11,70,'1978-04-17 00:00:00'),(49,1,11,71,'1982-05-03 00:00:00'),(50,1,11,72,'1977-05-08 00:00:00'),(51,1,11,73,'1984-04-23 00:00:00'),(52,1,11,74,'1989-05-05 00:00:00'),(53,1,11,75,'1970-07-13 00:00:00'),(54,1,11,76,'1985-04-20 00:00:00'),(55,1,11,77,'1973-06-08 00:00:00'),(56,1,11,78,'1971-01-01 00:00:00'),(57,1,11,79,'1970-08-10 00:00:00'),(58,1,11,80,'1977-04-03 00:00:00'),(59,1,11,81,'1969-10-10 00:00:00'),(61,1,11,84,'1985-06-10 00:00:00'),(62,1,11,85,'1976-12-03 00:00:00'),(63,1,11,86,'1980-04-06 00:00:00'),(64,1,11,87,'1978-12-05 00:00:00'),(65,1,11,88,'1981-09-10 00:00:00'),(66,1,11,89,'1979-07-16 00:00:00'),(67,1,11,90,'1988-12-06 00:00:00'),(68,1,11,91,'1975-04-01 00:00:00'),(69,1,11,92,'1986-06-02 00:00:00'),(70,1,11,93,'1989-03-01 00:00:00'),(71,1,11,94,'1983-02-17 00:00:00'),(72,1,11,95,'1990-09-13 00:00:00'),(73,1,11,96,'1976-10-10 00:00:00'),(74,1,11,97,'1978-03-08 00:00:00'),(75,1,11,98,'1980-05-05 00:00:00'),(76,1,11,99,'1984-10-14 00:00:00'),(77,1,11,100,'1982-10-13 00:00:00'),(78,1,11,101,'1990-09-17 00:00:00'),(79,1,11,102,'1989-04-02 00:00:00'),(80,1,11,103,'1990-06-02 00:00:00'),(81,1,11,104,'1985-02-08 00:00:00'),(102,1,11,127,'1981-04-15 00:00:00');

--
-- Table structure for table `customer_entity_decimal`
--

CREATE TABLE `customer_entity_decimal` (
  `value_id` int(11) NOT NULL AUTO_INCREMENT COMMENT 'Value Id',
  `entity_type_id` smallint(5) unsigned NOT NULL DEFAULT '0' COMMENT 'Entity Type Id',
  `attribute_id` smallint(5) unsigned NOT NULL DEFAULT '0' COMMENT 'Attribute Id',
  `entity_id` int(10) unsigned NOT NULL DEFAULT '0' COMMENT 'Entity Id',
  `value` decimal(12,4) NOT NULL DEFAULT '0.0000' COMMENT 'Value',
  PRIMARY KEY (`value_id`),
  UNIQUE KEY `UNQ_CUSTOMER_ENTITY_DECIMAL_ENTITY_ID_ATTRIBUTE_ID` (`entity_id`,`attribute_id`),
  KEY `IDX_CUSTOMER_ENTITY_DECIMAL_ENTITY_TYPE_ID` (`entity_type_id`),
  KEY `IDX_CUSTOMER_ENTITY_DECIMAL_ATTRIBUTE_ID` (`attribute_id`),
  KEY `IDX_CUSTOMER_ENTITY_DECIMAL_ENTITY_ID` (`entity_id`),
  KEY `IDX_CUSTOMER_ENTITY_DECIMAL_ENTITY_ID_ATTRIBUTE_ID_VALUE` (`entity_id`,`attribute_id`,`value`),
  CONSTRAINT `FK_CSTR_ENTT_DEC_ATTR_ID_EAV_ATTR_ATTR_ID` FOREIGN KEY (`attribute_id`) REFERENCES `eav_attribute` (`attribute_id`) ON DELETE CASCADE ON UPDATE CASCADE,
  CONSTRAINT `FK_CSTR_ENTT_DEC_ENTT_TYPE_ID_EAV_ENTT_TYPE_ENTT_TYPE_ID` FOREIGN KEY (`entity_type_id`) REFERENCES `eav_entity_type` (`entity_type_id`) ON DELETE CASCADE ON UPDATE CASCADE,
  CONSTRAINT `FK_CUSTOMER_ENTITY_DECIMAL_ENTITY_ID_CUSTOMER_ENTITY_ENTITY_ID` FOREIGN KEY (`entity_id`) REFERENCES `customer_entity` (`entity_id`) ON DELETE CASCADE ON UPDATE CASCADE
) ENGINE=InnoDB DEFAULT CHARSET=utf8 COMMENT='Customer Entity Decimal';

--
-- Dumping data for table `customer_entity_decimal`
--


--
-- Table structure for table `customer_entity_int`
--

CREATE TABLE `customer_entity_int` (
  `value_id` int(11) NOT NULL AUTO_INCREMENT COMMENT 'Value Id',
  `entity_type_id` smallint(5) unsigned NOT NULL DEFAULT '0' COMMENT 'Entity Type Id',
  `attribute_id` smallint(5) unsigned NOT NULL DEFAULT '0' COMMENT 'Attribute Id',
  `entity_id` int(10) unsigned NOT NULL DEFAULT '0' COMMENT 'Entity Id',
  `value` int(11) NOT NULL DEFAULT '0' COMMENT 'Value',
  PRIMARY KEY (`value_id`),
  UNIQUE KEY `UNQ_CUSTOMER_ENTITY_INT_ENTITY_ID_ATTRIBUTE_ID` (`entity_id`,`attribute_id`),
  KEY `IDX_CUSTOMER_ENTITY_INT_ENTITY_TYPE_ID` (`entity_type_id`),
  KEY `IDX_CUSTOMER_ENTITY_INT_ATTRIBUTE_ID` (`attribute_id`),
  KEY `IDX_CUSTOMER_ENTITY_INT_ENTITY_ID` (`entity_id`),
  KEY `IDX_CUSTOMER_ENTITY_INT_ENTITY_ID_ATTRIBUTE_ID_VALUE` (`entity_id`,`attribute_id`,`value`),
  CONSTRAINT `FK_CSTR_ENTT_INT_ENTT_TYPE_ID_EAV_ENTT_TYPE_ENTT_TYPE_ID` FOREIGN KEY (`entity_type_id`) REFERENCES `eav_entity_type` (`entity_type_id`) ON DELETE CASCADE ON UPDATE CASCADE,
  CONSTRAINT `FK_CUSTOMER_ENTITY_INT_ATTRIBUTE_ID_EAV_ATTRIBUTE_ATTRIBUTE_ID` FOREIGN KEY (`attribute_id`) REFERENCES `eav_attribute` (`attribute_id`) ON DELETE CASCADE ON UPDATE CASCADE,
  CONSTRAINT `FK_CUSTOMER_ENTITY_INT_ENTITY_ID_CUSTOMER_ENTITY_ENTITY_ID` FOREIGN KEY (`entity_id`) REFERENCES `customer_entity` (`entity_id`) ON DELETE CASCADE ON UPDATE CASCADE
) ENGINE=InnoDB AUTO_INCREMENT=1156 DEFAULT CHARSET=utf8 COMMENT='Customer Entity Int';

--
-- Dumping data for table `customer_entity_int`
--

INSERT INTO `customer_entity_int` VALUES (183,1,13,24,18),(184,1,14,24,18),(185,1,149,24,1),(186,1,150,24,1),(189,1,13,25,19),(190,1,14,25,19),(191,1,149,25,1),(192,1,150,25,1),(195,1,13,26,20),(196,1,14,26,20),(197,1,149,26,1),(198,1,150,26,1),(201,1,13,27,21),(202,1,14,27,21),(203,1,149,27,1),(204,1,150,27,1),(207,1,13,28,22),(208,1,14,28,22),(209,1,149,28,1),(210,1,150,28,1),(213,1,13,29,23),(214,1,14,29,23),(215,1,149,29,1),(216,1,150,29,1),(219,1,13,30,24),(220,1,14,30,24),(221,1,149,30,1),(222,1,150,30,1),(225,1,13,31,25),(226,1,14,31,25),(227,1,149,31,1),(228,1,150,31,1),(252,1,18,31,2),(257,1,18,30,1),(262,1,18,29,2),(271,1,18,28,1),(276,1,18,27,2),(281,1,18,26,1),(286,1,18,25,1),(291,1,18,24,1),(590,1,18,59,1),(591,1,13,59,29),(592,1,14,59,29),(593,1,149,59,1),(594,1,150,59,1),(597,1,18,60,2),(598,1,13,60,30),(599,1,14,60,30),(600,1,149,60,1),(601,1,150,60,1),(611,1,18,62,1),(612,1,13,62,32),(613,1,14,62,32),(614,1,149,62,1),(615,1,150,62,1),(618,1,18,63,2),(619,1,13,63,33),(620,1,14,63,33),(621,1,149,63,1),(622,1,150,63,1),(625,1,18,64,2),(626,1,13,64,34),(627,1,14,64,34),(628,1,149,64,1),(629,1,150,64,1),(632,1,18,65,1),(633,1,13,65,35),(634,1,14,65,35),(635,1,149,65,1),(636,1,150,65,1),(654,1,18,68,1),(655,1,13,68,37),(656,1,14,68,37),(657,1,149,68,1),(658,1,150,68,1),(661,1,18,69,1),(662,1,13,69,38),(663,1,14,69,38),(664,1,149,69,1),(665,1,150,69,1),(668,1,18,70,2),(669,1,13,70,39),(670,1,14,70,39),(671,1,149,70,1),(672,1,150,70,1),(675,1,18,71,1),(676,1,13,71,40),(677,1,14,71,40),(678,1,149,71,1),(679,1,150,71,1),(682,1,18,72,1),(683,1,13,72,41),(684,1,14,72,41),(685,1,149,72,1),(686,1,150,72,1),(689,1,18,73,1),(690,1,13,73,42),(691,1,14,73,42),(692,1,149,73,1),(693,1,150,73,1),(696,1,18,74,2),(697,1,13,74,43),(698,1,14,74,43),(699,1,149,74,1),(700,1,150,74,1),(703,1,18,75,1),(704,1,13,75,44),(705,1,14,75,44),(706,1,149,75,1),(707,1,150,75,1),(710,1,18,76,2),(711,1,13,76,45),(712,1,14,76,45),(713,1,149,76,1),(714,1,150,76,1),(717,1,18,77,1),(718,1,13,77,46),(719,1,14,77,46),(720,1,149,77,1),(721,1,150,77,1),(724,1,18,78,1),(725,1,13,78,47),(726,1,14,78,47),(727,1,149,78,1),(728,1,150,78,1),(731,1,18,79,2),(732,1,13,79,48),(733,1,14,79,48),(734,1,149,79,1),(735,1,150,79,1),(740,1,18,80,1),(741,1,13,80,49),(742,1,14,80,49),(743,1,149,80,1),(744,1,150,80,1),(747,1,18,81,1),(748,1,13,81,50),(749,1,14,81,50),(750,1,149,81,1),(751,1,150,81,1),(754,1,13,82,51),(755,1,14,82,51),(756,1,149,82,1),(757,1,150,82,1),(763,1,18,84,2),(764,1,13,84,53),(765,1,14,84,53),(766,1,149,84,1),(767,1,150,84,1),(770,1,18,85,1),(771,1,13,85,54),(772,1,14,85,54),(773,1,149,85,1),(774,1,150,85,1),(777,1,18,86,1),(778,1,13,86,55),(779,1,14,86,55),(780,1,149,86,1),(781,1,150,86,1),(788,1,18,87,2),(789,1,13,87,56),(790,1,14,87,56),(791,1,149,87,1),(792,1,150,87,1),(795,1,18,88,1),(796,1,13,88,57),(797,1,14,88,57),(798,1,149,88,1),(799,1,150,88,1),(802,1,18,89,1),(803,1,13,89,58),(804,1,14,89,58),(805,1,149,89,1),(806,1,150,89,1),(809,1,18,90,1),(810,1,13,90,59),(811,1,14,90,59),(812,1,149,90,1),(813,1,150,90,1),(816,1,18,91,2),(817,1,13,91,60),(818,1,14,91,60),(819,1,149,91,1),(820,1,150,91,1),(823,1,18,92,1),(824,1,13,92,61),(825,1,14,92,61),(826,1,149,92,1),(827,1,150,92,1),(830,1,18,93,1),(831,1,13,93,62),(832,1,14,93,62),(833,1,149,93,1),(834,1,150,93,1),(837,1,18,94,2),(838,1,13,94,63),(839,1,14,94,63),(840,1,149,94,1),(841,1,150,94,1),(844,1,18,95,1),(845,1,13,95,64),(846,1,14,95,64),(847,1,149,95,1),(848,1,150,95,1),(851,1,18,96,2),(852,1,13,96,65),(853,1,14,96,65),(854,1,149,96,1),(855,1,150,96,1),(858,1,18,97,1),(859,1,13,97,66),(860,1,14,97,66),(861,1,149,97,1),(862,1,150,97,1),(865,1,18,98,1),(866,1,13,98,67),(867,1,14,98,67),(868,1,149,98,1),(869,1,150,98,1),(872,1,18,99,1),(873,1,13,99,68),(874,1,14,99,68),(875,1,149,99,1),(876,1,150,99,1),(879,1,18,100,2),(880,1,13,100,69),(881,1,14,100,69),(882,1,149,100,1),(883,1,150,100,1),(886,1,18,101,1),(887,1,13,101,70),(888,1,14,101,70),(889,1,149,101,1),(890,1,150,101,1),(893,1,18,102,1),(894,1,13,102,71),(895,1,14,102,71),(896,1,149,102,1),(897,1,150,102,1),(900,1,18,103,1),(901,1,13,103,72),(902,1,14,103,72),(903,1,149,103,1),(904,1,150,103,1),(907,1,18,104,1),(908,1,13,104,73),(909,1,14,104,73),(910,1,149,104,1),(911,1,150,104,1),(1072,1,18,127,1),(1073,1,13,127,84),(1074,1,14,127,84),(1075,1,149,127,1),(1076,1,150,127,1),(1115,1,18,135,1),(1116,1,13,135,91),(1117,1,149,135,1),(1118,1,150,135,1),(1120,1,14,135,91),(1130,1,13,136,92),(1131,1,14,136,92),(1132,1,149,136,1),(1133,1,150,136,1);

--
-- Table structure for table `customer_entity_text`
--

CREATE TABLE `customer_entity_text` (
  `value_id` int(11) NOT NULL AUTO_INCREMENT COMMENT 'Value Id',
  `entity_type_id` smallint(5) unsigned NOT NULL DEFAULT '0' COMMENT 'Entity Type Id',
  `attribute_id` smallint(5) unsigned NOT NULL DEFAULT '0' COMMENT 'Attribute Id',
  `entity_id` int(10) unsigned NOT NULL DEFAULT '0' COMMENT 'Entity Id',
  `value` text NOT NULL COMMENT 'Value',
  PRIMARY KEY (`value_id`),
  UNIQUE KEY `UNQ_CUSTOMER_ENTITY_TEXT_ENTITY_ID_ATTRIBUTE_ID` (`entity_id`,`attribute_id`),
  KEY `IDX_CUSTOMER_ENTITY_TEXT_ENTITY_TYPE_ID` (`entity_type_id`),
  KEY `IDX_CUSTOMER_ENTITY_TEXT_ATTRIBUTE_ID` (`attribute_id`),
  KEY `IDX_CUSTOMER_ENTITY_TEXT_ENTITY_ID` (`entity_id`),
  CONSTRAINT `FK_CSTR_ENTT_TEXT_ENTT_TYPE_ID_EAV_ENTT_TYPE_ENTT_TYPE_ID` FOREIGN KEY (`entity_type_id`) REFERENCES `eav_entity_type` (`entity_type_id`) ON DELETE CASCADE ON UPDATE CASCADE,
  CONSTRAINT `FK_CUSTOMER_ENTITY_TEXT_ATTRIBUTE_ID_EAV_ATTRIBUTE_ATTRIBUTE_ID` FOREIGN KEY (`attribute_id`) REFERENCES `eav_attribute` (`attribute_id`) ON DELETE CASCADE ON UPDATE CASCADE,
  CONSTRAINT `FK_CUSTOMER_ENTITY_TEXT_ENTITY_ID_CUSTOMER_ENTITY_ENTITY_ID` FOREIGN KEY (`entity_id`) REFERENCES `customer_entity` (`entity_id`) ON DELETE CASCADE ON UPDATE CASCADE
) ENGINE=InnoDB DEFAULT CHARSET=utf8 COMMENT='Customer Entity Text';

--
-- Dumping data for table `customer_entity_text`
--


--
-- Table structure for table `customer_entity_varchar`
--

CREATE TABLE `customer_entity_varchar` (
  `value_id` int(11) NOT NULL AUTO_INCREMENT COMMENT 'Value Id',
  `entity_type_id` smallint(5) unsigned NOT NULL DEFAULT '0' COMMENT 'Entity Type Id',
  `attribute_id` smallint(5) unsigned NOT NULL DEFAULT '0' COMMENT 'Attribute Id',
  `entity_id` int(10) unsigned NOT NULL DEFAULT '0' COMMENT 'Entity Id',
  `value` varchar(255) DEFAULT NULL COMMENT 'Value',
  PRIMARY KEY (`value_id`),
  UNIQUE KEY `UNQ_CUSTOMER_ENTITY_VARCHAR_ENTITY_ID_ATTRIBUTE_ID` (`entity_id`,`attribute_id`),
  KEY `IDX_CUSTOMER_ENTITY_VARCHAR_ENTITY_TYPE_ID` (`entity_type_id`),
  KEY `IDX_CUSTOMER_ENTITY_VARCHAR_ATTRIBUTE_ID` (`attribute_id`),
  KEY `IDX_CUSTOMER_ENTITY_VARCHAR_ENTITY_ID` (`entity_id`),
  KEY `IDX_CUSTOMER_ENTITY_VARCHAR_ENTITY_ID_ATTRIBUTE_ID_VALUE` (`entity_id`,`attribute_id`,`value`),
  CONSTRAINT `FK_CSTR_ENTT_VCHR_ATTR_ID_EAV_ATTR_ATTR_ID` FOREIGN KEY (`attribute_id`) REFERENCES `eav_attribute` (`attribute_id`) ON DELETE CASCADE ON UPDATE CASCADE,
  CONSTRAINT `FK_CSTR_ENTT_VCHR_ENTT_TYPE_ID_EAV_ENTT_TYPE_ENTT_TYPE_ID` FOREIGN KEY (`entity_type_id`) REFERENCES `eav_entity_type` (`entity_type_id`) ON DELETE CASCADE ON UPDATE CASCADE,
  CONSTRAINT `FK_CUSTOMER_ENTITY_VARCHAR_ENTITY_ID_CUSTOMER_ENTITY_ENTITY_ID` FOREIGN KEY (`entity_id`) REFERENCES `customer_entity` (`entity_id`) ON DELETE CASCADE ON UPDATE CASCADE
) ENGINE=InnoDB AUTO_INCREMENT=2301 DEFAULT CHARSET=utf8 COMMENT='Customer Entity Varchar';

--
-- Dumping data for table `customer_entity_varchar`
--

INSERT INTO `customer_entity_varchar` VALUES (320,1,5,24,'Jack'),(322,1,7,24,'Fitz'),(325,1,12,24,'4fe96cf8b888c1f20e1726450896940a2cea453128c51fa07539536a4205e12b:t6'),(326,1,3,24,'Admin'),(328,1,5,25,'Mark'),(330,1,7,25,'Woodland'),(333,1,12,25,'88a1205691208020485938f6dc2f3e772cd4b4018575d45a6de511bbd6b584c9:cS'),(334,1,3,25,'Admin'),(336,1,5,26,'Rack'),(338,1,7,26,'Fox'),(341,1,12,26,'379bc0231938dd46387560449b35b1f05d4c6b52de945ab936f42ab9fafa68be:Y2'),(342,1,3,26,'Admin'),(344,1,5,27,'Marilyn'),(346,1,7,27,'Monroe'),(349,1,12,27,'5b4b5238ab294351205f6dfd9c93384a294a6a86b4ef9dbdc880f73d21f229ef:an'),(350,1,3,27,'Admin'),(352,1,5,28,'Haven'),(354,1,7,28,'Bangor'),(357,1,12,28,'0f1ffbd9ac72b26bcaad44ce26bfcfeced1511859e29c3ea82ceff35e6e6f2c0:Os'),(358,1,3,28,'Admin'),(360,1,5,29,'Jill'),(362,1,7,29,'Moorehouse'),(365,1,12,29,'a09fe14370d5623130d83df5062aca3402600ea7d96c5ec32986e3590357be2b:7c'),(366,1,3,29,'Admin'),(368,1,5,30,'Robert'),(370,1,7,30,'Ngia'),(373,1,12,30,'0cf7695dddce1340955a44337f3426e5ceaa7e9a828cb9a8aade44c663b9a2a5:jC'),(374,1,3,30,'Admin'),(382,1,5,31,'Joe'),(384,1,7,31,'Butler'),(387,1,12,31,'193ce91ddbff526aaa127246a9e3d850b0cdf3e81a91817d8f557d327e8e6f18:Xr'),(388,1,3,31,'Admin'),(1011,1,5,59,'Chris'),(1013,1,7,59,'Fox'),(1016,1,12,59,'d0e166e1f7b04d45e732eb37028e1c6badbbe372c605c5b30581269dff681192:h6'),(1017,1,3,59,'Admin'),(1018,1,4,60,NULL),(1019,1,5,60,'Mary'),(1020,1,6,60,NULL),(1021,1,7,60,'Hillary'),(1022,1,8,60,NULL),(1023,1,15,60,NULL),(1024,1,12,60,'55ae8f6e9253c952f313bcf2154e54b4a58ca57bffcdc04e480bd420fc2930f9:Xl'),(1025,1,3,60,'Admin'),(1034,1,4,62,NULL),(1035,1,5,62,'Ram'),(1036,1,6,62,NULL),(1037,1,7,62,'Raja'),(1038,1,8,62,NULL),(1039,1,15,62,NULL),(1040,1,12,62,'f439b577d5717a37fa3192f40ef68502d5183023aac530fb0013b24c48d1ff6a:nH'),(1041,1,3,62,'Admin'),(1042,1,4,63,NULL),(1043,1,5,63,'Candy'),(1044,1,6,63,NULL),(1045,1,7,63,'Rocha'),(1046,1,8,63,NULL),(1047,1,15,63,NULL),(1048,1,12,63,'422e5f2a9fe146bca9d7069307053ea7a21c28f8adbd15a00dbe1ffc87460567:kt'),(1049,1,3,63,'Admin'),(1052,1,5,64,'Mickey'),(1054,1,7,64,'Watz'),(1057,1,12,64,'77bd876f50a4dbdbfe43b03ddd8b450c6084af24f410828057ac5fb7d2a78f98:ot'),(1058,1,3,64,'Admin'),(1062,1,5,65,'Tay'),(1064,1,7,65,'Ray'),(1067,1,12,65,'ecc068bcc7d0ea6fed5f0697d7dff0433ed435232f388326e1be8e31625f29c2:lL'),(1068,1,3,65,'Admin'),(1089,1,4,68,NULL),(1090,1,5,68,'Chuck'),(1091,1,6,68,NULL),(1092,1,7,68,'Gain'),(1093,1,8,68,NULL),(1094,1,15,68,NULL),(1095,1,12,68,'bfbb2ff384f7cda10e4051f3ed5dd8eb94c1f1f844bbcf4f524ff969c36663c9:Pa'),(1096,1,3,68,'Admin'),(1097,1,4,69,NULL),(1098,1,5,69,'Day'),(1099,1,6,69,NULL),(1100,1,7,69,'Canavan'),(1101,1,8,69,NULL),(1102,1,15,69,NULL),(1103,1,12,69,'5f99f56b2c551e539d3f683d2e06146814362f942dfcd6846f3c604a3ad13c16:E5'),(1104,1,3,69,'Admin'),(1106,1,5,70,'Rinky'),(1108,1,7,70,'Patel'),(1111,1,12,70,'052d41ce59417d20f158c059e55413f3966afd66a483324cd3a6c424a5e9ccfc:D4'),(1112,1,3,70,'Admin'),(1113,1,4,71,NULL),(1114,1,5,71,'Andy'),(1115,1,6,71,NULL),(1116,1,7,71,'Ngyugen'),(1117,1,8,71,NULL),(1118,1,15,71,NULL),(1119,1,12,71,'bb2442c8876d8a5bf05ccfb134560a83801e2f64794a85a390c3fe9b1ad5c40a:WL'),(1120,1,3,71,'Admin'),(1121,1,4,72,NULL),(1122,1,5,72,'John'),(1123,1,6,72,NULL),(1124,1,7,72,'Fernandiz'),(1125,1,8,72,NULL),(1126,1,15,72,NULL),(1127,1,12,72,'83077784516dca33ca3a425e206e193a3264842e199ad67735327a60255a4b63:XE'),(1128,1,3,72,'Admin'),(1130,1,5,73,'Donald'),(1132,1,7,73,'Hertz'),(1135,1,12,73,'9dc186d96af6e34f4a95205c9aeddcffd09913df2313a5a5b9f396cf487380f5:55'),(1136,1,3,73,'Admin'),(1138,1,5,74,'Linda'),(1140,1,7,74,'Wood'),(1143,1,12,74,'ca721e35165defd094107b1f51a3cc56f8ee15164e4526aa37ea1dc15c3b30b0:aC2JakzLSBce9R6zCfNADDodEqdkRlXI'),(1144,1,3,74,'Admin'),(1145,1,4,75,NULL),(1146,1,5,75,'Mack'),(1147,1,6,75,NULL),(1148,1,7,75,'Wigley'),(1149,1,8,75,NULL),(1150,1,15,75,NULL),(1151,1,12,75,'e696bae0c7a9e075b50053f2a97e422074d7535cb066885a61f21b3abf64249f:ue'),(1152,1,3,75,'Admin'),(1153,1,4,76,NULL),(1154,1,5,76,'Faith'),(1155,1,6,76,NULL),(1156,1,7,76,'Jaitely'),(1157,1,8,76,NULL),(1158,1,15,76,NULL),(1159,1,12,76,'bcc03245fc42ac08870bebc5d285c8a331facdd3eb685a063675a7f6379c97f5:ic'),(1160,1,3,76,'Admin'),(1161,1,4,77,NULL),(1162,1,5,77,'David'),(1163,1,6,77,NULL),(1164,1,7,77,'Grutman'),(1165,1,8,77,NULL),(1166,1,15,77,NULL),(1167,1,12,77,'28ab8ab1f2ad37a97039bffcfe39fc31cbe68445947b01173fe6e974d5aa02e0:sI'),(1168,1,3,77,'Admin'),(1169,1,4,78,NULL),(1170,1,5,78,'Prince'),(1171,1,6,78,NULL),(1172,1,7,78,'Charles'),(1173,1,8,78,NULL),(1174,1,15,78,NULL),(1175,1,12,78,'811ae4797d34c397e2dbca4e0a6e65cf138aeac053a3c96d92f283279f88f167:Ip'),(1176,1,3,78,'Admin'),(1177,1,4,79,NULL),(1178,1,5,79,'Lilia'),(1179,1,6,79,NULL),(1180,1,7,79,'Lotus'),(1181,1,8,79,NULL),(1182,1,15,79,NULL),(1183,1,12,79,'c659a28e3c5eb35ba42459ac8023255c66d748b79e255adb117bc5c5203e25d4:kl'),(1184,1,3,79,'Admin'),(1193,1,5,80,'Albert'),(1195,1,7,80,'Einstein'),(1198,1,12,80,'b7ec461d676ff06618d76d639d153604c5ea71d1a4e76c9a6b00f0d587045b80:fT'),(1199,1,3,80,'Admin'),(1204,1,4,81,NULL),(1205,1,5,81,'Shashi'),(1206,1,6,81,NULL),(1207,1,7,81,'Palli'),(1208,1,8,81,NULL),(1209,1,15,81,NULL),(1210,1,12,81,'0234298a91b1d8c0abd9eb98b0943be0268b59b19b1b41d1fc6804c6965ca99d:LK'),(1211,1,3,81,'Admin'),(1214,1,5,82,'Gogi'),(1215,1,7,82,'Cooper'),(1216,1,12,82,'bb354edfa7fd9b0d2beefcce991bc088706cd3ff5ad77bd26ca1215469455ea2:WFeamQFR91RduDS6TX4QxHYq9VGpsQDb'),(1217,1,3,82,'English'),(1229,1,5,84,'Pearl'),(1231,1,7,84,'Glory'),(1234,1,12,84,'bd3182e2569892a2446f9fc88d38af7b4f9c6429f31bb75b7b34f4ee1993024c:9C'),(1235,1,3,84,'Admin'),(1236,1,4,85,NULL),(1237,1,5,85,'Chang'),(1238,1,6,85,NULL),(1239,1,7,85,'yang'),(1240,1,8,85,NULL),(1241,1,15,85,NULL),(1242,1,12,85,'abc26cea7daa55a0586b2a4b3d47ee962e50f4917f181758982fb538887ae140:Xz'),(1243,1,3,85,'Admin'),(1244,1,4,86,NULL),(1245,1,5,86,'Irvin'),(1246,1,6,86,NULL),(1247,1,7,86,'Chipps'),(1248,1,8,86,NULL),(1249,1,15,86,NULL),(1250,1,12,86,'523f952163ff7f3ce251f222ec2575bdd1ebd4b5e8130f54658a11968493531c:Re'),(1251,1,3,86,'Admin'),(1257,1,4,87,NULL),(1258,1,5,87,'Shan'),(1259,1,6,87,NULL),(1260,1,7,87,'Bugg'),(1261,1,8,87,NULL),(1262,1,15,87,NULL),(1263,1,12,87,'ae26d7c1ecb7f432e83864c3a03f18efd461fa0c3c2cf6fa87effddcef329148:9C'),(1264,1,3,87,'Admin'),(1265,1,4,88,NULL),(1266,1,5,88,'Lorenzo'),(1267,1,6,88,NULL),(1268,1,7,88,'Strecker'),(1269,1,8,88,NULL),(1270,1,15,88,NULL),(1271,1,12,88,'13e02e7762471ce5524febd1cded166b6480a68cf2b07d9c861656351610495f:YJ'),(1272,1,3,88,'Admin'),(1274,1,4,89,NULL),(1275,1,5,89,'Melvin'),(1276,1,6,89,NULL),(1277,1,7,89,'Speck'),(1278,1,8,89,NULL),(1279,1,15,89,NULL),(1280,1,12,89,'4b24414be523ab76b8b56b6e738bf87ea2ad0c8ed6a9d6a3017d36308d56848c:w6'),(1281,1,3,89,'Admin'),(1282,1,4,90,NULL),(1283,1,5,90,'Kenda'),(1284,1,6,90,NULL),(1285,1,7,90,'Tanaka'),(1286,1,8,90,NULL),(1287,1,15,90,NULL),(1288,1,12,90,'d612ea71bcecfa816af69349dcf002323c7b630405fc4c2230324345f7343f30:AW'),(1289,1,3,90,'Admin'),(1290,1,4,91,NULL),(1291,1,5,91,'Delena'),(1292,1,6,91,NULL),(1293,1,7,91,'Wesley'),(1294,1,8,91,NULL),(1295,1,15,91,NULL),(1296,1,12,91,'b2fe6e32a4157db84c560179167a9c88fb31f1fc0240468824896404e83f5248:22'),(1297,1,3,91,'Admin'),(1299,1,5,92,'Kip'),(1301,1,7,92,'Chee'),(1304,1,12,92,'d27ed4358d41d7fdadd882b4b0dd9b129e1b1d802f140ccd64a1f7ed0a20b470:RejdvWZTh11QnHKO0jFHWbEnRlwCWSGf'),(1305,1,3,92,'Admin'),(1306,1,4,93,NULL),(1307,1,5,93,'Tanja'),(1308,1,6,93,NULL),(1309,1,7,93,'Melville'),(1310,1,8,93,NULL),(1311,1,15,93,NULL),(1312,1,12,93,'2175ea6e0b3915ba35c3d10a67c0fd4653ee35dec9591fd3c28d9849b0b6a45a:LG'),(1313,1,3,93,'Admin'),(1314,1,4,94,NULL),(1315,1,5,94,'Seema'),(1316,1,6,94,NULL),(1317,1,7,94,'Droz'),(1318,1,8,94,NULL),(1319,1,15,94,NULL),(1320,1,12,94,'f3c02d44a3b8ea51a8fe7f40cb28f9763bff9e2cca6c5f7ddfae26ef7e407a47:ye'),(1321,1,3,94,'Admin'),(1323,1,5,95,'Dong'),(1325,1,7,95,'Berg'),(1328,1,12,95,'141f1be54e304cb51281d5b3686fd0c0e43d52cd9533dcb4bc9e7d6c98ea219f:GMTHwEojFws6tnJZRBkhqgGU9J5UD2eZ'),(1329,1,3,95,'Admin'),(1330,1,4,96,NULL),(1331,1,5,96,'Kinley'),(1332,1,6,96,NULL),(1333,1,7,96,'Than'),(1334,1,8,96,NULL),(1335,1,15,96,NULL),(1336,1,12,96,'db558912811ff8f8c86cb2f24dc95d61d599ea5af0163e8141a22c47df5eb370:7x'),(1337,1,3,96,'Admin'),(1338,1,4,97,NULL),(1339,1,5,97,'Percy'),(1340,1,6,97,NULL),(1341,1,7,97,'Pella'),(1342,1,8,97,NULL),(1343,1,15,97,NULL),(1344,1,12,97,'148211d0b81e584d58ddd395fcd4f75c501095ba81418a78c57caf773ecc0019:Den4IDY6knYb8WK6suYRY8cgPA7UPrqZ'),(1345,1,3,97,'Admin'),(1346,1,4,98,NULL),(1347,1,5,98,'Theo'),(1348,1,6,98,NULL),(1349,1,7,98,'Porras'),(1350,1,8,98,NULL),(1351,1,15,98,NULL),(1352,1,12,98,'e5cb0857e7f697ad25513f9eae394fc3587fdd1567e2cfe4b9cbc66d4270dd3a:Ny'),(1353,1,3,98,'Admin'),(1354,1,4,99,NULL),(1355,1,5,99,'Clay'),(1356,1,6,99,NULL),(1357,1,7,99,'Lock'),(1358,1,8,99,NULL),(1359,1,15,99,NULL),(1360,1,12,99,'f8ecdf1259a416f11d76d5af05417470919dbf67a27636ebf38e37ea637e7542:wA'),(1361,1,3,99,'Admin'),(1363,1,5,100,'Jane'),(1365,1,7,100,'Smith'),(1368,1,12,100,'49e2849dd4a697130f4fc384c87ca4d4b7f71cdae3562bfdb2900745b4955d3f:idQD7Y85sveF3brqHzZqOJkZMWHhuGyn'),(1369,1,3,100,'Admin'),(1370,1,4,101,NULL),(1371,1,5,101,'Jerry'),(1372,1,6,101,NULL),(1373,1,7,101,'Luke'),(1374,1,8,101,NULL),(1375,1,15,101,NULL),(1376,1,12,101,'a9ab299aa65bc8675ad62929bc77c949ccc3af6e571a8aaf3150b7934b2b7cb1:8l'),(1377,1,3,101,'Admin'),(1378,1,4,102,NULL),(1379,1,5,102,'Erich'),(1380,1,6,102,NULL),(1381,1,7,102,'Forbes'),(1382,1,8,102,NULL),(1383,1,15,102,NULL),(1384,1,12,102,'e90340226d2ba1d57fbadd2304c16be5:WfIVZO25n2qe64zl9VylQ7B0kkZP0wnq'),(1385,1,3,102,'Admin'),(1386,1,4,103,NULL),(1387,1,5,103,'Milo'),(1388,1,6,103,NULL),(1389,1,7,103,'Vitti'),(1390,1,8,103,NULL),(1391,1,15,103,NULL),(1392,1,12,103,'a19a3f699e5cc547f7958a89e538ee515434b9cc83f793688d8cb2af3b3cf514:i1w812g9I6FJGzV1byntxbbCzS00PZzF'),(1393,1,3,103,'Admin'),(1394,1,4,104,NULL),(1395,1,5,104,'Drew'),(1396,1,6,104,NULL),(1397,1,7,104,'France'),(1398,1,8,104,NULL),(1399,1,15,104,NULL),(1400,1,12,104,'2350686c97788153d7b09cc73e6cd20155761a430030665c2aedad758e3553a4:fs6y1OSMqjnWQJ8jeJpdQV3xWajNbgbF'),(1401,1,3,104,'Admin'),(1538,1,4,95,NULL),(1539,1,6,95,NULL),(1540,1,8,95,NULL),(1541,1,15,95,NULL),(1746,1,5,127,'John'),(1747,1,7,127,'Smith'),(1748,1,12,127,'f49424d7c554f8f583fa9b1927d9eab064b07c32bdc1c63a45572440461c9159:RHas3yzS6IQeDyUzCjaW9f74lnYOvan2'),(1750,1,3,127,'English'),(1818,1,5,135,'John'),(1820,1,7,135,'Doe'),(1823,1,12,135,'60d0b6777081273c90d9dcf6342b18d511d539f5f119b56a364b2b0ff6dd29f1:O9hr8Lafe1STOCnJkp2ZHjFMrfM9plGn'),(1824,1,3,135,'Admin'),(1835,1,5,136,'Jane'),(1837,1,7,136,'Doe'),(1840,1,12,136,'80f8bdf79491b99b8180a4e746046ea5:8huK4jwUrBIwUTnw3LuWKT9MzAQghb5z'),(1841,1,3,136,'Admin'),(1922,1,4,127,NULL),(1923,1,6,127,NULL),(1924,1,8,127,NULL),(1925,1,15,127,NULL),(2046,1,4,100,NULL),(2047,1,6,100,NULL),(2048,1,8,100,NULL),(2049,1,15,100,NULL),(2094,1,4,135,NULL),(2095,1,6,135,NULL),(2096,1,8,135,NULL),(2097,1,15,135,NULL),(2133,1,4,24,NULL),(2134,1,6,24,NULL),(2135,1,8,24,NULL),(2136,1,15,24,NULL),(2137,1,4,25,NULL),(2138,1,6,25,NULL),(2139,1,8,25,NULL),(2140,1,15,25,NULL),(2141,1,4,26,NULL),(2142,1,6,26,NULL),(2143,1,8,26,NULL),(2144,1,15,26,NULL),(2157,1,4,27,NULL),(2158,1,6,27,NULL),(2159,1,8,27,NULL),(2160,1,15,27,NULL),(2161,1,4,28,NULL),(2162,1,6,28,NULL),(2163,1,8,28,NULL),(2164,1,15,28,NULL),(2165,1,4,29,NULL),(2166,1,6,29,NULL),(2167,1,8,29,NULL),(2168,1,15,29,NULL),(2169,1,4,30,NULL),(2170,1,6,30,NULL),(2171,1,8,30,NULL),(2172,1,15,30,NULL),(2173,1,4,31,NULL),(2174,1,6,31,NULL),(2175,1,8,31,NULL),(2176,1,15,31,NULL),(2177,1,4,59,NULL),(2178,1,6,59,NULL),(2179,1,8,59,NULL),(2180,1,15,59,NULL),(2193,1,4,64,NULL),(2194,1,6,64,NULL),(2195,1,8,64,NULL),(2196,1,15,64,NULL),(2197,1,4,65,NULL),(2198,1,6,65,NULL),(2199,1,8,65,NULL),(2200,1,15,65,NULL),(2209,1,4,70,NULL),(2210,1,6,70,NULL),(2211,1,8,70,NULL),(2212,1,15,70,NULL),(2221,1,4,73,NULL),(2222,1,6,73,NULL),(2223,1,8,73,NULL),(2224,1,15,73,NULL),(2225,1,4,74,NULL),(2226,1,6,74,NULL),(2227,1,8,74,NULL),(2228,1,15,74,NULL),(2249,1,4,80,NULL),(2250,1,6,80,NULL),(2251,1,8,80,NULL),(2252,1,15,80,NULL),(2257,1,4,82,NULL),(2258,1,6,82,NULL),(2259,1,8,82,NULL),(2260,1,15,82,NULL),(2261,1,4,84,NULL),(2262,1,6,84,NULL),(2263,1,8,84,NULL),(2264,1,15,84,NULL),(2297,1,4,92,NULL),(2298,1,6,92,NULL),(2299,1,8,92,NULL),(2300,1,15,92,NULL);

--
-- Table structure for table `customer_form_attribute`
--

CREATE TABLE `customer_form_attribute` (
  `form_code` varchar(32) NOT NULL COMMENT 'Form Code',
  `attribute_id` smallint(5) unsigned NOT NULL COMMENT 'Attribute Id',
  PRIMARY KEY (`form_code`,`attribute_id`),
  KEY `IDX_CUSTOMER_FORM_ATTRIBUTE_ATTRIBUTE_ID` (`attribute_id`),
  CONSTRAINT `FK_CSTR_FORM_ATTR_ATTR_ID_EAV_ATTR_ATTR_ID` FOREIGN KEY (`attribute_id`) REFERENCES `eav_attribute` (`attribute_id`) ON DELETE CASCADE ON UPDATE CASCADE
) ENGINE=InnoDB DEFAULT CHARSET=utf8 COMMENT='Customer Form Attribute';

--
-- Dumping data for table `customer_form_attribute`
--

INSERT INTO `customer_form_attribute` VALUES ('adminhtml_customer',1),('adminhtml_customer',3),('adminhtml_customer',4),('checkout_register',4),('customer_account_create',4),('customer_account_edit',4),('adminhtml_customer',5),('checkout_register',5),('customer_account_create',5),('customer_account_edit',5),('adminhtml_customer',6),('checkout_register',6),('customer_account_create',6),('customer_account_edit',6),('adminhtml_customer',7),('checkout_register',7),('customer_account_create',7),('customer_account_edit',7),('adminhtml_customer',8),('checkout_register',8),('customer_account_create',8),('customer_account_edit',8),('adminhtml_checkout',9),('adminhtml_customer',9),('checkout_register',9),('customer_account_create',9),('customer_account_edit',9),('adminhtml_checkout',10),('adminhtml_customer',10),('adminhtml_checkout',11),('adminhtml_customer',11),('checkout_register',11),('customer_account_create',11),('customer_account_edit',11),('adminhtml_checkout',15),('adminhtml_customer',15),('checkout_register',15),('customer_account_create',15),('customer_account_edit',15),('adminhtml_customer',17),('checkout_register',17),('customer_account_create',17),('customer_account_edit',17),('adminhtml_checkout',18),('adminhtml_customer',18),('checkout_register',18),('customer_account_create',18),('customer_account_edit',18),('adminhtml_customer_address',19),('customer_address_edit',19),('customer_register_address',19),('adminhtml_customer_address',20),('customer_address_edit',20),('customer_register_address',20),('adminhtml_customer_address',21),('customer_address_edit',21),('customer_register_address',21),('adminhtml_customer_address',22),('customer_address_edit',22),('customer_register_address',22),('adminhtml_customer_address',23),('customer_address_edit',23),('customer_register_address',23),('adminhtml_customer_address',24),('customer_address_edit',24),('customer_register_address',24),('adminhtml_customer_address',25),('customer_address_edit',25),('customer_register_address',25),('adminhtml_customer_address',26),('customer_address_edit',26),('customer_register_address',26),('adminhtml_customer_address',27),('customer_address_edit',27),('customer_register_address',27),('adminhtml_customer_address',28),('customer_address_edit',28),('customer_register_address',28),('adminhtml_customer_address',29),('customer_address_edit',29),('customer_register_address',29),('adminhtml_customer_address',30),('customer_address_edit',30),('customer_register_address',30),('adminhtml_customer_address',31),('customer_address_edit',31),('customer_register_address',31),('adminhtml_customer_address',32),('customer_address_edit',32),('customer_register_address',32),('adminhtml_customer',35),('adminhtml_customer_address',36),('customer_address_edit',36),('customer_register_address',36);

--
-- Table structure for table `customer_group`
--

CREATE TABLE `customer_group` (
  `customer_group_id` smallint(5) unsigned NOT NULL AUTO_INCREMENT COMMENT 'Customer Group Id',
  `customer_group_code` varchar(32) NOT NULL COMMENT 'Customer Group Code',
  `tax_class_id` int(10) unsigned NOT NULL DEFAULT '0' COMMENT 'Tax Class Id',
  PRIMARY KEY (`customer_group_id`)
) ENGINE=InnoDB AUTO_INCREMENT=6 DEFAULT CHARSET=utf8 COMMENT='Customer Group';

--
-- Dumping data for table `customer_group`
--

INSERT INTO `customer_group` VALUES (0,'NOT LOGGED IN',10),(1,'General',3),(2,'Wholesale',5),(4,'VIP Member',3),(5,'Private Sales Member',9);

--
-- Table structure for table `cybermut_api_debug`
--

CREATE TABLE `cybermut_api_debug` (
  `debug_id` int(10) unsigned NOT NULL AUTO_INCREMENT,
  `debug_at` timestamp NOT NULL DEFAULT CURRENT_TIMESTAMP ON UPDATE CURRENT_TIMESTAMP,
  `request_body` text,
  `response_body` text,
  PRIMARY KEY (`debug_id`),
  KEY `debug_at` (`debug_at`)
) ENGINE=InnoDB DEFAULT CHARSET=utf8;

--
-- Dumping data for table `cybermut_api_debug`
--


--
-- Table structure for table `dataflow_batch`
--

CREATE TABLE `dataflow_batch` (
  `batch_id` int(10) unsigned NOT NULL AUTO_INCREMENT COMMENT 'Batch Id',
  `profile_id` int(10) unsigned NOT NULL DEFAULT '0' COMMENT 'Profile ID',
  `store_id` smallint(5) unsigned NOT NULL DEFAULT '0' COMMENT 'Store Id',
  `adapter` varchar(128) DEFAULT NULL COMMENT 'Adapter',
  `params` text COMMENT 'Parameters',
  `created_at` timestamp NULL DEFAULT NULL COMMENT 'Created At',
  PRIMARY KEY (`batch_id`),
  KEY `IDX_DATAFLOW_BATCH_PROFILE_ID` (`profile_id`),
  KEY `IDX_DATAFLOW_BATCH_STORE_ID` (`store_id`),
  KEY `IDX_DATAFLOW_BATCH_CREATED_AT` (`created_at`),
  CONSTRAINT `FK_DATAFLOW_BATCH_PROFILE_ID_DATAFLOW_PROFILE_PROFILE_ID` FOREIGN KEY (`profile_id`) REFERENCES `dataflow_profile` (`profile_id`) ON DELETE CASCADE ON UPDATE NO ACTION,
  CONSTRAINT `FK_DATAFLOW_BATCH_STORE_ID_CORE_STORE_STORE_ID` FOREIGN KEY (`store_id`) REFERENCES `core_store` (`store_id`) ON DELETE CASCADE ON UPDATE NO ACTION
) ENGINE=InnoDB DEFAULT CHARSET=utf8 COMMENT='Dataflow Batch';

--
-- Dumping data for table `dataflow_batch`
--


--
-- Table structure for table `dataflow_batch_export`
--

CREATE TABLE `dataflow_batch_export` (
  `batch_export_id` bigint(20) unsigned NOT NULL AUTO_INCREMENT COMMENT 'Batch Export Id',
  `batch_id` int(10) unsigned NOT NULL DEFAULT '0' COMMENT 'Batch Id',
  `batch_data` longtext COMMENT 'Batch Data',
  `status` smallint(5) unsigned NOT NULL DEFAULT '0' COMMENT 'Status',
  PRIMARY KEY (`batch_export_id`),
  KEY `IDX_DATAFLOW_BATCH_EXPORT_BATCH_ID` (`batch_id`),
  CONSTRAINT `FK_DATAFLOW_BATCH_EXPORT_BATCH_ID_DATAFLOW_BATCH_BATCH_ID` FOREIGN KEY (`batch_id`) REFERENCES `dataflow_batch` (`batch_id`) ON DELETE CASCADE ON UPDATE NO ACTION
) ENGINE=InnoDB DEFAULT CHARSET=utf8 COMMENT='Dataflow Batch Export';

--
-- Dumping data for table `dataflow_batch_export`
--


--
-- Table structure for table `dataflow_batch_import`
--

CREATE TABLE `dataflow_batch_import` (
  `batch_import_id` bigint(20) unsigned NOT NULL AUTO_INCREMENT COMMENT 'Batch Import Id',
  `batch_id` int(10) unsigned NOT NULL DEFAULT '0' COMMENT 'Batch Id',
  `batch_data` longtext COMMENT 'Batch Data',
  `status` smallint(5) unsigned NOT NULL DEFAULT '0' COMMENT 'Status',
  PRIMARY KEY (`batch_import_id`),
  KEY `IDX_DATAFLOW_BATCH_IMPORT_BATCH_ID` (`batch_id`),
  CONSTRAINT `FK_DATAFLOW_BATCH_IMPORT_BATCH_ID_DATAFLOW_BATCH_BATCH_ID` FOREIGN KEY (`batch_id`) REFERENCES `dataflow_batch` (`batch_id`) ON DELETE CASCADE ON UPDATE NO ACTION
) ENGINE=InnoDB DEFAULT CHARSET=utf8 COMMENT='Dataflow Batch Import';

--
-- Dumping data for table `dataflow_batch_import`
--


--
-- Table structure for table `dataflow_import_data`
--

CREATE TABLE `dataflow_import_data` (
  `import_id` int(11) NOT NULL AUTO_INCREMENT COMMENT 'Import Id',
  `session_id` int(11) DEFAULT NULL COMMENT 'Session Id',
  `serial_number` int(11) NOT NULL DEFAULT '0' COMMENT 'Serial Number',
  `value` text COMMENT 'Value',
  `status` int(11) NOT NULL DEFAULT '0' COMMENT 'Status',
  PRIMARY KEY (`import_id`),
  KEY `IDX_DATAFLOW_IMPORT_DATA_SESSION_ID` (`session_id`),
  CONSTRAINT `FK_DATAFLOW_IMPORT_DATA_SESSION_ID_DATAFLOW_SESSION_SESSION_ID` FOREIGN KEY (`session_id`) REFERENCES `dataflow_session` (`session_id`) ON DELETE NO ACTION ON UPDATE NO ACTION
) ENGINE=InnoDB DEFAULT CHARSET=utf8 COMMENT='Dataflow Import Data';

--
-- Dumping data for table `dataflow_import_data`
--


--
-- Table structure for table `dataflow_profile`
--

CREATE TABLE `dataflow_profile` (
  `profile_id` int(10) unsigned NOT NULL AUTO_INCREMENT COMMENT 'Profile Id',
  `name` varchar(255) DEFAULT NULL COMMENT 'Name',
  `created_at` timestamp NULL DEFAULT NULL COMMENT 'Created At',
  `updated_at` timestamp NULL DEFAULT NULL COMMENT 'Updated At',
  `actions_xml` text COMMENT 'Actions Xml',
  `gui_data` text COMMENT 'Gui Data',
  `direction` varchar(6) DEFAULT NULL COMMENT 'Direction',
  `entity_type` varchar(64) DEFAULT NULL COMMENT 'Entity Type',
  `store_id` smallint(5) unsigned NOT NULL DEFAULT '0' COMMENT 'Store Id',
  `data_transfer` varchar(11) DEFAULT NULL COMMENT 'Data Transfer',
  PRIMARY KEY (`profile_id`)
) ENGINE=InnoDB AUTO_INCREMENT=7 DEFAULT CHARSET=utf8 COMMENT='Dataflow Profile';

--
-- Dumping data for table `dataflow_profile`
--

INSERT INTO `dataflow_profile` VALUES (1,'Export All Products','2013-01-14 10:12:50','2013-01-14 10:12:50','<action type=\"catalog/convert_adapter_product\" method=\"load\">\\r\\n    <var name=\"store\"><![CDATA[0]]></var>\\r\\n</action>\\r\\n\\r\\n<action type=\"catalog/convert_parser_product\" method=\"unparse\">\\r\\n    <var name=\"store\"><![CDATA[0]]></var>\\r\\n</action>\\r\\n\\r\\n<action type=\"dataflow/convert_mapper_column\" method=\"map\">\\r\\n</action>\\r\\n\\r\\n<action type=\"dataflow/convert_parser_csv\" method=\"unparse\">\\r\\n    <var name=\"delimiter\"><![CDATA[,]]></var>\\r\\n    <var name=\"enclose\"><![CDATA[\"]]></var>\\r\\n    <var name=\"fieldnames\">true</var>\\r\\n</action>\\r\\n\\r\\n<action type=\"dataflow/convert_adapter_io\" method=\"save\">\\r\\n    <var name=\"type\">file</var>\\r\\n    <var name=\"path\">var/export</var>\\r\\n    <var name=\"filename\"><![CDATA[export_all_products.csv]]></var>\\r\\n</action>\\r\\n\\r\\n','a:5:{s:4:\"file\";a:7:{s:4:\"type\";s:4:\"file\";s:8:\"filename\";s:23:\"export_all_products.csv\";s:4:\"path\";s:10:\"var/export\";s:4:\"host\";s:0:\"\";s:4:\"user\";s:0:\"\";s:8:\"password\";s:0:\"\";s:7:\"passive\";s:0:\"\";}s:5:\"parse\";a:5:{s:4:\"type\";s:3:\"csv\";s:12:\"single_sheet\";s:0:\"\";s:9:\"delimiter\";s:1:\",\";s:7:\"enclose\";s:1:\"\"\";s:10:\"fieldnames\";s:4:\"true\";}s:3:\"map\";a:3:{s:14:\"only_specified\";s:0:\"\";s:7:\"product\";a:2:{s:2:\"db\";a:0:{}s:4:\"file\";a:0:{}}s:8:\"customer\";a:2:{s:2:\"db\";a:0:{}s:4:\"file\";a:0:{}}}s:7:\"product\";a:1:{s:6:\"filter\";a:8:{s:4:\"name\";s:0:\"\";s:3:\"sku\";s:0:\"\";s:4:\"type\";s:1:\"0\";s:13:\"attribute_set\";s:0:\"\";s:5:\"price\";a:2:{s:4:\"from\";s:0:\"\";s:2:\"to\";s:0:\"\";}s:3:\"qty\";a:2:{s:4:\"from\";s:0:\"\";s:2:\"to\";s:0:\"\";}s:10:\"visibility\";s:1:\"0\";s:6:\"status\";s:1:\"0\";}}s:8:\"customer\";a:1:{s:6:\"filter\";a:10:{s:9:\"firstname\";s:0:\"\";s:8:\"lastname\";s:0:\"\";s:5:\"email\";s:0:\"\";s:5:\"group\";s:1:\"0\";s:10:\"adressType\";s:15:\"default_billing\";s:9:\"telephone\";s:0:\"\";s:8:\"postcode\";s:0:\"\";s:7:\"country\";s:0:\"\";s:6:\"region\";s:0:\"\";s:10:\"created_at\";a:2:{s:4:\"from\";s:0:\"\";s:2:\"to\";s:0:\"\";}}}}','export','product',0,'file'),(2,'Export Product Stocks','2013-01-14 10:12:50','2013-01-14 10:12:50','<action type=\"catalog/convert_adapter_product\" method=\"load\">\\r\\n    <var name=\"store\"><![CDATA[0]]></var>\\r\\n</action>\\r\\n\\r\\n<action type=\"catalog/convert_parser_product\" method=\"unparse\">\\r\\n    <var name=\"store\"><![CDATA[0]]></var>\\r\\n</action>\\r\\n\\r\\n<action type=\"dataflow/convert_mapper_column\" method=\"map\">\\r\\n</action>\\r\\n\\r\\n<action type=\"dataflow/convert_parser_csv\" method=\"unparse\">\\r\\n    <var name=\"delimiter\"><![CDATA[,]]></var>\\r\\n    <var name=\"enclose\"><![CDATA[\"]]></var>\\r\\n    <var name=\"fieldnames\">true</var>\\r\\n</action>\\r\\n\\r\\n<action type=\"dataflow/convert_adapter_io\" method=\"save\">\\r\\n    <var name=\"type\">file</var>\\r\\n    <var name=\"path\">var/export</var>\\r\\n    <var name=\"filename\"><![CDATA[export_all_products.csv]]></var>\\r\\n</action>\\r\\n\\r\\n','a:5:{s:4:\"file\";a:7:{s:4:\"type\";s:4:\"file\";s:8:\"filename\";s:25:\"export_product_stocks.csv\";s:4:\"path\";s:10:\"var/export\";s:4:\"host\";s:0:\"\";s:4:\"user\";s:0:\"\";s:8:\"password\";s:0:\"\";s:7:\"passive\";s:0:\"\";}s:5:\"parse\";a:5:{s:4:\"type\";s:3:\"csv\";s:12:\"single_sheet\";s:0:\"\";s:9:\"delimiter\";s:1:\",\";s:7:\"enclose\";s:1:\"\"\";s:10:\"fieldnames\";s:4:\"true\";}s:3:\"map\";a:3:{s:14:\"only_specified\";s:4:\"true\";s:7:\"product\";a:2:{s:2:\"db\";a:4:{i:1;s:5:\"store\";i:2;s:3:\"sku\";i:3;s:3:\"qty\";i:4;s:11:\"is_in_stock\";}s:4:\"file\";a:4:{i:1;s:5:\"store\";i:2;s:3:\"sku\";i:3;s:3:\"qty\";i:4;s:11:\"is_in_stock\";}}s:8:\"customer\";a:2:{s:2:\"db\";a:0:{}s:4:\"file\";a:0:{}}}s:7:\"product\";a:1:{s:6:\"filter\";a:8:{s:4:\"name\";s:0:\"\";s:3:\"sku\";s:0:\"\";s:4:\"type\";s:1:\"0\";s:13:\"attribute_set\";s:0:\"\";s:5:\"price\";a:2:{s:4:\"from\";s:0:\"\";s:2:\"to\";s:0:\"\";}s:3:\"qty\";a:2:{s:4:\"from\";s:0:\"\";s:2:\"to\";s:0:\"\";}s:10:\"visibility\";s:1:\"0\";s:6:\"status\";s:1:\"0\";}}s:8:\"customer\";a:1:{s:6:\"filter\";a:10:{s:9:\"firstname\";s:0:\"\";s:8:\"lastname\";s:0:\"\";s:5:\"email\";s:0:\"\";s:5:\"group\";s:1:\"0\";s:10:\"adressType\";s:15:\"default_billing\";s:9:\"telephone\";s:0:\"\";s:8:\"postcode\";s:0:\"\";s:7:\"country\";s:0:\"\";s:6:\"region\";s:0:\"\";s:10:\"created_at\";a:2:{s:4:\"from\";s:0:\"\";s:2:\"to\";s:0:\"\";}}}}','export','product',0,'file'),(3,'Import All Products','2013-01-14 10:12:50','2013-01-14 10:12:50','<action type=\"dataflow/convert_parser_csv\" method=\"parse\">\\r\\n    <var name=\"delimiter\"><![CDATA[,]]></var>\\r\\n    <var name=\"enclose\"><![CDATA[\"]]></var>\\r\\n    <var name=\"fieldnames\">true</var>\\r\\n    <var name=\"store\"><![CDATA[0]]></var>\\r\\n    <var name=\"adapter\">catalog/convert_adapter_product</var>\\r\\n    <var name=\"method\">parse</var>\\r\\n</action>','a:5:{s:4:\"file\";a:7:{s:4:\"type\";s:4:\"file\";s:8:\"filename\";s:23:\"export_all_products.csv\";s:4:\"path\";s:10:\"var/export\";s:4:\"host\";s:0:\"\";s:4:\"user\";s:0:\"\";s:8:\"password\";s:0:\"\";s:7:\"passive\";s:0:\"\";}s:5:\"parse\";a:5:{s:4:\"type\";s:3:\"csv\";s:12:\"single_sheet\";s:0:\"\";s:9:\"delimiter\";s:1:\",\";s:7:\"enclose\";s:1:\"\"\";s:10:\"fieldnames\";s:4:\"true\";}s:3:\"map\";a:3:{s:14:\"only_specified\";s:0:\"\";s:7:\"product\";a:2:{s:2:\"db\";a:0:{}s:4:\"file\";a:0:{}}s:8:\"customer\";a:2:{s:2:\"db\";a:0:{}s:4:\"file\";a:0:{}}}s:7:\"product\";a:1:{s:6:\"filter\";a:8:{s:4:\"name\";s:0:\"\";s:3:\"sku\";s:0:\"\";s:4:\"type\";s:1:\"0\";s:13:\"attribute_set\";s:0:\"\";s:5:\"price\";a:2:{s:4:\"from\";s:0:\"\";s:2:\"to\";s:0:\"\";}s:3:\"qty\";a:2:{s:4:\"from\";s:0:\"\";s:2:\"to\";s:0:\"\";}s:10:\"visibility\";s:1:\"0\";s:6:\"status\";s:1:\"0\";}}s:8:\"customer\";a:1:{s:6:\"filter\";a:10:{s:9:\"firstname\";s:0:\"\";s:8:\"lastname\";s:0:\"\";s:5:\"email\";s:0:\"\";s:5:\"group\";s:1:\"0\";s:10:\"adressType\";s:15:\"default_billing\";s:9:\"telephone\";s:0:\"\";s:8:\"postcode\";s:0:\"\";s:7:\"country\";s:0:\"\";s:6:\"region\";s:0:\"\";s:10:\"created_at\";a:2:{s:4:\"from\";s:0:\"\";s:2:\"to\";s:0:\"\";}}}}','import','product',0,'interactive'),(4,'Import Product Stocks','2013-01-14 10:12:50','2013-01-14 10:12:50','<action type=\"dataflow/convert_parser_csv\" method=\"parse\">\\r\\n    <var name=\"delimiter\"><![CDATA[,]]></var>\\r\\n    <var name=\"enclose\"><![CDATA[\"]]></var>\\r\\n    <var name=\"fieldnames\">true</var>\\r\\n    <var name=\"store\"><![CDATA[0]]></var>\\r\\n    <var name=\"adapter\">catalog/convert_adapter_product</var>\\r\\n    <var name=\"method\">parse</var>\\r\\n</action>','a:5:{s:4:\"file\";a:7:{s:4:\"type\";s:4:\"file\";s:8:\"filename\";s:18:\"export_product.csv\";s:4:\"path\";s:10:\"var/export\";s:4:\"host\";s:0:\"\";s:4:\"user\";s:0:\"\";s:8:\"password\";s:0:\"\";s:7:\"passive\";s:0:\"\";}s:5:\"parse\";a:5:{s:4:\"type\";s:3:\"csv\";s:12:\"single_sheet\";s:0:\"\";s:9:\"delimiter\";s:1:\",\";s:7:\"enclose\";s:1:\"\"\";s:10:\"fieldnames\";s:4:\"true\";}s:3:\"map\";a:3:{s:14:\"only_specified\";s:0:\"\";s:7:\"product\";a:2:{s:2:\"db\";a:0:{}s:4:\"file\";a:0:{}}s:8:\"customer\";a:2:{s:2:\"db\";a:0:{}s:4:\"file\";a:0:{}}}s:7:\"product\";a:1:{s:6:\"filter\";a:8:{s:4:\"name\";s:0:\"\";s:3:\"sku\";s:0:\"\";s:4:\"type\";s:1:\"0\";s:13:\"attribute_set\";s:0:\"\";s:5:\"price\";a:2:{s:4:\"from\";s:0:\"\";s:2:\"to\";s:0:\"\";}s:3:\"qty\";a:2:{s:4:\"from\";s:0:\"\";s:2:\"to\";s:0:\"\";}s:10:\"visibility\";s:1:\"0\";s:6:\"status\";s:1:\"0\";}}s:8:\"customer\";a:1:{s:6:\"filter\";a:10:{s:9:\"firstname\";s:0:\"\";s:8:\"lastname\";s:0:\"\";s:5:\"email\";s:0:\"\";s:5:\"group\";s:1:\"0\";s:10:\"adressType\";s:15:\"default_billing\";s:9:\"telephone\";s:0:\"\";s:8:\"postcode\";s:0:\"\";s:7:\"country\";s:0:\"\";s:6:\"region\";s:0:\"\";s:10:\"created_at\";a:2:{s:4:\"from\";s:0:\"\";s:2:\"to\";s:0:\"\";}}}}','import','product',0,'interactive'),(5,'Export Customers','2013-01-14 10:12:50','2013-01-14 10:12:50','<action type=\"customer/convert_adapter_customer\" method=\"load\">\\r\\n    <var name=\"store\"><![CDATA[0]]></var>\\r\\n    <var name=\"filter/adressType\"><![CDATA[default_billing]]></var>\\r\\n</action>\\r\\n\\r\\n<action type=\"customer/convert_parser_customer\" method=\"unparse\">\\r\\n    <var name=\"store\"><![CDATA[0]]></var>\\r\\n</action>\\r\\n\\r\\n<action type=\"dataflow/convert_mapper_column\" method=\"map\">\\r\\n</action>\\r\\n\\r\\n<action type=\"dataflow/convert_parser_csv\" method=\"unparse\">\\r\\n    <var name=\"delimiter\"><![CDATA[,]]></var>\\r\\n    <var name=\"enclose\"><![CDATA[\"]]></var>\\r\\n    <var name=\"fieldnames\">true</var>\\r\\n</action>\\r\\n\\r\\n<action type=\"dataflow/convert_adapter_io\" method=\"save\">\\r\\n    <var name=\"type\">file</var>\\r\\n    <var name=\"path\">var/export</var>\\r\\n    <var name=\"filename\"><![CDATA[export_customers.csv]]></var>\\r\\n</action>\\r\\n\\r\\n','a:5:{s:4:\"file\";a:7:{s:4:\"type\";s:4:\"file\";s:8:\"filename\";s:20:\"export_customers.csv\";s:4:\"path\";s:10:\"var/export\";s:4:\"host\";s:0:\"\";s:4:\"user\";s:0:\"\";s:8:\"password\";s:0:\"\";s:7:\"passive\";s:0:\"\";}s:5:\"parse\";a:5:{s:4:\"type\";s:3:\"csv\";s:12:\"single_sheet\";s:0:\"\";s:9:\"delimiter\";s:1:\",\";s:7:\"enclose\";s:1:\"\"\";s:10:\"fieldnames\";s:4:\"true\";}s:3:\"map\";a:3:{s:14:\"only_specified\";s:0:\"\";s:7:\"product\";a:2:{s:2:\"db\";a:0:{}s:4:\"file\";a:0:{}}s:8:\"customer\";a:2:{s:2:\"db\";a:0:{}s:4:\"file\";a:0:{}}}s:7:\"product\";a:1:{s:6:\"filter\";a:8:{s:4:\"name\";s:0:\"\";s:3:\"sku\";s:0:\"\";s:4:\"type\";s:1:\"0\";s:13:\"attribute_set\";s:0:\"\";s:5:\"price\";a:2:{s:4:\"from\";s:0:\"\";s:2:\"to\";s:0:\"\";}s:3:\"qty\";a:2:{s:4:\"from\";s:0:\"\";s:2:\"to\";s:0:\"\";}s:10:\"visibility\";s:1:\"0\";s:6:\"status\";s:1:\"0\";}}s:8:\"customer\";a:1:{s:6:\"filter\";a:10:{s:9:\"firstname\";s:0:\"\";s:8:\"lastname\";s:0:\"\";s:5:\"email\";s:0:\"\";s:5:\"group\";s:1:\"0\";s:10:\"adressType\";s:15:\"default_billing\";s:9:\"telephone\";s:0:\"\";s:8:\"postcode\";s:0:\"\";s:7:\"country\";s:0:\"\";s:6:\"region\";s:0:\"\";s:10:\"created_at\";a:2:{s:4:\"from\";s:0:\"\";s:2:\"to\";s:0:\"\";}}}}','export','customer',0,'file'),(6,'Import Customers','2013-01-14 10:12:50','2013-01-14 10:12:50','<action type=\"dataflow/convert_parser_csv\" method=\"parse\">\\r\\n    <var name=\"delimiter\"><![CDATA[,]]></var>\\r\\n    <var name=\"enclose\"><![CDATA[\"]]></var>\\r\\n    <var name=\"fieldnames\">true</var>\\r\\n    <var name=\"store\"><![CDATA[0]]></var>\\r\\n    <var name=\"adapter\">customer/convert_adapter_customer</var>\\r\\n    <var name=\"method\">parse</var>\\r\\n</action>','a:5:{s:4:\"file\";a:7:{s:4:\"type\";s:4:\"file\";s:8:\"filename\";s:19:\"export_customer.csv\";s:4:\"path\";s:10:\"var/export\";s:4:\"host\";s:0:\"\";s:4:\"user\";s:0:\"\";s:8:\"password\";s:0:\"\";s:7:\"passive\";s:0:\"\";}s:5:\"parse\";a:5:{s:4:\"type\";s:3:\"csv\";s:12:\"single_sheet\";s:0:\"\";s:9:\"delimiter\";s:1:\",\";s:7:\"enclose\";s:1:\"\"\";s:10:\"fieldnames\";s:4:\"true\";}s:3:\"map\";a:3:{s:14:\"only_specified\";s:0:\"\";s:7:\"product\";a:2:{s:2:\"db\";a:0:{}s:4:\"file\";a:0:{}}s:8:\"customer\";a:2:{s:2:\"db\";a:0:{}s:4:\"file\";a:0:{}}}s:7:\"product\";a:1:{s:6:\"filter\";a:8:{s:4:\"name\";s:0:\"\";s:3:\"sku\";s:0:\"\";s:4:\"type\";s:1:\"0\";s:13:\"attribute_set\";s:0:\"\";s:5:\"price\";a:2:{s:4:\"from\";s:0:\"\";s:2:\"to\";s:0:\"\";}s:3:\"qty\";a:2:{s:4:\"from\";s:0:\"\";s:2:\"to\";s:0:\"\";}s:10:\"visibility\";s:1:\"0\";s:6:\"status\";s:1:\"0\";}}s:8:\"customer\";a:1:{s:6:\"filter\";a:10:{s:9:\"firstname\";s:0:\"\";s:8:\"lastname\";s:0:\"\";s:5:\"email\";s:0:\"\";s:5:\"group\";s:1:\"0\";s:10:\"adressType\";s:15:\"default_billing\";s:9:\"telephone\";s:0:\"\";s:8:\"postcode\";s:0:\"\";s:7:\"country\";s:0:\"\";s:6:\"region\";s:0:\"\";s:10:\"created_at\";a:2:{s:4:\"from\";s:0:\"\";s:2:\"to\";s:0:\"\";}}}}','import','customer',0,'interactive');

--
-- Table structure for table `dataflow_profile_history`
--

CREATE TABLE `dataflow_profile_history` (
  `history_id` int(10) unsigned NOT NULL AUTO_INCREMENT COMMENT 'History Id',
  `profile_id` int(10) unsigned NOT NULL DEFAULT '0' COMMENT 'Profile Id',
  `action_code` varchar(64) DEFAULT NULL COMMENT 'Action Code',
  `user_id` int(10) unsigned NOT NULL DEFAULT '0' COMMENT 'User Id',
  `performed_at` timestamp NULL DEFAULT NULL COMMENT 'Performed At',
  PRIMARY KEY (`history_id`),
  KEY `IDX_DATAFLOW_PROFILE_HISTORY_PROFILE_ID` (`profile_id`),
  CONSTRAINT `FK_AEA06B0C500063D3CE6EA671AE776645` FOREIGN KEY (`profile_id`) REFERENCES `dataflow_profile` (`profile_id`) ON DELETE CASCADE ON UPDATE CASCADE
) ENGINE=InnoDB AUTO_INCREMENT=7 DEFAULT CHARSET=utf8 COMMENT='Dataflow Profile History';

--
-- Dumping data for table `dataflow_profile_history`
--

INSERT INTO `dataflow_profile_history` VALUES (1,1,'create',0,'2013-01-14 10:12:50'),(2,2,'create',0,'2013-01-14 10:12:50'),(3,3,'create',0,'2013-01-14 10:12:50'),(4,4,'create',0,'2013-01-14 10:12:50'),(5,5,'create',0,'2013-01-14 10:12:50'),(6,6,'create',0,'2013-01-14 10:12:50');

--
-- Table structure for table `dataflow_session`
--

CREATE TABLE `dataflow_session` (
  `session_id` int(11) NOT NULL AUTO_INCREMENT COMMENT 'Session Id',
  `user_id` int(11) NOT NULL COMMENT 'User Id',
  `created_date` timestamp NULL DEFAULT NULL COMMENT 'Created Date',
  `file` varchar(255) DEFAULT NULL COMMENT 'File',
  `type` varchar(32) DEFAULT NULL COMMENT 'Type',
  `direction` varchar(32) DEFAULT NULL COMMENT 'Direction',
  `comment` varchar(255) DEFAULT NULL COMMENT 'Comment',
  PRIMARY KEY (`session_id`)
) ENGINE=InnoDB DEFAULT CHARSET=utf8 COMMENT='Dataflow Session';

--
-- Dumping data for table `dataflow_session`
--


--
-- Table structure for table `design_change`
--

CREATE TABLE `design_change` (
  `design_change_id` int(11) NOT NULL AUTO_INCREMENT COMMENT 'Design Change Id',
  `store_id` smallint(5) unsigned NOT NULL DEFAULT '0' COMMENT 'Store Id',
  `design` varchar(255) DEFAULT NULL COMMENT 'Design',
  `date_from` date DEFAULT NULL COMMENT 'First Date of Design Activity',
  `date_to` date DEFAULT NULL COMMENT 'Last Date of Design Activity',
  PRIMARY KEY (`design_change_id`),
  KEY `IDX_DESIGN_CHANGE_STORE_ID` (`store_id`),
  CONSTRAINT `FK_DESIGN_CHANGE_STORE_ID_CORE_STORE_STORE_ID` FOREIGN KEY (`store_id`) REFERENCES `core_store` (`store_id`) ON DELETE CASCADE ON UPDATE CASCADE
) ENGINE=InnoDB DEFAULT CHARSET=utf8 COMMENT='Design Changes';

--
-- Dumping data for table `design_change`
--


--
-- Table structure for table `directory_country`
--

CREATE TABLE `directory_country` (
  `country_id` varchar(2) NOT NULL DEFAULT '' COMMENT 'Country Id in ISO-2',
  `iso2_code` varchar(2) DEFAULT NULL COMMENT 'Country ISO-2 format',
  `iso3_code` varchar(3) DEFAULT NULL COMMENT 'Country ISO-3',
  PRIMARY KEY (`country_id`)
) ENGINE=InnoDB DEFAULT CHARSET=utf8 COMMENT='Directory Country';

--
-- Dumping data for table `directory_country`
--

INSERT INTO `directory_country` VALUES ('AD','AD','AND'),('AE','AE','ARE'),('AF','AF','AFG'),('AG','AG','ATG'),('AI','AI','AIA'),('AL','AL','ALB'),('AM','AM','ARM'),('AN','AN','ANT'),('AO','AO','AGO'),('AQ','AQ','ATA'),('AR','AR','ARG'),('AS','AS','ASM'),('AT','AT','AUT'),('AU','AU','AUS'),('AW','AW','ABW'),('AX','AX','ALA'),('AZ','AZ','AZE'),('BA','BA','BIH'),('BB','BB','BRB'),('BD','BD','BGD'),('BE','BE','BEL'),('BF','BF','BFA'),('BG','BG','BGR'),('BH','BH','BHR'),('BI','BI','BDI'),('BJ','BJ','BEN'),('BL','BL','BLM'),('BM','BM','BMU'),('BN','BN','BRN'),('BO','BO','BOL'),('BR','BR','BRA'),('BS','BS','BHS'),('BT','BT','BTN'),('BV','BV','BVT'),('BW','BW','BWA'),('BY','BY','BLR'),('BZ','BZ','BLZ'),('CA','CA','CAN'),('CC','CC','CCK'),('CD','CD','COD'),('CF','CF','CAF'),('CG','CG','COG'),('CH','CH','CHE'),('CI','CI','CIV'),('CK','CK','COK'),('CL','CL','CHL'),('CM','CM','CMR'),('CN','CN','CHN'),('CO','CO','COL'),('CR','CR','CRI'),('CU','CU','CUB'),('CV','CV','CPV'),('CX','CX','CXR'),('CY','CY','CYP'),('CZ','CZ','CZE'),('DE','DE','DEU'),('DJ','DJ','DJI'),('DK','DK','DNK'),('DM','DM','DMA'),('DO','DO','DOM'),('DZ','DZ','DZA'),('EC','EC','ECU'),('EE','EE','EST'),('EG','EG','EGY'),('EH','EH','ESH'),('ER','ER','ERI'),('ES','ES','ESP'),('ET','ET','ETH'),('FI','FI','FIN'),('FJ','FJ','FJI'),('FK','FK','FLK'),('FM','FM','FSM'),('FO','FO','FRO'),('FR','FR','FRA'),('GA','GA','GAB'),('GB','GB','GBR'),('GD','GD','GRD'),('GE','GE','GEO'),('GF','GF','GUF'),('GG','GG','GGY'),('GH','GH','GHA'),('GI','GI','GIB'),('GL','GL','GRL'),('GM','GM','GMB'),('GN','GN','GIN'),('GP','GP','GLP'),('GQ','GQ','GNQ'),('GR','GR','GRC'),('GS','GS','SGS'),('GT','GT','GTM'),('GU','GU','GUM'),('GW','GW','GNB'),('GY','GY','GUY'),('HK','HK','HKG'),('HM','HM','HMD'),('HN','HN','HND'),('HR','HR','HRV'),('HT','HT','HTI'),('HU','HU','HUN'),('ID','ID','IDN'),('IE','IE','IRL'),('IL','IL','ISR'),('IM','IM','IMN'),('IN','IN','IND'),('IO','IO','IOT'),('IQ','IQ','IRQ'),('IR','IR','IRN'),('IS','IS','ISL'),('IT','IT','ITA'),('JE','JE','JEY'),('JM','JM','JAM'),('JO','JO','JOR'),('JP','JP','JPN'),('KE','KE','KEN'),('KG','KG','KGZ'),('KH','KH','KHM'),('KI','KI','KIR'),('KM','KM','COM'),('KN','KN','KNA'),('KP','KP','PRK'),('KR','KR','KOR'),('KW','KW','KWT'),('KY','KY','CYM'),('KZ','KZ','KAZ'),('LA','LA','LAO'),('LB','LB','LBN'),('LC','LC','LCA'),('LI','LI','LIE'),('LK','LK','LKA'),('LR','LR','LBR'),('LS','LS','LSO'),('LT','LT','LTU'),('LU','LU','LUX'),('LV','LV','LVA'),('LY','LY','LBY'),('MA','MA','MAR'),('MC','MC','MCO'),('MD','MD','MDA'),('ME','ME','MNE'),('MF','MF','MAF'),('MG','MG','MDG'),('MH','MH','MHL'),('MK','MK','MKD'),('ML','ML','MLI'),('MM','MM','MMR'),('MN','MN','MNG'),('MO','MO','MAC'),('MP','MP','MNP'),('MQ','MQ','MTQ'),('MR','MR','MRT'),('MS','MS','MSR'),('MT','MT','MLT'),('MU','MU','MUS'),('MV','MV','MDV'),('MW','MW','MWI'),('MX','MX','MEX'),('MY','MY','MYS'),('MZ','MZ','MOZ'),('NA','NA','NAM'),('NC','NC','NCL'),('NE','NE','NER'),('NF','NF','NFK'),('NG','NG','NGA'),('NI','NI','NIC'),('NL','NL','NLD'),('NO','NO','NOR'),('NP','NP','NPL'),('NR','NR','NRU'),('NU','NU','NIU'),('NZ','NZ','NZL'),('OM','OM','OMN'),('PA','PA','PAN'),('PE','PE','PER'),('PF','PF','PYF'),('PG','PG','PNG'),('PH','PH','PHL'),('PK','PK','PAK'),('PL','PL','POL'),('PM','PM','SPM'),('PN','PN','PCN'),('PR','PR','PRI'),('PS','PS','PSE'),('PT','PT','PRT'),('PW','PW','PLW'),('PY','PY','PRY'),('QA','QA','QAT'),('RE','RE','REU'),('RO','RO','ROU'),('RS','RS','SRB'),('RU','RU','RUS'),('RW','RW','RWA'),('SA','SA','SAU'),('SB','SB','SLB'),('SC','SC','SYC'),('SD','SD','SDN'),('SE','SE','SWE'),('SG','SG','SGP'),('SH','SH','SHN'),('SI','SI','SVN'),('SJ','SJ','SJM'),('SK','SK','SVK'),('SL','SL','SLE'),('SM','SM','SMR'),('SN','SN','SEN'),('SO','SO','SOM'),('SR','SR','SUR'),('ST','ST','STP'),('SV','SV','SLV'),('SY','SY','SYR'),('SZ','SZ','SWZ'),('TC','TC','TCA'),('TD','TD','TCD'),('TF','TF','ATF'),('TG','TG','TGO'),('TH','TH','THA'),('TJ','TJ','TJK'),('TK','TK','TKL'),('TL','TL','TLS'),('TM','TM','TKM'),('TN','TN','TUN'),('TO','TO','TON'),('TR','TR','TUR'),('TT','TT','TTO'),('TV','TV','TUV'),('TW','TW','TWN'),('TZ','TZ','TZA'),('UA','UA','UKR'),('UG','UG','UGA'),('UM','UM','UMI'),('US','US','USA'),('UY','UY','URY'),('UZ','UZ','UZB'),('VA','VA','VAT'),('VC','VC','VCT'),('VE','VE','VEN'),('VG','VG','VGB'),('VI','VI','VIR'),('VN','VN','VNM'),('VU','VU','VUT'),('WF','WF','WLF'),('WS','WS','WSM'),('YE','YE','YEM'),('YT','YT','MYT'),('ZA','ZA','ZAF'),('ZM','ZM','ZMB'),('ZW','ZW','ZWE');

--
-- Table structure for table `directory_country_format`
--

CREATE TABLE `directory_country_format` (
  `country_format_id` int(10) unsigned NOT NULL AUTO_INCREMENT COMMENT 'Country Format Id',
  `country_id` varchar(2) DEFAULT NULL COMMENT 'Country Id in ISO-2',
  `type` varchar(30) DEFAULT NULL COMMENT 'Country Format Type',
  `format` text NOT NULL COMMENT 'Country Format',
  PRIMARY KEY (`country_format_id`),
  UNIQUE KEY `UNQ_DIRECTORY_COUNTRY_FORMAT_COUNTRY_ID_TYPE` (`country_id`,`type`)
) ENGINE=InnoDB DEFAULT CHARSET=utf8 COMMENT='Directory Country Format';

--
-- Dumping data for table `directory_country_format`
--


--
-- Table structure for table `directory_country_region`
--

CREATE TABLE `directory_country_region` (
  `region_id` int(10) unsigned NOT NULL AUTO_INCREMENT COMMENT 'Region Id',
  `country_id` varchar(4) NOT NULL DEFAULT '0' COMMENT 'Country Id in ISO-2',
  `code` varchar(32) DEFAULT NULL COMMENT 'Region code',
  `default_name` varchar(255) DEFAULT NULL COMMENT 'Region Name',
  PRIMARY KEY (`region_id`),
  KEY `IDX_DIRECTORY_COUNTRY_REGION_COUNTRY_ID` (`country_id`)
) ENGINE=InnoDB AUTO_INCREMENT=485 DEFAULT CHARSET=utf8 COMMENT='Directory Country Region';

--
-- Dumping data for table `directory_country_region`
--

INSERT INTO `directory_country_region` VALUES (1,'US','AL','Alabama'),(2,'US','AK','Alaska'),(3,'US','AS','American Samoa'),(4,'US','AZ','Arizona'),(5,'US','AR','Arkansas'),(6,'US','AE','Armed Forces Africa'),(7,'US','AA','Armed Forces Americas'),(8,'US','AE','Armed Forces Canada'),(9,'US','AE','Armed Forces Europe'),(10,'US','AE','Armed Forces Middle East'),(11,'US','AP','Armed Forces Pacific'),(12,'US','CA','California'),(13,'US','CO','Colorado'),(14,'US','CT','Connecticut'),(15,'US','DE','Delaware'),(16,'US','DC','District of Columbia'),(17,'US','FM','Federated States Of Micronesia'),(18,'US','FL','Florida'),(19,'US','GA','Georgia'),(20,'US','GU','Guam'),(21,'US','HI','Hawaii'),(22,'US','ID','Idaho'),(23,'US','IL','Illinois'),(24,'US','IN','Indiana'),(25,'US','IA','Iowa'),(26,'US','KS','Kansas'),(27,'US','KY','Kentucky'),(28,'US','LA','Louisiana'),(29,'US','ME','Maine'),(30,'US','MH','Marshall Islands'),(31,'US','MD','Maryland'),(32,'US','MA','Massachusetts'),(33,'US','MI','Michigan'),(34,'US','MN','Minnesota'),(35,'US','MS','Mississippi'),(36,'US','MO','Missouri'),(37,'US','MT','Montana'),(38,'US','NE','Nebraska'),(39,'US','NV','Nevada'),(40,'US','NH','New Hampshire'),(41,'US','NJ','New Jersey'),(42,'US','NM','New Mexico'),(43,'US','NY','New York'),(44,'US','NC','North Carolina'),(45,'US','ND','North Dakota'),(46,'US','MP','Northern Mariana Islands'),(47,'US','OH','Ohio'),(48,'US','OK','Oklahoma'),(49,'US','OR','Oregon'),(50,'US','PW','Palau'),(51,'US','PA','Pennsylvania'),(52,'US','PR','Puerto Rico'),(53,'US','RI','Rhode Island'),(54,'US','SC','South Carolina'),(55,'US','SD','South Dakota'),(56,'US','TN','Tennessee'),(57,'US','TX','Texas'),(58,'US','UT','Utah'),(59,'US','VT','Vermont'),(60,'US','VI','Virgin Islands'),(61,'US','VA','Virginia'),(62,'US','WA','Washington'),(63,'US','WV','West Virginia'),(64,'US','WI','Wisconsin'),(65,'US','WY','Wyoming'),(66,'CA','AB','Alberta'),(67,'CA','BC','British Columbia'),(68,'CA','MB','Manitoba'),(69,'CA','NL','Newfoundland and Labrador'),(70,'CA','NB','New Brunswick'),(71,'CA','NS','Nova Scotia'),(72,'CA','NT','Northwest Territories'),(73,'CA','NU','Nunavut'),(74,'CA','ON','Ontario'),(75,'CA','PE','Prince Edward Island'),(76,'CA','QC','Quebec'),(77,'CA','SK','Saskatchewan'),(78,'CA','YT','Yukon Territory'),(79,'DE','NDS','Niedersachsen'),(80,'DE','BAW','Baden-Württemberg'),(81,'DE','BAY','Bayern'),(82,'DE','BER','Berlin'),(83,'DE','BRG','Brandenburg'),(84,'DE','BRE','Bremen'),(85,'DE','HAM','Hamburg'),(86,'DE','HES','Hessen'),(87,'DE','MEC','Mecklenburg-Vorpommern'),(88,'DE','NRW','Nordrhein-Westfalen'),(89,'DE','RHE','Rheinland-Pfalz'),(90,'DE','SAR','Saarland'),(91,'DE','SAS','Sachsen'),(92,'DE','SAC','Sachsen-Anhalt'),(93,'DE','SCN','Schleswig-Holstein'),(94,'DE','THE','Thüringen'),(95,'AT','WI','Wien'),(96,'AT','NO','Niederösterreich'),(97,'AT','OO','Oberösterreich'),(98,'AT','SB','Salzburg'),(99,'AT','KN','Kärnten'),(100,'AT','ST','Steiermark'),(101,'AT','TI','Tirol'),(102,'AT','BL','Burgenland'),(103,'AT','VB','Voralberg'),(104,'CH','AG','Aargau'),(105,'CH','AI','Appenzell Innerrhoden'),(106,'CH','AR','Appenzell Ausserrhoden'),(107,'CH','BE','Bern'),(108,'CH','BL','Basel-Landschaft'),(109,'CH','BS','Basel-Stadt'),(110,'CH','FR','Freiburg'),(111,'CH','GE','Genf'),(112,'CH','GL','Glarus'),(113,'CH','GR','Graubünden'),(114,'CH','JU','Jura'),(115,'CH','LU','Luzern'),(116,'CH','NE','Neuenburg'),(117,'CH','NW','Nidwalden'),(118,'CH','OW','Obwalden'),(119,'CH','SG','St. Gallen'),(120,'CH','SH','Schaffhausen'),(121,'CH','SO','Solothurn'),(122,'CH','SZ','Schwyz'),(123,'CH','TG','Thurgau'),(124,'CH','TI','Tessin'),(125,'CH','UR','Uri'),(126,'CH','VD','Waadt'),(127,'CH','VS','Wallis'),(128,'CH','ZG','Zug'),(129,'CH','ZH','Zürich'),(130,'ES','A Coruсa','A Coruña'),(131,'ES','Alava','Alava'),(132,'ES','Albacete','Albacete'),(133,'ES','Alicante','Alicante'),(134,'ES','Almeria','Almeria'),(135,'ES','Asturias','Asturias'),(136,'ES','Avila','Avila'),(137,'ES','Badajoz','Badajoz'),(138,'ES','Baleares','Baleares'),(139,'ES','Barcelona','Barcelona'),(140,'ES','Burgos','Burgos'),(141,'ES','Caceres','Caceres'),(142,'ES','Cadiz','Cadiz'),(143,'ES','Cantabria','Cantabria'),(144,'ES','Castellon','Castellon'),(145,'ES','Ceuta','Ceuta'),(146,'ES','Ciudad Real','Ciudad Real'),(147,'ES','Cordoba','Cordoba'),(148,'ES','Cuenca','Cuenca'),(149,'ES','Girona','Girona'),(150,'ES','Granada','Granada'),(151,'ES','Guadalajara','Guadalajara'),(152,'ES','Guipuzcoa','Guipuzcoa'),(153,'ES','Huelva','Huelva'),(154,'ES','Huesca','Huesca'),(155,'ES','Jaen','Jaen'),(156,'ES','La Rioja','La Rioja'),(157,'ES','Las Palmas','Las Palmas'),(158,'ES','Leon','Leon'),(159,'ES','Lleida','Lleida'),(160,'ES','Lugo','Lugo'),(161,'ES','Madrid','Madrid'),(162,'ES','Malaga','Malaga'),(163,'ES','Melilla','Melilla'),(164,'ES','Murcia','Murcia'),(165,'ES','Navarra','Navarra'),(166,'ES','Ourense','Ourense'),(167,'ES','Palencia','Palencia'),(168,'ES','Pontevedra','Pontevedra'),(169,'ES','Salamanca','Salamanca'),(170,'ES','Santa Cruz de Tenerife','Santa Cruz de Tenerife'),(171,'ES','Segovia','Segovia'),(172,'ES','Sevilla','Sevilla'),(173,'ES','Soria','Soria'),(174,'ES','Tarragona','Tarragona'),(175,'ES','Teruel','Teruel'),(176,'ES','Toledo','Toledo'),(177,'ES','Valencia','Valencia'),(178,'ES','Valladolid','Valladolid'),(179,'ES','Vizcaya','Vizcaya'),(180,'ES','Zamora','Zamora'),(181,'ES','Zaragoza','Zaragoza'),(182,'FR','1','Ain'),(183,'FR','2','Aisne'),(184,'FR','3','Allier'),(185,'FR','4','Alpes-de-Haute-Provence'),(186,'FR','5','Hautes-Alpes'),(187,'FR','6','Alpes-Maritimes'),(188,'FR','7','Ardèche'),(189,'FR','8','Ardennes'),(190,'FR','9','Ariège'),(191,'FR','10','Aube'),(192,'FR','11','Aude'),(193,'FR','12','Aveyron'),(194,'FR','13','Bouches-du-Rhône'),(195,'FR','14','Calvados'),(196,'FR','15','Cantal'),(197,'FR','16','Charente'),(198,'FR','17','Charente-Maritime'),(199,'FR','18','Cher'),(200,'FR','19','Corrèze'),(201,'FR','2A','Corse-du-Sud'),(202,'FR','2B','Haute-Corse'),(203,'FR','21','Côte-d\'Or'),(204,'FR','22','Côtes-d\'Armor'),(205,'FR','23','Creuse'),(206,'FR','24','Dordogne'),(207,'FR','25','Doubs'),(208,'FR','26','Drôme'),(209,'FR','27','Eure'),(210,'FR','28','Eure-et-Loir'),(211,'FR','29','Finistère'),(212,'FR','30','Gard'),(213,'FR','31','Haute-Garonne'),(214,'FR','32','Gers'),(215,'FR','33','Gironde'),(216,'FR','34','Hérault'),(217,'FR','35','Ille-et-Vilaine'),(218,'FR','36','Indre'),(219,'FR','37','Indre-et-Loire'),(220,'FR','38','Isère'),(221,'FR','39','Jura'),(222,'FR','40','Landes'),(223,'FR','41','Loir-et-Cher'),(224,'FR','42','Loire'),(225,'FR','43','Haute-Loire'),(226,'FR','44','Loire-Atlantique'),(227,'FR','45','Loiret'),(228,'FR','46','Lot'),(229,'FR','47','Lot-et-Garonne'),(230,'FR','48','Lozère'),(231,'FR','49','Maine-et-Loire'),(232,'FR','50','Manche'),(233,'FR','51','Marne'),(234,'FR','52','Haute-Marne'),(235,'FR','53','Mayenne'),(236,'FR','54','Meurthe-et-Moselle'),(237,'FR','55','Meuse'),(238,'FR','56','Morbihan'),(239,'FR','57','Moselle'),(240,'FR','58','Nièvre'),(241,'FR','59','Nord'),(242,'FR','60','Oise'),(243,'FR','61','Orne'),(244,'FR','62','Pas-de-Calais'),(245,'FR','63','Puy-de-Dôme'),(246,'FR','64','Pyrénées-Atlantiques'),(247,'FR','65','Hautes-Pyrénées'),(248,'FR','66','Pyrénées-Orientales'),(249,'FR','67','Bas-Rhin'),(250,'FR','68','Haut-Rhin'),(251,'FR','69','Rhône'),(252,'FR','70','Haute-Saône'),(253,'FR','71','Saône-et-Loire'),(254,'FR','72','Sarthe'),(255,'FR','73','Savoie'),(256,'FR','74','Haute-Savoie'),(257,'FR','75','Paris'),(258,'FR','76','Seine-Maritime'),(259,'FR','77','Seine-et-Marne'),(260,'FR','78','Yvelines'),(261,'FR','79','Deux-Sèvres'),(262,'FR','80','Somme'),(263,'FR','81','Tarn'),(264,'FR','82','Tarn-et-Garonne'),(265,'FR','83','Var'),(266,'FR','84','Vaucluse'),(267,'FR','85','Vendée'),(268,'FR','86','Vienne'),(269,'FR','87','Haute-Vienne'),(270,'FR','88','Vosges'),(271,'FR','89','Yonne'),(272,'FR','90','Territoire-de-Belfort'),(273,'FR','91','Essonne'),(274,'FR','92','Hauts-de-Seine'),(275,'FR','93','Seine-Saint-Denis'),(276,'FR','94','Val-de-Marne'),(277,'FR','95','Val-d\'Oise'),(278,'RO','AB','Alba'),(279,'RO','AR','Arad'),(280,'RO','AG','Argeş'),(281,'RO','BC','Bacău'),(282,'RO','BH','Bihor'),(283,'RO','BN','Bistriţa-Năsăud'),(284,'RO','BT','Botoşani'),(285,'RO','BV','Braşov'),(286,'RO','BR','Brăila'),(287,'RO','B','Bucureşti'),(288,'RO','BZ','Buzău'),(289,'RO','CS','Caraş-Severin'),(290,'RO','CL','Călăraşi'),(291,'RO','CJ','Cluj'),(292,'RO','CT','Constanţa'),(293,'RO','CV','Covasna'),(294,'RO','DB','Dâmboviţa'),(295,'RO','DJ','Dolj'),(296,'RO','GL','Galaţi'),(297,'RO','GR','Giurgiu'),(298,'RO','GJ','Gorj'),(299,'RO','HR','Harghita'),(300,'RO','HD','Hunedoara'),(301,'RO','IL','Ialomiţa'),(302,'RO','IS','Iaşi'),(303,'RO','IF','Ilfov'),(304,'RO','MM','Maramureş'),(305,'RO','MH','Mehedinţi'),(306,'RO','MS','Mureş'),(307,'RO','NT','Neamţ'),(308,'RO','OT','Olt'),(309,'RO','PH','Prahova'),(310,'RO','SM','Satu-Mare'),(311,'RO','SJ','Sălaj'),(312,'RO','SB','Sibiu'),(313,'RO','SV','Suceava'),(314,'RO','TR','Teleorman'),(315,'RO','TM','Timiş'),(316,'RO','TL','Tulcea'),(317,'RO','VS','Vaslui'),(318,'RO','VL','Vâlcea'),(319,'RO','VN','Vrancea'),(320,'FI','Lappi','Lappi'),(321,'FI','Pohjois-Pohjanmaa','Pohjois-Pohjanmaa'),(322,'FI','Kainuu','Kainuu'),(323,'FI','Pohjois-Karjala','Pohjois-Karjala'),(324,'FI','Pohjois-Savo','Pohjois-Savo'),(325,'FI','Etelä-Savo','Etelä-Savo'),(326,'FI','Etelä-Pohjanmaa','Etelä-Pohjanmaa'),(327,'FI','Pohjanmaa','Pohjanmaa'),(328,'FI','Pirkanmaa','Pirkanmaa'),(329,'FI','Satakunta','Satakunta'),(330,'FI','Keski-Pohjanmaa','Keski-Pohjanmaa'),(331,'FI','Keski-Suomi','Keski-Suomi'),(332,'FI','Varsinais-Suomi','Varsinais-Suomi'),(333,'FI','Etelä-Karjala','Etelä-Karjala'),(334,'FI','Päijät-Häme','Päijät-Häme'),(335,'FI','Kanta-Häme','Kanta-Häme'),(336,'FI','Uusimaa','Uusimaa'),(337,'FI','Itä-Uusimaa','Itä-Uusimaa'),(338,'FI','Kymenlaakso','Kymenlaakso'),(339,'FI','Ahvenanmaa','Ahvenanmaa'),(340,'EE','EE-37','Harjumaa'),(341,'EE','EE-39','Hiiumaa'),(342,'EE','EE-44','Ida-Virumaa'),(343,'EE','EE-49','Jõgevamaa'),(344,'EE','EE-51','Järvamaa'),(345,'EE','EE-57','Läänemaa'),(346,'EE','EE-59','Lääne-Virumaa'),(347,'EE','EE-65','Põlvamaa'),(348,'EE','EE-67','Pärnumaa'),(349,'EE','EE-70','Raplamaa'),(350,'EE','EE-74','Saaremaa'),(351,'EE','EE-78','Tartumaa'),(352,'EE','EE-82','Valgamaa'),(353,'EE','EE-84','Viljandimaa'),(354,'EE','EE-86','Võrumaa'),(355,'LV','LV-DGV','Daugavpils'),(356,'LV','LV-JEL','Jelgava'),(357,'LV','Jēkabpils','Jēkabpils'),(358,'LV','LV-JUR','Jūrmala'),(359,'LV','LV-LPX','Liepāja'),(360,'LV','LV-LE','Liepājas novads'),(361,'LV','LV-REZ','Rēzekne'),(362,'LV','LV-RIX','Rīga'),(363,'LV','LV-RI','Rīgas novads'),(364,'LV','Valmiera','Valmiera'),(365,'LV','LV-VEN','Ventspils'),(366,'LV','Aglonas novads','Aglonas novads'),(367,'LV','LV-AI','Aizkraukles novads'),(368,'LV','Aizputes novads','Aizputes novads'),(369,'LV','Aknīstes novads','Aknīstes novads'),(370,'LV','Alojas novads','Alojas novads'),(371,'LV','Alsungas novads','Alsungas novads'),(372,'LV','LV-AL','Alūksnes novads'),(373,'LV','Amatas novads','Amatas novads'),(374,'LV','Apes novads','Apes novads'),(375,'LV','Auces novads','Auces novads'),(376,'LV','Babītes novads','Babītes novads'),(377,'LV','Baldones novads','Baldones novads'),(378,'LV','Baltinavas novads','Baltinavas novads'),(379,'LV','LV-BL','Balvu novads'),(380,'LV','LV-BU','Bauskas novads'),(381,'LV','Beverīnas novads','Beverīnas novads'),(382,'LV','Brocēnu novads','Brocēnu novads'),(383,'LV','Burtnieku novads','Burtnieku novads'),(384,'LV','Carnikavas novads','Carnikavas novads'),(385,'LV','Cesvaines novads','Cesvaines novads'),(386,'LV','Ciblas novads','Ciblas novads'),(387,'LV','LV-CE','Cēsu novads'),(388,'LV','Dagdas novads','Dagdas novads'),(389,'LV','LV-DA','Daugavpils novads'),(390,'LV','LV-DO','Dobeles novads'),(391,'LV','Dundagas novads','Dundagas novads'),(392,'LV','Durbes novads','Durbes novads'),(393,'LV','Engures novads','Engures novads'),(394,'LV','Garkalnes novads','Garkalnes novads'),(395,'LV','Grobiņas novads','Grobiņas novads'),(396,'LV','LV-GU','Gulbenes novads'),(397,'LV','Iecavas novads','Iecavas novads'),(398,'LV','Ikšķiles novads','Ikšķiles novads'),(399,'LV','Ilūkstes novads','Ilūkstes novads'),(400,'LV','Inčukalna novads','Inčukalna novads'),(401,'LV','Jaunjelgavas novads','Jaunjelgavas novads'),(402,'LV','Jaunpiebalgas novads','Jaunpiebalgas novads'),(403,'LV','Jaunpils novads','Jaunpils novads'),(404,'LV','LV-JL','Jelgavas novads'),(405,'LV','LV-JK','Jēkabpils novads'),(406,'LV','Kandavas novads','Kandavas novads'),(407,'LV','Kokneses novads','Kokneses novads'),(408,'LV','Krimuldas novads','Krimuldas novads'),(409,'LV','Krustpils novads','Krustpils novads'),(410,'LV','LV-KR','Krāslavas novads'),(411,'LV','LV-KU','Kuldīgas novads'),(412,'LV','Kārsavas novads','Kārsavas novads'),(413,'LV','Lielvārdes novads','Lielvārdes novads'),(414,'LV','LV-LM','Limbažu novads'),(415,'LV','Lubānas novads','Lubānas novads'),(416,'LV','LV-LU','Ludzas novads'),(417,'LV','Līgatnes novads','Līgatnes novads'),(418,'LV','Līvānu novads','Līvānu novads'),(419,'LV','LV-MA','Madonas novads'),(420,'LV','Mazsalacas novads','Mazsalacas novads'),(421,'LV','Mālpils novads','Mālpils novads'),(422,'LV','Mārupes novads','Mārupes novads'),(423,'LV','Naukšēnu novads','Naukšēnu novads'),(424,'LV','Neretas novads','Neretas novads'),(425,'LV','Nīcas novads','Nīcas novads'),(426,'LV','LV-OG','Ogres novads'),(427,'LV','Olaines novads','Olaines novads'),(428,'LV','Ozolnieku novads','Ozolnieku novads'),(429,'LV','LV-PR','Preiļu novads'),(430,'LV','Priekules novads','Priekules novads'),(431,'LV','Priekuļu novads','Priekuļu novads'),(432,'LV','Pārgaujas novads','Pārgaujas novads'),(433,'LV','Pāvilostas novads','Pāvilostas novads'),(434,'LV','Pļaviņu novads','Pļaviņu novads'),(435,'LV','Raunas novads','Raunas novads'),(436,'LV','Riebiņu novads','Riebiņu novads'),(437,'LV','Rojas novads','Rojas novads'),(438,'LV','Ropažu novads','Ropažu novads'),(439,'LV','Rucavas novads','Rucavas novads'),(440,'LV','Rugāju novads','Rugāju novads'),(441,'LV','Rundāles novads','Rundāles novads'),(442,'LV','LV-RE','Rēzeknes novads'),(443,'LV','Rūjienas novads','Rūjienas novads'),(444,'LV','Salacgrīvas novads','Salacgrīvas novads'),(445,'LV','Salas novads','Salas novads'),(446,'LV','Salaspils novads','Salaspils novads'),(447,'LV','LV-SA','Saldus novads'),(448,'LV','Saulkrastu novads','Saulkrastu novads'),(449,'LV','Siguldas novads','Siguldas novads'),(450,'LV','Skrundas novads','Skrundas novads'),(451,'LV','Skrīveru novads','Skrīveru novads'),(452,'LV','Smiltenes novads','Smiltenes novads'),(453,'LV','Stopiņu novads','Stopiņu novads'),(454,'LV','Strenču novads','Strenču novads'),(455,'LV','Sējas novads','Sējas novads'),(456,'LV','LV-TA','Talsu novads'),(457,'LV','LV-TU','Tukuma novads'),(458,'LV','Tērvetes novads','Tērvetes novads'),(459,'LV','Vaiņodes novads','Vaiņodes novads'),(460,'LV','LV-VK','Valkas novads'),(461,'LV','LV-VM','Valmieras novads'),(462,'LV','Varakļānu novads','Varakļānu novads'),(463,'LV','Vecpiebalgas novads','Vecpiebalgas novads'),(464,'LV','Vecumnieku novads','Vecumnieku novads'),(465,'LV','LV-VE','Ventspils novads'),(466,'LV','Viesītes novads','Viesītes novads'),(467,'LV','Viļakas novads','Viļakas novads'),(468,'LV','Viļānu novads','Viļānu novads'),(469,'LV','Vārkavas novads','Vārkavas novads'),(470,'LV','Zilupes novads','Zilupes novads'),(471,'LV','Ādažu novads','Ādažu novads'),(472,'LV','Ērgļu novads','Ērgļu novads'),(473,'LV','Ķeguma novads','Ķeguma novads'),(474,'LV','Ķekavas novads','Ķekavas novads'),(475,'LT','LT-AL','Alytaus Apskritis'),(476,'LT','LT-KU','Kauno Apskritis'),(477,'LT','LT-KL','Klaipėdos Apskritis'),(478,'LT','LT-MR','Marijampolės Apskritis'),(479,'LT','LT-PN','Panevėžio Apskritis'),(480,'LT','LT-SA','Šiaulių Apskritis'),(481,'LT','LT-TA','Tauragės Apskritis'),(482,'LT','LT-TE','Telšių Apskritis'),(483,'LT','LT-UT','Utenos Apskritis'),(484,'LT','LT-VL','Vilniaus Apskritis');

--
-- Table structure for table `directory_country_region_name`
--

CREATE TABLE `directory_country_region_name` (
  `locale` varchar(8) NOT NULL DEFAULT '' COMMENT 'Locale',
  `region_id` int(10) unsigned NOT NULL DEFAULT '0' COMMENT 'Region Id',
  `name` varchar(255) DEFAULT NULL COMMENT 'Region Name',
  PRIMARY KEY (`locale`,`region_id`),
  KEY `IDX_DIRECTORY_COUNTRY_REGION_NAME_REGION_ID` (`region_id`),
  CONSTRAINT `FK_D7CFDEB379F775328EB6F62695E2B3E1` FOREIGN KEY (`region_id`) REFERENCES `directory_country_region` (`region_id`) ON DELETE CASCADE ON UPDATE CASCADE
) ENGINE=InnoDB DEFAULT CHARSET=utf8 COMMENT='Directory Country Region Name';

--
-- Dumping data for table `directory_country_region_name`
--

INSERT INTO `directory_country_region_name` VALUES ('en_US',1,'Alabama'),('en_US',2,'Alaska'),('en_US',3,'American Samoa'),('en_US',4,'Arizona'),('en_US',5,'Arkansas'),('en_US',6,'Armed Forces Africa'),('en_US',7,'Armed Forces Americas'),('en_US',8,'Armed Forces Canada'),('en_US',9,'Armed Forces Europe'),('en_US',10,'Armed Forces Middle East'),('en_US',11,'Armed Forces Pacific'),('en_US',12,'California'),('en_US',13,'Colorado'),('en_US',14,'Connecticut'),('en_US',15,'Delaware'),('en_US',16,'District of Columbia'),('en_US',17,'Federated States Of Micronesia'),('en_US',18,'Florida'),('en_US',19,'Georgia'),('en_US',20,'Guam'),('en_US',21,'Hawaii'),('en_US',22,'Idaho'),('en_US',23,'Illinois'),('en_US',24,'Indiana'),('en_US',25,'Iowa'),('en_US',26,'Kansas'),('en_US',27,'Kentucky'),('en_US',28,'Louisiana'),('en_US',29,'Maine'),('en_US',30,'Marshall Islands'),('en_US',31,'Maryland'),('en_US',32,'Massachusetts'),('en_US',33,'Michigan'),('en_US',34,'Minnesota'),('en_US',35,'Mississippi'),('en_US',36,'Missouri'),('en_US',37,'Montana'),('en_US',38,'Nebraska'),('en_US',39,'Nevada'),('en_US',40,'New Hampshire'),('en_US',41,'New Jersey'),('en_US',42,'New Mexico'),('en_US',43,'New York'),('en_US',44,'North Carolina'),('en_US',45,'North Dakota'),('en_US',46,'Northern Mariana Islands'),('en_US',47,'Ohio'),('en_US',48,'Oklahoma'),('en_US',49,'Oregon'),('en_US',50,'Palau'),('en_US',51,'Pennsylvania'),('en_US',52,'Puerto Rico'),('en_US',53,'Rhode Island'),('en_US',54,'South Carolina'),('en_US',55,'South Dakota'),('en_US',56,'Tennessee'),('en_US',57,'Texas'),('en_US',58,'Utah'),('en_US',59,'Vermont'),('en_US',60,'Virgin Islands'),('en_US',61,'Virginia'),('en_US',62,'Washington'),('en_US',63,'West Virginia'),('en_US',64,'Wisconsin'),('en_US',65,'Wyoming'),('en_US',66,'Alberta'),('en_US',67,'British Columbia'),('en_US',68,'Manitoba'),('en_US',69,'Newfoundland and Labrador'),('en_US',70,'New Brunswick'),('en_US',71,'Nova Scotia'),('en_US',72,'Northwest Territories'),('en_US',73,'Nunavut'),('en_US',74,'Ontario'),('en_US',75,'Prince Edward Island'),('en_US',76,'Quebec'),('en_US',77,'Saskatchewan'),('en_US',78,'Yukon Territory'),('en_US',79,'Niedersachsen'),('en_US',80,'Baden-Württemberg'),('en_US',81,'Bayern'),('en_US',82,'Berlin'),('en_US',83,'Brandenburg'),('en_US',84,'Bremen'),('en_US',85,'Hamburg'),('en_US',86,'Hessen'),('en_US',87,'Mecklenburg-Vorpommern'),('en_US',88,'Nordrhein-Westfalen'),('en_US',89,'Rheinland-Pfalz'),('en_US',90,'Saarland'),('en_US',91,'Sachsen'),('en_US',92,'Sachsen-Anhalt'),('en_US',93,'Schleswig-Holstein'),('en_US',94,'Thüringen'),('en_US',95,'Wien'),('en_US',96,'Niederösterreich'),('en_US',97,'Oberösterreich'),('en_US',98,'Salzburg'),('en_US',99,'Kärnten'),('en_US',100,'Steiermark'),('en_US',101,'Tirol'),('en_US',102,'Burgenland'),('en_US',103,'Voralberg'),('en_US',104,'Aargau'),('en_US',105,'Appenzell Innerrhoden'),('en_US',106,'Appenzell Ausserrhoden'),('en_US',107,'Bern'),('en_US',108,'Basel-Landschaft'),('en_US',109,'Basel-Stadt'),('en_US',110,'Freiburg'),('en_US',111,'Genf'),('en_US',112,'Glarus'),('en_US',113,'Graubünden'),('en_US',114,'Jura'),('en_US',115,'Luzern'),('en_US',116,'Neuenburg'),('en_US',117,'Nidwalden'),('en_US',118,'Obwalden'),('en_US',119,'St. Gallen'),('en_US',120,'Schaffhausen'),('en_US',121,'Solothurn'),('en_US',122,'Schwyz'),('en_US',123,'Thurgau'),('en_US',124,'Tessin'),('en_US',125,'Uri'),('en_US',126,'Waadt'),('en_US',127,'Wallis'),('en_US',128,'Zug'),('en_US',129,'Zürich'),('en_US',130,'A Coruña'),('en_US',131,'Alava'),('en_US',132,'Albacete'),('en_US',133,'Alicante'),('en_US',134,'Almeria'),('en_US',135,'Asturias'),('en_US',136,'Avila'),('en_US',137,'Badajoz'),('en_US',138,'Baleares'),('en_US',139,'Barcelona'),('en_US',140,'Burgos'),('en_US',141,'Caceres'),('en_US',142,'Cadiz'),('en_US',143,'Cantabria'),('en_US',144,'Castellon'),('en_US',145,'Ceuta'),('en_US',146,'Ciudad Real'),('en_US',147,'Cordoba'),('en_US',148,'Cuenca'),('en_US',149,'Girona'),('en_US',150,'Granada'),('en_US',151,'Guadalajara'),('en_US',152,'Guipuzcoa'),('en_US',153,'Huelva'),('en_US',154,'Huesca'),('en_US',155,'Jaen'),('en_US',156,'La Rioja'),('en_US',157,'Las Palmas'),('en_US',158,'Leon'),('en_US',159,'Lleida'),('en_US',160,'Lugo'),('en_US',161,'Madrid'),('en_US',162,'Malaga'),('en_US',163,'Melilla'),('en_US',164,'Murcia'),('en_US',165,'Navarra'),('en_US',166,'Ourense'),('en_US',167,'Palencia'),('en_US',168,'Pontevedra'),('en_US',169,'Salamanca'),('en_US',170,'Santa Cruz de Tenerife'),('en_US',171,'Segovia'),('en_US',172,'Sevilla'),('en_US',173,'Soria'),('en_US',174,'Tarragona'),('en_US',175,'Teruel'),('en_US',176,'Toledo'),('en_US',177,'Valencia'),('en_US',178,'Valladolid'),('en_US',179,'Vizcaya'),('en_US',180,'Zamora'),('en_US',181,'Zaragoza'),('en_US',182,'Ain'),('en_US',183,'Aisne'),('en_US',184,'Allier'),('en_US',185,'Alpes-de-Haute-Provence'),('en_US',186,'Hautes-Alpes'),('en_US',187,'Alpes-Maritimes'),('en_US',188,'Ardèche'),('en_US',189,'Ardennes'),('en_US',190,'Ariège'),('en_US',191,'Aube'),('en_US',192,'Aude'),('en_US',193,'Aveyron'),('en_US',194,'Bouches-du-Rhône'),('en_US',195,'Calvados'),('en_US',196,'Cantal'),('en_US',197,'Charente'),('en_US',198,'Charente-Maritime'),('en_US',199,'Cher'),('en_US',200,'Corrèze'),('en_US',201,'Corse-du-Sud'),('en_US',202,'Haute-Corse'),('en_US',203,'Côte-d\'Or'),('en_US',204,'Côtes-d\'Armor'),('en_US',205,'Creuse'),('en_US',206,'Dordogne'),('en_US',207,'Doubs'),('en_US',208,'Drôme'),('en_US',209,'Eure'),('en_US',210,'Eure-et-Loir'),('en_US',211,'Finistère'),('en_US',212,'Gard'),('en_US',213,'Haute-Garonne'),('en_US',214,'Gers'),('en_US',215,'Gironde'),('en_US',216,'Hérault'),('en_US',217,'Ille-et-Vilaine'),('en_US',218,'Indre'),('en_US',219,'Indre-et-Loire'),('en_US',220,'Isère'),('en_US',221,'Jura'),('en_US',222,'Landes'),('en_US',223,'Loir-et-Cher'),('en_US',224,'Loire'),('en_US',225,'Haute-Loire'),('en_US',226,'Loire-Atlantique'),('en_US',227,'Loiret'),('en_US',228,'Lot'),('en_US',229,'Lot-et-Garonne'),('en_US',230,'Lozère'),('en_US',231,'Maine-et-Loire'),('en_US',232,'Manche'),('en_US',233,'Marne'),('en_US',234,'Haute-Marne'),('en_US',235,'Mayenne'),('en_US',236,'Meurthe-et-Moselle'),('en_US',237,'Meuse'),('en_US',238,'Morbihan'),('en_US',239,'Moselle'),('en_US',240,'Nièvre'),('en_US',241,'Nord'),('en_US',242,'Oise'),('en_US',243,'Orne'),('en_US',244,'Pas-de-Calais'),('en_US',245,'Puy-de-Dôme'),('en_US',246,'Pyrénées-Atlantiques'),('en_US',247,'Hautes-Pyrénées'),('en_US',248,'Pyrénées-Orientales'),('en_US',249,'Bas-Rhin'),('en_US',250,'Haut-Rhin'),('en_US',251,'Rhône'),('en_US',252,'Haute-Saône'),('en_US',253,'Saône-et-Loire'),('en_US',254,'Sarthe'),('en_US',255,'Savoie'),('en_US',256,'Haute-Savoie'),('en_US',257,'Paris'),('en_US',258,'Seine-Maritime'),('en_US',259,'Seine-et-Marne'),('en_US',260,'Yvelines'),('en_US',261,'Deux-Sèvres'),('en_US',262,'Somme'),('en_US',263,'Tarn'),('en_US',264,'Tarn-et-Garonne'),('en_US',265,'Var'),('en_US',266,'Vaucluse'),('en_US',267,'Vendée'),('en_US',268,'Vienne'),('en_US',269,'Haute-Vienne'),('en_US',270,'Vosges'),('en_US',271,'Yonne'),('en_US',272,'Territoire-de-Belfort'),('en_US',273,'Essonne'),('en_US',274,'Hauts-de-Seine'),('en_US',275,'Seine-Saint-Denis'),('en_US',276,'Val-de-Marne'),('en_US',277,'Val-d\'Oise'),('en_US',278,'Alba'),('en_US',279,'Arad'),('en_US',280,'Argeş'),('en_US',281,'Bacău'),('en_US',282,'Bihor'),('en_US',283,'Bistriţa-Năsăud'),('en_US',284,'Botoşani'),('en_US',285,'Braşov'),('en_US',286,'Brăila'),('en_US',287,'Bucureşti'),('en_US',288,'Buzău'),('en_US',289,'Caraş-Severin'),('en_US',290,'Călăraşi'),('en_US',291,'Cluj'),('en_US',292,'Constanţa'),('en_US',293,'Covasna'),('en_US',294,'Dâmboviţa'),('en_US',295,'Dolj'),('en_US',296,'Galaţi'),('en_US',297,'Giurgiu'),('en_US',298,'Gorj'),('en_US',299,'Harghita'),('en_US',300,'Hunedoara'),('en_US',301,'Ialomiţa'),('en_US',302,'Iaşi'),('en_US',303,'Ilfov'),('en_US',304,'Maramureş'),('en_US',305,'Mehedinţi'),('en_US',306,'Mureş'),('en_US',307,'Neamţ'),('en_US',308,'Olt'),('en_US',309,'Prahova'),('en_US',310,'Satu-Mare'),('en_US',311,'Sălaj'),('en_US',312,'Sibiu'),('en_US',313,'Suceava'),('en_US',314,'Teleorman'),('en_US',315,'Timiş'),('en_US',316,'Tulcea'),('en_US',317,'Vaslui'),('en_US',318,'Vâlcea'),('en_US',319,'Vrancea'),('en_US',320,'Lappi'),('en_US',321,'Pohjois-Pohjanmaa'),('en_US',322,'Kainuu'),('en_US',323,'Pohjois-Karjala'),('en_US',324,'Pohjois-Savo'),('en_US',325,'Etelä-Savo'),('en_US',326,'Etelä-Pohjanmaa'),('en_US',327,'Pohjanmaa'),('en_US',328,'Pirkanmaa'),('en_US',329,'Satakunta'),('en_US',330,'Keski-Pohjanmaa'),('en_US',331,'Keski-Suomi'),('en_US',332,'Varsinais-Suomi'),('en_US',333,'Etelä-Karjala'),('en_US',334,'Päijät-Häme'),('en_US',335,'Kanta-Häme'),('en_US',336,'Uusimaa'),('en_US',337,'Itä-Uusimaa'),('en_US',338,'Kymenlaakso'),('en_US',339,'Ahvenanmaa'),('en_US',340,'Harjumaa'),('en_US',341,'Hiiumaa'),('en_US',342,'Ida-Virumaa'),('en_US',343,'Jõgevamaa'),('en_US',344,'Järvamaa'),('en_US',345,'Läänemaa'),('en_US',346,'Lääne-Virumaa'),('en_US',347,'Põlvamaa'),('en_US',348,'Pärnumaa'),('en_US',349,'Raplamaa'),('en_US',350,'Saaremaa'),('en_US',351,'Tartumaa'),('en_US',352,'Valgamaa'),('en_US',353,'Viljandimaa'),('en_US',354,'Võrumaa'),('en_US',355,'Daugavpils'),('en_US',356,'Jelgava'),('en_US',357,'Jēkabpils'),('en_US',358,'Jūrmala'),('en_US',359,'Liepāja'),('en_US',360,'Liepājas novads'),('en_US',361,'Rēzekne'),('en_US',362,'Rīga'),('en_US',363,'Rīgas novads'),('en_US',364,'Valmiera'),('en_US',365,'Ventspils'),('en_US',366,'Aglonas novads'),('en_US',367,'Aizkraukles novads'),('en_US',368,'Aizputes novads'),('en_US',369,'Aknīstes novads'),('en_US',370,'Alojas novads'),('en_US',371,'Alsungas novads'),('en_US',372,'Alūksnes novads'),('en_US',373,'Amatas novads'),('en_US',374,'Apes novads'),('en_US',375,'Auces novads'),('en_US',376,'Babītes novads'),('en_US',377,'Baldones novads'),('en_US',378,'Baltinavas novads'),('en_US',379,'Balvu novads'),('en_US',380,'Bauskas novads'),('en_US',381,'Beverīnas novads'),('en_US',382,'Brocēnu novads'),('en_US',383,'Burtnieku novads'),('en_US',384,'Carnikavas novads'),('en_US',385,'Cesvaines novads'),('en_US',386,'Ciblas novads'),('en_US',387,'Cēsu novads'),('en_US',388,'Dagdas novads'),('en_US',389,'Daugavpils novads'),('en_US',390,'Dobeles novads'),('en_US',391,'Dundagas novads'),('en_US',392,'Durbes novads'),('en_US',393,'Engures novads'),('en_US',394,'Garkalnes novads'),('en_US',395,'Grobiņas novads'),('en_US',396,'Gulbenes novads'),('en_US',397,'Iecavas novads'),('en_US',398,'Ikšķiles novads'),('en_US',399,'Ilūkstes novads'),('en_US',400,'Inčukalna novads'),('en_US',401,'Jaunjelgavas novads'),('en_US',402,'Jaunpiebalgas novads'),('en_US',403,'Jaunpils novads'),('en_US',404,'Jelgavas novads'),('en_US',405,'Jēkabpils novads'),('en_US',406,'Kandavas novads'),('en_US',407,'Kokneses novads'),('en_US',408,'Krimuldas novads'),('en_US',409,'Krustpils novads'),('en_US',410,'Krāslavas novads'),('en_US',411,'Kuldīgas novads'),('en_US',412,'Kārsavas novads'),('en_US',413,'Lielvārdes novads'),('en_US',414,'Limbažu novads'),('en_US',415,'Lubānas novads'),('en_US',416,'Ludzas novads'),('en_US',417,'Līgatnes novads'),('en_US',418,'Līvānu novads'),('en_US',419,'Madonas novads'),('en_US',420,'Mazsalacas novads'),('en_US',421,'Mālpils novads'),('en_US',422,'Mārupes novads'),('en_US',423,'Naukšēnu novads'),('en_US',424,'Neretas novads'),('en_US',425,'Nīcas novads'),('en_US',426,'Ogres novads'),('en_US',427,'Olaines novads'),('en_US',428,'Ozolnieku novads'),('en_US',429,'Preiļu novads'),('en_US',430,'Priekules novads'),('en_US',431,'Priekuļu novads'),('en_US',432,'Pārgaujas novads'),('en_US',433,'Pāvilostas novads'),('en_US',434,'Pļaviņu novads'),('en_US',435,'Raunas novads'),('en_US',436,'Riebiņu novads'),('en_US',437,'Rojas novads'),('en_US',438,'Ropažu novads'),('en_US',439,'Rucavas novads'),('en_US',440,'Rugāju novads'),('en_US',441,'Rundāles novads'),('en_US',442,'Rēzeknes novads'),('en_US',443,'Rūjienas novads'),('en_US',444,'Salacgrīvas novads'),('en_US',445,'Salas novads'),('en_US',446,'Salaspils novads'),('en_US',447,'Saldus novads'),('en_US',448,'Saulkrastu novads'),('en_US',449,'Siguldas novads'),('en_US',450,'Skrundas novads'),('en_US',451,'Skrīveru novads'),('en_US',452,'Smiltenes novads'),('en_US',453,'Stopiņu novads'),('en_US',454,'Strenču novads'),('en_US',455,'Sējas novads'),('en_US',456,'Talsu novads'),('en_US',457,'Tukuma novads'),('en_US',458,'Tērvetes novads'),('en_US',459,'Vaiņodes novads'),('en_US',460,'Valkas novads'),('en_US',461,'Valmieras novads'),('en_US',462,'Varakļānu novads'),('en_US',463,'Vecpiebalgas novads'),('en_US',464,'Vecumnieku novads'),('en_US',465,'Ventspils novads'),('en_US',466,'Viesītes novads'),('en_US',467,'Viļakas novads'),('en_US',468,'Viļānu novads'),('en_US',469,'Vārkavas novads'),('en_US',470,'Zilupes novads'),('en_US',471,'Ādažu novads'),('en_US',472,'Ērgļu novads'),('en_US',473,'Ķeguma novads'),('en_US',474,'Ķekavas novads'),('en_US',475,'Alytaus Apskritis'),('en_US',476,'Kauno Apskritis'),('en_US',477,'Klaipėdos Apskritis'),('en_US',478,'Marijampolės Apskritis'),('en_US',479,'Panevėžio Apskritis'),('en_US',480,'Šiaulių Apskritis'),('en_US',481,'Tauragės Apskritis'),('en_US',482,'Telšių Apskritis'),('en_US',483,'Utenos Apskritis'),('en_US',484,'Vilniaus Apskritis');

--
-- Table structure for table `directory_currency_rate`
--

CREATE TABLE `directory_currency_rate` (
  `currency_from` varchar(3) NOT NULL DEFAULT '' COMMENT 'Currency Code Convert From',
  `currency_to` varchar(3) NOT NULL DEFAULT '' COMMENT 'Currency Code Convert To',
  `rate` decimal(24,12) NOT NULL DEFAULT '0.000000000000' COMMENT 'Currency Conversion Rate',
  PRIMARY KEY (`currency_from`,`currency_to`),
  KEY `IDX_DIRECTORY_CURRENCY_RATE_CURRENCY_TO` (`currency_to`)
) ENGINE=InnoDB DEFAULT CHARSET=utf8 COMMENT='Directory Currency Rate';

--
-- Dumping data for table `directory_currency_rate`
--

INSERT INTO `directory_currency_rate` VALUES ('EUR','EUR',1.000000000000),('EUR','USD',1.415000000000),('USD','EUR',0.706700000000),('USD','USD',1.000000000000);

--
-- Table structure for table `downloadable_link`
--

CREATE TABLE `downloadable_link` (
  `link_id` int(10) unsigned NOT NULL AUTO_INCREMENT COMMENT 'Link ID',
  `product_id` int(10) unsigned NOT NULL DEFAULT '0' COMMENT 'Product ID',
  `sort_order` int(10) unsigned NOT NULL DEFAULT '0' COMMENT 'Sort order',
  `number_of_downloads` int(11) DEFAULT NULL COMMENT 'Number of downloads',
  `is_shareable` smallint(5) unsigned NOT NULL DEFAULT '0' COMMENT 'Shareable flag',
  `link_url` varchar(255) DEFAULT NULL COMMENT 'Link Url',
  `link_file` varchar(255) DEFAULT NULL COMMENT 'Link File',
  `link_type` varchar(20) DEFAULT NULL COMMENT 'Link Type',
  `sample_url` varchar(255) DEFAULT NULL COMMENT 'Sample Url',
  `sample_file` varchar(255) DEFAULT NULL COMMENT 'Sample File',
  `sample_type` varchar(20) DEFAULT NULL COMMENT 'Sample Type',
  PRIMARY KEY (`link_id`),
  KEY `IDX_DOWNLOADABLE_LINK_PRODUCT_ID` (`product_id`),
  KEY `IDX_DOWNLOADABLE_LINK_PRODUCT_ID_SORT_ORDER` (`product_id`,`sort_order`),
  CONSTRAINT `FK_DOWNLOADABLE_LINK_PRODUCT_ID_CATALOG_PRODUCT_ENTITY_ENTITY_ID` FOREIGN KEY (`product_id`) REFERENCES `catalog_product_entity` (`entity_id`) ON DELETE CASCADE ON UPDATE CASCADE
) ENGINE=InnoDB AUTO_INCREMENT=23 DEFAULT CHARSET=utf8 COMMENT='Downloadable Link Table';

--
-- Dumping data for table `downloadable_link`
--

INSERT INTO `downloadable_link` VALUES (12,449,0,0,2,NULL,'/o/l/olvidalo_x_brownout.mp3','file',NULL,'/o/l/olvidalo_x_brownout.mp3','file'),(13,558,0,0,2,NULL,'/f/a/falling_x_i_am_not_lefthanded.mp3','file',NULL,'/f/a/falling_x_i_am_not_lefthanded.mp3','file'),(14,559,0,0,2,NULL,'/i/f/if_you_were_x_keshco.mp3','file',NULL,'/i/f/if_you_were_x_keshco.mp3','file'),(15,560,0,0,2,NULL,'/c/a/cant_stop_it_x_shearer.mp3','file',NULL,'/c/a/cant_stop_it_x_shearer.mp3','file'),(16,561,0,0,2,NULL,'/l/o/love_is_an_eternal_lie_x_the_sleeping_tree.mp3','file',NULL,'/l/o/love_is_an_eternal_lie_x_the_sleeping_tree.mp3','file'),(18,563,0,0,2,NULL,'/f/i/fire_kalima_remix_x_unannounced_guest_and_the_planty_herbs.mp3','file',NULL,'/f/i/fire_kalima_remix_x_unannounced_guest_and_the_planty_herbs_1.mp3','file'),(19,557,0,0,2,NULL,'/h/b/hbm-around_the_world_in_eighty_days.pdf','file',NULL,NULL,NULL),(20,448,0,0,2,NULL,'/h/b/hbm-a_tale_of_two_cities.pdf','file',NULL,NULL,NULL),(21,450,0,0,2,NULL,'/h/b/hbm-alices_adventures_in_wonderland.pdf','file',NULL,NULL,NULL),(22,562,0,0,2,NULL,'/g/o/goin_down_to_the_bus_stop_x_tbird_1.mp3','file',NULL,'/i/f/if_you_were_x_keshco_1.mp3','file');

--
-- Table structure for table `downloadable_link_price`
--

CREATE TABLE `downloadable_link_price` (
  `price_id` int(10) unsigned NOT NULL AUTO_INCREMENT COMMENT 'Price ID',
  `link_id` int(10) unsigned NOT NULL DEFAULT '0' COMMENT 'Link ID',
  `website_id` smallint(5) unsigned NOT NULL DEFAULT '0' COMMENT 'Website ID',
  `price` decimal(12,4) NOT NULL DEFAULT '0.0000' COMMENT 'Price',
  PRIMARY KEY (`price_id`),
  KEY `IDX_DOWNLOADABLE_LINK_PRICE_LINK_ID` (`link_id`),
  KEY `IDX_DOWNLOADABLE_LINK_PRICE_WEBSITE_ID` (`website_id`),
  CONSTRAINT `FK_DOWNLOADABLE_LINK_PRICE_LINK_ID_DOWNLOADABLE_LINK_LINK_ID` FOREIGN KEY (`link_id`) REFERENCES `downloadable_link` (`link_id`) ON DELETE CASCADE ON UPDATE CASCADE,
  CONSTRAINT `FK_DOWNLOADABLE_LINK_PRICE_WEBSITE_ID_CORE_WEBSITE_WEBSITE_ID` FOREIGN KEY (`website_id`) REFERENCES `core_website` (`website_id`) ON DELETE CASCADE ON UPDATE CASCADE
) ENGINE=InnoDB AUTO_INCREMENT=23 DEFAULT CHARSET=utf8 COMMENT='Downloadable Link Price Table';

--
-- Dumping data for table `downloadable_link_price`
--

INSERT INTO `downloadable_link_price` VALUES (12,12,0,0.0000),(13,13,0,0.0000),(14,14,0,0.0000),(15,15,0,0.0000),(16,16,0,0.0000),(18,18,0,0.0000),(19,19,0,0.0000),(20,20,0,0.0000),(21,21,0,0.0000),(22,22,0,0.0000);

--
-- Table structure for table `downloadable_link_purchased`
--

CREATE TABLE `downloadable_link_purchased` (
  `purchased_id` int(10) unsigned NOT NULL AUTO_INCREMENT COMMENT 'Purchased ID',
  `order_id` int(10) unsigned DEFAULT '0' COMMENT 'Order ID',
  `order_increment_id` varchar(50) DEFAULT NULL COMMENT 'Order Increment ID',
  `order_item_id` int(10) unsigned NOT NULL DEFAULT '0' COMMENT 'Order Item ID',
  `created_at` timestamp NOT NULL DEFAULT CURRENT_TIMESTAMP ON UPDATE CURRENT_TIMESTAMP COMMENT 'Date of creation',
  `updated_at` timestamp NOT NULL DEFAULT '0000-00-00 00:00:00' COMMENT 'Date of modification',
  `customer_id` int(10) unsigned DEFAULT '0' COMMENT 'Customer ID',
  `product_name` varchar(255) DEFAULT NULL COMMENT 'Product name',
  `product_sku` varchar(255) DEFAULT NULL COMMENT 'Product sku',
  `link_section_title` varchar(255) DEFAULT NULL COMMENT 'Link_section_title',
  PRIMARY KEY (`purchased_id`),
  KEY `IDX_DOWNLOADABLE_LINK_PURCHASED_ORDER_ID` (`order_id`),
  KEY `IDX_DOWNLOADABLE_LINK_PURCHASED_ORDER_ITEM_ID` (`order_item_id`),
  KEY `IDX_DOWNLOADABLE_LINK_PURCHASED_CUSTOMER_ID` (`customer_id`),
  CONSTRAINT `FK_DL_LNK_PURCHASED_CSTR_ID_CSTR_ENTT_ENTT_ID` FOREIGN KEY (`customer_id`) REFERENCES `customer_entity` (`entity_id`) ON DELETE SET NULL ON UPDATE CASCADE,
  CONSTRAINT `FK_DL_LNK_PURCHASED_ORDER_ID_SALES_FLAT_ORDER_ENTT_ID` FOREIGN KEY (`order_id`) REFERENCES `sales_flat_order` (`entity_id`) ON DELETE SET NULL ON UPDATE CASCADE
) ENGINE=InnoDB AUTO_INCREMENT=15 DEFAULT CHARSET=utf8 COMMENT='Downloadable Link Purchased Table';

--
-- Dumping data for table `downloadable_link_purchased`
--

INSERT INTO `downloadable_link_purchased` VALUES (1,NULL,'100000033',80,'2013-03-11 09:56:25','2013-03-11 09:56:25',NULL,' Test Downloadable','Test DWN123','Links'),(2,NULL,'100000039',90,'2013-03-12 05:14:10','2013-03-12 05:14:10',NULL,' Test Downloadable','Test DWN123','Links'),(3,46,'100000055',124,'2013-03-28 20:11:59','2013-03-28 20:11:59',26,'A Tale of Two Cities','hbm000','Links'),(4,55,'100000065',152,'2013-04-04 00:42:22','2013-04-04 00:42:23',26,'A Tale of Two Cities','hbm000','Links'),(5,72,'100000087',199,'2013-04-24 02:27:51','2013-04-24 02:27:51',26,'A Tale of Two Cities','hbm000','Links'),(6,79,'100000094',215,'2013-04-24 03:41:34','2013-04-24 03:41:34',74,'A Tale of Two Cities','hbm000','Links'),(7,98,'100000111',261,'2013-04-24 22:10:44','2013-04-24 22:10:44',92,'If You Were by Keshco','hbm006','Links'),(8,NULL,'100000156',427,'2013-05-03 05:35:19','2013-05-03 05:35:19',NULL,'A Tale of Two Cities','hbm000','Links'),(9,NULL,'100000159',438,'2013-05-03 09:17:39','2013-05-03 09:17:39',NULL,'A Tale of Two Cities','hbm000','Links'),(10,NULL,'100000164',453,'2013-05-03 10:01:02','2013-05-03 10:01:02',NULL,'A Tale of Two Cities','hbm000','Links'),(11,NULL,'100000172',477,'2013-05-07 11:17:20','2013-05-07 11:17:20',NULL,'Alice in Wonderland','hbm003 ','Links'),(12,NULL,'100000172',481,'2013-05-07 11:17:20','2013-05-07 11:17:20',NULL,'Around the World in 80 Days','hbm001','Links'),(13,189,'100000210',573,'2013-05-29 13:47:04','2013-05-29 13:47:05',135,'Alice in Wonderland','hbm003 ','Links'),(14,189,'100000210',574,'2013-05-29 13:47:04','2013-05-29 13:47:05',135,'Falling by I Am Not Lefthanded','hbm005','Check Items to Download');

--
-- Table structure for table `downloadable_link_purchased_item`
--

CREATE TABLE `downloadable_link_purchased_item` (
  `item_id` int(10) unsigned NOT NULL AUTO_INCREMENT COMMENT 'Item ID',
  `purchased_id` int(10) unsigned NOT NULL DEFAULT '0' COMMENT 'Purchased ID',
  `order_item_id` int(10) unsigned DEFAULT '0' COMMENT 'Order Item ID',
  `product_id` int(10) unsigned DEFAULT '0' COMMENT 'Product ID',
  `link_hash` varchar(255) DEFAULT NULL COMMENT 'Link hash',
  `number_of_downloads_bought` int(10) unsigned NOT NULL DEFAULT '0' COMMENT 'Number of downloads bought',
  `number_of_downloads_used` int(10) unsigned NOT NULL DEFAULT '0' COMMENT 'Number of downloads used',
  `link_id` int(10) unsigned NOT NULL DEFAULT '0' COMMENT 'Link ID',
  `link_title` varchar(255) DEFAULT NULL COMMENT 'Link Title',
  `is_shareable` smallint(5) unsigned NOT NULL DEFAULT '0' COMMENT 'Shareable Flag',
  `link_url` varchar(255) DEFAULT NULL COMMENT 'Link Url',
  `link_file` varchar(255) DEFAULT NULL COMMENT 'Link File',
  `link_type` varchar(255) DEFAULT NULL COMMENT 'Link Type',
  `status` varchar(50) DEFAULT NULL COMMENT 'Status',
  `created_at` timestamp NOT NULL DEFAULT CURRENT_TIMESTAMP ON UPDATE CURRENT_TIMESTAMP COMMENT 'Creation Time',
  `updated_at` timestamp NOT NULL DEFAULT '0000-00-00 00:00:00' COMMENT 'Update Time',
  PRIMARY KEY (`item_id`),
  KEY `IDX_DOWNLOADABLE_LINK_PURCHASED_ITEM_LINK_HASH` (`link_hash`),
  KEY `IDX_DOWNLOADABLE_LINK_PURCHASED_ITEM_ORDER_ITEM_ID` (`order_item_id`),
  KEY `IDX_DOWNLOADABLE_LINK_PURCHASED_ITEM_PURCHASED_ID` (`purchased_id`),
  CONSTRAINT `FK_46CC8E252307CE62F00A8F1887512A39` FOREIGN KEY (`purchased_id`) REFERENCES `downloadable_link_purchased` (`purchased_id`) ON DELETE CASCADE ON UPDATE CASCADE,
  CONSTRAINT `FK_B219BF25756700DEE44550B21220ECCE` FOREIGN KEY (`order_item_id`) REFERENCES `sales_flat_order_item` (`item_id`) ON DELETE SET NULL ON UPDATE CASCADE
) ENGINE=InnoDB AUTO_INCREMENT=15 DEFAULT CHARSET=utf8 COMMENT='Downloadable Link Purchased Item Table';

--
-- Dumping data for table `downloadable_link_purchased_item`
--

INSERT INTO `downloadable_link_purchased_item` VALUES (1,1,NULL,469,'MC44NzI0MjMwMCAxMzYyOTk1Nzg1MTgwNDY5',0,0,10,'Music',2,NULL,'/h/b/hbm002.jpg','file','pending','2013-03-11 09:56:25','2013-03-11 09:56:25'),(2,2,NULL,469,'MC44NTY4OTAwMCAxMzYzMDY1MjUwMjkwNDY5',0,0,10,'Music',2,NULL,'/h/b/hbm002.jpg','file','pending','2013-03-12 05:14:10','2013-03-12 05:14:10'),(3,3,124,448,'MC4wNjczNjUwMCAxMzY0NTAxNTIwMzEyNDQ0OA,,',0,0,20,'A Tale of Two Cities',2,NULL,'/h/b/hbm-a_tale_of_two_cities.pdf','file','pending','2013-03-28 20:11:59','2013-03-28 20:11:59'),(4,4,152,448,'MC4wODE2NzAwMCAxMzY1MDM2MTQzNDE1MjQ0OA,,',0,0,20,'A Tale of Two Cities',2,NULL,'/h/b/hbm-a_tale_of_two_cities.pdf','file','pending','2013-04-04 00:42:23','2013-04-04 00:42:23'),(5,5,199,448,'MC44NzczNTYwMCAxMzY2NzcwNDcxNTE5OTQ0OA,,',0,0,20,'A Tale of Two Cities',2,NULL,'/h/b/hbm-a_tale_of_two_cities.pdf','file','available','2013-04-24 02:27:51','2013-04-24 02:27:51'),(6,6,215,448,'MC43NDAwODcwMCAxMzY2Nzc0ODk0NjIxNTQ0OA,,',0,0,20,'A Tale of Two Cities',2,NULL,'/h/b/hbm-a_tale_of_two_cities.pdf','file','pending','2013-04-24 03:41:34','2013-04-24 03:41:34'),(7,7,261,559,'MC45ODkwODkwMCAxMzY2ODQxNDQ0NzI2MTU1OQ,,',0,0,14,'If You Were',2,NULL,'/i/f/if_you_were_x_keshco.mp3','file','pending','2013-04-24 22:10:44','2013-04-24 22:10:44'),(8,8,NULL,448,'MC42ODAyNDAwMCAxMzY3NTU5MzE5ODQyNzQ0OA,,',0,0,20,'A Tale of Two Cities',2,NULL,'/h/b/hbm-a_tale_of_two_cities.pdf','file','pending','2013-05-03 05:35:19','2013-05-03 05:35:19'),(9,9,NULL,448,'MC42NjExODYwMCAxMzY3NTcyNjU5OTQzODQ0OA,,',0,3,20,'A Tale of Two Cities',2,NULL,'/h/b/hbm-a_tale_of_two_cities.pdf','file','available','2013-05-03 09:17:39','2013-05-03 09:17:39'),(10,10,NULL,448,'MC43ODgzNTkwMCAxMzY3NTc1MjYyMTA0NTM0NDg,',0,0,20,'A Tale of Two Cities',2,NULL,'/h/b/hbm-a_tale_of_two_cities.pdf','file','pending','2013-05-03 10:01:02','2013-05-03 10:01:02'),(11,11,NULL,450,'MC4xMjY0NzIwMCAxMzY3OTI1NDQxMTE0Nzc0NTA,',0,0,21,'Alice in Wonder',2,NULL,'/h/b/hbm-alices_adventures_in_wonderland.pdf','file','available','2013-05-07 11:17:20','2013-05-07 11:17:20'),(12,12,NULL,557,'MC4xMzU3NTYwMCAxMzY3OTI1NDQxMTI0ODE1NTc,',0,0,19,'Around the World in 80 Days',2,NULL,'/h/b/hbm-around_the_world_in_eighty_days.pdf','file','available','2013-05-07 11:17:20','2013-05-07 11:17:20'),(13,13,573,450,'MC41NDcyMzEwMCAxMzY5ODEwMDI1MTM1NzM0NTA,',0,1,21,'Alice in Wonder',2,NULL,'/h/b/hbm-alices_adventures_in_wonderland.pdf','file','available','2013-05-29 13:47:04','2013-05-29 13:47:04'),(14,14,574,558,'MC41Nzk1MjkwMCAxMzY5ODEwMDI1MTQ1NzQ1NTg,',0,1,13,'Falling',2,NULL,'/f/a/falling_x_i_am_not_lefthanded.mp3','file','available','2013-05-29 13:47:04','2013-05-29 13:47:04');

--
-- Table structure for table `downloadable_link_title`
--

CREATE TABLE `downloadable_link_title` (
  `title_id` int(10) unsigned NOT NULL AUTO_INCREMENT COMMENT 'Title ID',
  `link_id` int(10) unsigned NOT NULL DEFAULT '0' COMMENT 'Link ID',
  `store_id` smallint(5) unsigned NOT NULL DEFAULT '0' COMMENT 'Store ID',
  `title` varchar(255) DEFAULT NULL COMMENT 'Title',
  PRIMARY KEY (`title_id`),
  UNIQUE KEY `UNQ_DOWNLOADABLE_LINK_TITLE_LINK_ID_STORE_ID` (`link_id`,`store_id`),
  KEY `IDX_DOWNLOADABLE_LINK_TITLE_LINK_ID` (`link_id`),
  KEY `IDX_DOWNLOADABLE_LINK_TITLE_STORE_ID` (`store_id`),
  CONSTRAINT `FK_DOWNLOADABLE_LINK_TITLE_LINK_ID_DOWNLOADABLE_LINK_LINK_ID` FOREIGN KEY (`link_id`) REFERENCES `downloadable_link` (`link_id`) ON DELETE CASCADE ON UPDATE CASCADE,
  CONSTRAINT `FK_DOWNLOADABLE_LINK_TITLE_STORE_ID_CORE_STORE_STORE_ID` FOREIGN KEY (`store_id`) REFERENCES `core_store` (`store_id`) ON DELETE CASCADE ON UPDATE CASCADE
) ENGINE=InnoDB AUTO_INCREMENT=23 DEFAULT CHARSET=utf8 COMMENT='Link Title Table';

--
-- Dumping data for table `downloadable_link_title`
--

INSERT INTO `downloadable_link_title` VALUES (12,12,0,'Olvidalo'),(13,13,0,'Falling'),(14,14,0,'If You Were'),(15,15,0,'Can\'t Stop It'),(16,16,0,'Love is an Eternal Lie'),(18,18,0,'Fire'),(19,19,0,'Around the World in 80 Days'),(20,20,0,'A Tale of Two Cities'),(21,21,0,'Alice in Wonder'),(22,22,0,'Goin Down to the Bus Stop');

--
-- Table structure for table `downloadable_sample`
--

CREATE TABLE `downloadable_sample` (
  `sample_id` int(10) unsigned NOT NULL AUTO_INCREMENT COMMENT 'Sample ID',
  `product_id` int(10) unsigned NOT NULL DEFAULT '0' COMMENT 'Product ID',
  `sample_url` varchar(255) DEFAULT NULL COMMENT 'Sample URL',
  `sample_file` varchar(255) DEFAULT NULL COMMENT 'Sample file',
  `sample_type` varchar(20) DEFAULT NULL COMMENT 'Sample Type',
  `sort_order` int(10) unsigned NOT NULL DEFAULT '0' COMMENT 'Sort Order',
  PRIMARY KEY (`sample_id`),
  KEY `IDX_DOWNLOADABLE_SAMPLE_PRODUCT_ID` (`product_id`),
  CONSTRAINT `FK_DL_SAMPLE_PRD_ID_CAT_PRD_ENTT_ENTT_ID` FOREIGN KEY (`product_id`) REFERENCES `catalog_product_entity` (`entity_id`) ON DELETE CASCADE ON UPDATE CASCADE
) ENGINE=InnoDB DEFAULT CHARSET=utf8 COMMENT='Downloadable Sample Table';

--
-- Dumping data for table `downloadable_sample`
--


--
-- Table structure for table `downloadable_sample_title`
--

CREATE TABLE `downloadable_sample_title` (
  `title_id` int(10) unsigned NOT NULL AUTO_INCREMENT COMMENT 'Title ID',
  `sample_id` int(10) unsigned NOT NULL DEFAULT '0' COMMENT 'Sample ID',
  `store_id` smallint(5) unsigned NOT NULL DEFAULT '0' COMMENT 'Store ID',
  `title` varchar(255) DEFAULT NULL COMMENT 'Title',
  PRIMARY KEY (`title_id`),
  UNIQUE KEY `UNQ_DOWNLOADABLE_SAMPLE_TITLE_SAMPLE_ID_STORE_ID` (`sample_id`,`store_id`),
  KEY `IDX_DOWNLOADABLE_SAMPLE_TITLE_SAMPLE_ID` (`sample_id`),
  KEY `IDX_DOWNLOADABLE_SAMPLE_TITLE_STORE_ID` (`store_id`),
  CONSTRAINT `FK_DL_SAMPLE_TTL_SAMPLE_ID_DL_SAMPLE_SAMPLE_ID` FOREIGN KEY (`sample_id`) REFERENCES `downloadable_sample` (`sample_id`) ON DELETE CASCADE ON UPDATE CASCADE,
  CONSTRAINT `FK_DOWNLOADABLE_SAMPLE_TITLE_STORE_ID_CORE_STORE_STORE_ID` FOREIGN KEY (`store_id`) REFERENCES `core_store` (`store_id`) ON DELETE CASCADE ON UPDATE CASCADE
) ENGINE=InnoDB DEFAULT CHARSET=utf8 COMMENT='Downloadable Sample Title Table';

--
-- Dumping data for table `downloadable_sample_title`
--


--
-- Table structure for table `eav_attribute`
--

CREATE TABLE `eav_attribute` (
  `attribute_id` smallint(5) unsigned NOT NULL AUTO_INCREMENT COMMENT 'Attribute Id',
  `entity_type_id` smallint(5) unsigned NOT NULL DEFAULT '0' COMMENT 'Entity Type Id',
  `attribute_code` varchar(255) DEFAULT NULL COMMENT 'Attribute Code',
  `attribute_model` varchar(255) DEFAULT NULL COMMENT 'Attribute Model',
  `backend_model` varchar(255) DEFAULT NULL COMMENT 'Backend Model',
  `backend_type` varchar(8) NOT NULL DEFAULT 'static' COMMENT 'Backend Type',
  `backend_table` varchar(255) DEFAULT NULL COMMENT 'Backend Table',
  `frontend_model` varchar(255) DEFAULT NULL COMMENT 'Frontend Model',
  `frontend_input` varchar(50) DEFAULT NULL COMMENT 'Frontend Input',
  `frontend_label` varchar(255) DEFAULT NULL COMMENT 'Frontend Label',
  `frontend_class` varchar(255) DEFAULT NULL COMMENT 'Frontend Class',
  `source_model` varchar(255) DEFAULT NULL COMMENT 'Source Model',
  `is_required` smallint(5) unsigned NOT NULL DEFAULT '0' COMMENT 'Defines Is Required',
  `is_user_defined` smallint(5) unsigned NOT NULL DEFAULT '0' COMMENT 'Defines Is User Defined',
  `default_value` text COMMENT 'Default Value',
  `is_unique` smallint(5) unsigned NOT NULL DEFAULT '0' COMMENT 'Defines Is Unique',
  `note` varchar(255) DEFAULT NULL COMMENT 'Note',
  PRIMARY KEY (`attribute_id`),
  UNIQUE KEY `UNQ_EAV_ATTRIBUTE_ENTITY_TYPE_ID_ATTRIBUTE_CODE` (`entity_type_id`,`attribute_code`),
  KEY `IDX_EAV_ATTRIBUTE_ENTITY_TYPE_ID` (`entity_type_id`),
  CONSTRAINT `FK_EAV_ATTRIBUTE_ENTITY_TYPE_ID_EAV_ENTITY_TYPE_ENTITY_TYPE_ID` FOREIGN KEY (`entity_type_id`) REFERENCES `eav_entity_type` (`entity_type_id`) ON DELETE CASCADE ON UPDATE CASCADE
) ENGINE=InnoDB AUTO_INCREMENT=210 DEFAULT CHARSET=utf8 COMMENT='Eav Attribute';

--
-- Dumping data for table `eav_attribute`
--

INSERT INTO `eav_attribute` VALUES (1,1,'website_id',NULL,'customer/customer_attribute_backend_website','static',NULL,NULL,'select','Associate to Website',NULL,'customer/customer_attribute_source_website',1,0,NULL,0,NULL),(2,1,'store_id',NULL,'customer/customer_attribute_backend_store','static',NULL,NULL,'select','Create In',NULL,'customer/customer_attribute_source_store',1,0,NULL,0,NULL),(3,1,'created_in',NULL,NULL,'varchar',NULL,NULL,'text','Created From',NULL,NULL,0,0,NULL,0,NULL),(4,1,'prefix',NULL,NULL,'varchar',NULL,NULL,'text','Prefix',NULL,NULL,0,0,NULL,0,NULL),(5,1,'firstname',NULL,NULL,'varchar',NULL,NULL,'text','First Name',NULL,NULL,1,0,NULL,0,NULL),(6,1,'middlename',NULL,NULL,'varchar',NULL,NULL,'text','Middle Name/Initial',NULL,NULL,0,0,NULL,0,NULL),(7,1,'lastname',NULL,NULL,'varchar',NULL,NULL,'text','Last Name',NULL,NULL,1,0,NULL,0,NULL),(8,1,'suffix',NULL,NULL,'varchar',NULL,NULL,'text','Suffix',NULL,NULL,0,0,NULL,0,NULL),(9,1,'email',NULL,NULL,'static',NULL,NULL,'text','Email',NULL,NULL,1,0,NULL,0,NULL),(10,1,'group_id',NULL,NULL,'static',NULL,NULL,'select','Group',NULL,'customer/customer_attribute_source_group',1,0,NULL,0,NULL),(11,1,'dob',NULL,'eav/entity_attribute_backend_datetime','datetime',NULL,'eav/entity_attribute_frontend_datetime','date','Date Of Birth',NULL,NULL,0,0,NULL,0,NULL),(12,1,'password_hash',NULL,'customer/customer_attribute_backend_password','varchar',NULL,NULL,'hidden',NULL,NULL,NULL,0,0,NULL,0,NULL),(13,1,'default_billing',NULL,'customer/customer_attribute_backend_billing','int',NULL,NULL,'text','Default Billing Address',NULL,NULL,0,0,NULL,0,NULL),(14,1,'default_shipping',NULL,'customer/customer_attribute_backend_shipping','int',NULL,NULL,'text','Default Shipping Address',NULL,NULL,0,0,NULL,0,NULL),(15,1,'taxvat',NULL,NULL,'varchar',NULL,NULL,'text','Tax/VAT Number',NULL,NULL,0,0,NULL,0,NULL),(16,1,'confirmation',NULL,NULL,'varchar',NULL,NULL,'text','Is Confirmed',NULL,NULL,0,0,NULL,0,NULL),(17,1,'created_at',NULL,NULL,'static',NULL,NULL,'datetime','Created At',NULL,NULL,0,0,NULL,0,NULL),(18,1,'gender',NULL,NULL,'int',NULL,NULL,'select','Gender',NULL,'eav/entity_attribute_source_table',0,0,NULL,0,NULL),(19,2,'prefix',NULL,NULL,'varchar',NULL,NULL,'text','Prefix',NULL,NULL,0,0,NULL,0,NULL),(20,2,'firstname',NULL,NULL,'varchar',NULL,NULL,'text','First Name',NULL,NULL,1,0,NULL,0,NULL),(21,2,'middlename',NULL,NULL,'varchar',NULL,NULL,'text','Middle Name/Initial',NULL,NULL,0,0,NULL,0,NULL),(22,2,'lastname',NULL,NULL,'varchar',NULL,NULL,'text','Last Name',NULL,NULL,1,0,NULL,0,NULL),(23,2,'suffix',NULL,NULL,'varchar',NULL,NULL,'text','Suffix',NULL,NULL,0,0,NULL,0,NULL),(24,2,'company',NULL,NULL,'varchar',NULL,NULL,'text','Company',NULL,NULL,0,0,NULL,0,NULL),(25,2,'street',NULL,'customer/entity_address_attribute_backend_street','text',NULL,NULL,'multiline','Street Address',NULL,NULL,1,0,NULL,0,NULL),(26,2,'city',NULL,NULL,'varchar',NULL,NULL,'text','City',NULL,NULL,1,0,NULL,0,NULL),(27,2,'country_id',NULL,NULL,'varchar',NULL,NULL,'select','Country',NULL,'customer/entity_address_attribute_source_country',1,0,NULL,0,NULL),(28,2,'region',NULL,'customer/entity_address_attribute_backend_region','varchar',NULL,NULL,'text','State/Province',NULL,NULL,0,0,NULL,0,NULL),(29,2,'region_id',NULL,NULL,'int',NULL,NULL,'hidden','State/Province',NULL,'customer/entity_address_attribute_source_region',0,0,NULL,0,NULL),(30,2,'postcode',NULL,NULL,'varchar',NULL,NULL,'text','Zip/Postal Code',NULL,NULL,1,0,NULL,0,NULL),(31,2,'telephone',NULL,NULL,'varchar',NULL,NULL,'text','Telephone',NULL,NULL,1,0,NULL,0,NULL),(32,2,'fax',NULL,NULL,'varchar',NULL,NULL,'text','Fax',NULL,NULL,0,0,NULL,0,NULL),(33,1,'rp_token',NULL,NULL,'varchar',NULL,NULL,'hidden',NULL,NULL,NULL,0,0,NULL,0,NULL),(34,1,'rp_token_created_at',NULL,NULL,'datetime',NULL,NULL,'date',NULL,NULL,NULL,0,0,NULL,0,NULL),(35,1,'disable_auto_group_change',NULL,'customer/attribute_backend_data_boolean','static',NULL,NULL,'boolean','Disable Automatic Group Change Based on VAT ID',NULL,NULL,0,0,NULL,0,NULL),(36,2,'vat_id',NULL,NULL,'varchar',NULL,NULL,'text','VAT number',NULL,NULL,0,0,NULL,0,NULL),(37,2,'vat_is_valid',NULL,NULL,'int',NULL,NULL,'text','VAT number validity',NULL,NULL,0,0,NULL,0,NULL),(38,2,'vat_request_id',NULL,NULL,'varchar',NULL,NULL,'text','VAT number validation request ID',NULL,NULL,0,0,NULL,0,NULL),(39,2,'vat_request_date',NULL,NULL,'varchar',NULL,NULL,'text','VAT number validation request date',NULL,NULL,0,0,NULL,0,NULL),(40,2,'vat_request_success',NULL,NULL,'int',NULL,NULL,'text','VAT number validation request success',NULL,NULL,0,0,NULL,0,NULL),(41,3,'name',NULL,NULL,'varchar',NULL,NULL,'text','Name',NULL,NULL,1,0,NULL,0,NULL),(42,3,'is_active',NULL,NULL,'int',NULL,NULL,'select','Is Active',NULL,'eav/entity_attribute_source_boolean',1,0,NULL,0,NULL),(43,3,'url_key',NULL,NULL,'varchar',NULL,NULL,'text','URL Key',NULL,NULL,0,0,NULL,0,NULL),(44,3,'description',NULL,NULL,'text',NULL,NULL,'textarea','Description',NULL,NULL,0,0,NULL,0,NULL),(45,3,'image',NULL,'catalog/category_attribute_backend_image','varchar',NULL,NULL,'image','Image',NULL,NULL,0,0,NULL,0,NULL),(46,3,'meta_title',NULL,NULL,'varchar',NULL,NULL,'text','Page Title',NULL,NULL,0,0,NULL,0,NULL),(47,3,'meta_keywords',NULL,NULL,'text',NULL,NULL,'textarea','Meta Keywords',NULL,NULL,0,0,NULL,0,NULL),(48,3,'meta_description',NULL,NULL,'text',NULL,NULL,'textarea','Meta Description',NULL,NULL,0,0,NULL,0,NULL),(49,3,'display_mode',NULL,NULL,'varchar',NULL,NULL,'select','Display Mode',NULL,'catalog/category_attribute_source_mode',0,0,NULL,0,NULL),(50,3,'landing_page',NULL,NULL,'int',NULL,NULL,'select','CMS Block',NULL,'catalog/category_attribute_source_page',0,0,NULL,0,NULL),(51,3,'is_anchor',NULL,NULL,'int',NULL,NULL,'select','Is Anchor',NULL,'eav/entity_attribute_source_boolean',0,0,NULL,0,NULL),(52,3,'path',NULL,NULL,'static',NULL,NULL,'text','Path',NULL,NULL,0,0,NULL,0,NULL),(53,3,'position',NULL,NULL,'static',NULL,NULL,'text','Position',NULL,NULL,0,0,NULL,0,NULL),(54,3,'all_children',NULL,NULL,'text',NULL,NULL,'text',NULL,NULL,NULL,0,0,NULL,0,NULL),(55,3,'path_in_store',NULL,NULL,'text',NULL,NULL,'text',NULL,NULL,NULL,0,0,NULL,0,NULL),(56,3,'children',NULL,NULL,'text',NULL,NULL,'text',NULL,NULL,NULL,0,0,NULL,0,NULL),(57,3,'url_path',NULL,NULL,'varchar',NULL,NULL,'text',NULL,NULL,NULL,0,0,NULL,0,NULL),(58,3,'custom_design',NULL,NULL,'varchar',NULL,NULL,'select','Custom Design',NULL,'core/design_source_design',0,0,NULL,0,NULL),(59,3,'custom_design_from',NULL,'eav/entity_attribute_backend_datetime','datetime',NULL,NULL,'date','Active From',NULL,NULL,0,0,NULL,0,NULL),(60,3,'custom_design_to',NULL,'eav/entity_attribute_backend_datetime','datetime',NULL,NULL,'date','Active To',NULL,NULL,0,0,NULL,0,NULL),(61,3,'page_layout',NULL,NULL,'varchar',NULL,NULL,'select','Page Layout',NULL,'catalog/category_attribute_source_layout',0,0,NULL,0,NULL),(62,3,'custom_layout_update',NULL,'catalog/attribute_backend_customlayoutupdate','text',NULL,NULL,'textarea','Custom Layout Update',NULL,NULL,0,0,NULL,0,NULL),(63,3,'level',NULL,NULL,'static',NULL,NULL,'text','Level',NULL,NULL,0,0,NULL,0,NULL),(64,3,'children_count',NULL,NULL,'static',NULL,NULL,'text','Children Count',NULL,NULL,0,0,NULL,0,NULL),(65,3,'available_sort_by',NULL,'catalog/category_attribute_backend_sortby','text',NULL,NULL,'multiselect','Available Product Listing Sort By',NULL,'catalog/category_attribute_source_sortby',1,0,NULL,0,NULL),(66,3,'default_sort_by',NULL,'catalog/category_attribute_backend_sortby','varchar',NULL,NULL,'select','Default Product Listing Sort By',NULL,'catalog/category_attribute_source_sortby',1,0,NULL,0,NULL),(67,3,'include_in_menu',NULL,NULL,'int',NULL,NULL,'select','Include in Navigation Menu',NULL,'eav/entity_attribute_source_boolean',1,0,'1',0,NULL),(68,3,'custom_use_parent_settings',NULL,NULL,'int',NULL,NULL,'select','Use Parent Category Settings',NULL,'eav/entity_attribute_source_boolean',0,0,NULL,0,NULL),(69,3,'custom_apply_to_products',NULL,NULL,'int',NULL,NULL,'select','Apply To Products',NULL,'eav/entity_attribute_source_boolean',0,0,NULL,0,NULL),(70,3,'filter_price_range',NULL,NULL,'decimal',NULL,NULL,'text','Layered Navigation Price Step',NULL,NULL,0,0,NULL,0,NULL),(71,4,'name',NULL,NULL,'varchar',NULL,NULL,'text','Name',NULL,NULL,1,0,NULL,0,NULL),(72,4,'description',NULL,NULL,'text',NULL,NULL,'textarea','Description',NULL,NULL,1,0,NULL,0,NULL),(73,4,'short_description',NULL,NULL,'text',NULL,NULL,'textarea','Short Description',NULL,NULL,1,0,NULL,0,NULL),(74,4,'sku',NULL,'catalog/product_attribute_backend_sku','static',NULL,NULL,'text','SKU',NULL,NULL,1,0,NULL,1,NULL),(75,4,'price',NULL,'catalog/product_attribute_backend_price','decimal',NULL,NULL,'price','Price',NULL,NULL,1,0,NULL,0,NULL),(76,4,'special_price',NULL,'catalog/product_attribute_backend_price','decimal',NULL,NULL,'price','Special Price',NULL,NULL,0,0,NULL,0,NULL),(77,4,'special_from_date',NULL,'catalog/product_attribute_backend_startdate_specialprice','datetime',NULL,NULL,'date','Special Price From Date',NULL,NULL,0,0,NULL,0,NULL),(78,4,'special_to_date',NULL,'eav/entity_attribute_backend_datetime','datetime',NULL,NULL,'date','Special Price To Date',NULL,NULL,0,0,NULL,0,NULL),(79,4,'cost',NULL,'catalog/product_attribute_backend_price','decimal',NULL,NULL,'price','Cost',NULL,NULL,0,1,NULL,0,NULL),(80,4,'weight',NULL,NULL,'decimal',NULL,NULL,'weight','Weight',NULL,NULL,1,0,NULL,0,NULL),(81,4,'manufacturer',NULL,NULL,'int',NULL,NULL,'select','Manufacturer',NULL,NULL,0,1,NULL,0,NULL),(82,4,'meta_title',NULL,NULL,'varchar',NULL,NULL,'text','Meta Title',NULL,NULL,0,0,NULL,0,NULL),(83,4,'meta_keyword',NULL,NULL,'text',NULL,NULL,'textarea','Meta Keywords',NULL,NULL,0,0,NULL,0,NULL),(84,4,'meta_description',NULL,NULL,'varchar',NULL,NULL,'textarea','Meta Description',NULL,NULL,0,0,NULL,0,'Maximum 255 chars'),(85,4,'image',NULL,NULL,'varchar',NULL,'catalog/product_attribute_frontend_image','media_image','Base Image',NULL,NULL,0,0,NULL,0,NULL),(86,4,'small_image',NULL,NULL,'varchar',NULL,'catalog/product_attribute_frontend_image','media_image','Small Image',NULL,NULL,0,0,NULL,0,NULL),(87,4,'thumbnail',NULL,NULL,'varchar',NULL,'catalog/product_attribute_frontend_image','media_image','Thumbnail',NULL,NULL,0,0,NULL,0,NULL),(88,4,'media_gallery',NULL,'catalog/product_attribute_backend_media','varchar',NULL,NULL,'gallery','Media Gallery',NULL,NULL,0,0,NULL,0,NULL),(89,4,'old_id',NULL,NULL,'int',NULL,NULL,'text',NULL,NULL,NULL,0,0,NULL,0,NULL),(90,4,'group_price',NULL,'catalog/product_attribute_backend_groupprice','decimal',NULL,NULL,'text','Group Price',NULL,NULL,0,0,NULL,0,NULL),(91,4,'tier_price',NULL,'catalog/product_attribute_backend_tierprice','decimal',NULL,NULL,'text','Tier Price',NULL,NULL,0,0,NULL,0,NULL),(92,4,'color',NULL,NULL,'int',NULL,NULL,'select','Color',NULL,NULL,0,1,'',0,NULL),(93,4,'news_from_date',NULL,'catalog/product_attribute_backend_startdate','datetime',NULL,NULL,'date','Set Product as New from Date',NULL,NULL,0,0,NULL,0,NULL),(94,4,'news_to_date',NULL,'eav/entity_attribute_backend_datetime','datetime',NULL,NULL,'date','Set Product as New to Date',NULL,NULL,0,0,NULL,0,NULL),(95,4,'gallery',NULL,NULL,'varchar',NULL,NULL,'gallery','Image Gallery',NULL,NULL,0,0,NULL,0,NULL),(96,4,'status',NULL,NULL,'int',NULL,NULL,'select','Status',NULL,'catalog/product_status',1,0,NULL,0,NULL),(97,4,'url_key',NULL,NULL,'varchar',NULL,NULL,'text','URL Key',NULL,NULL,0,0,NULL,0,NULL),(98,4,'url_path',NULL,NULL,'varchar',NULL,NULL,'text',NULL,NULL,NULL,0,0,NULL,0,NULL),(99,4,'minimal_price',NULL,NULL,'decimal',NULL,NULL,'price','Minimal Price',NULL,NULL,0,0,NULL,0,NULL),(100,4,'is_recurring',NULL,NULL,'int',NULL,NULL,'select','Enable Recurring Profile',NULL,'eav/entity_attribute_source_boolean',0,0,NULL,0,'Products with recurring profile participate in catalog as nominal items.'),(101,4,'recurring_profile',NULL,'catalog/product_attribute_backend_recurring','text',NULL,NULL,'text','Recurring Payment Profile',NULL,NULL,0,0,NULL,0,NULL),(102,4,'visibility',NULL,NULL,'int',NULL,NULL,'select','Visibility',NULL,'catalog/product_visibility',1,0,'4',0,NULL),(103,4,'custom_design',NULL,NULL,'varchar',NULL,NULL,'select','Custom Design',NULL,'core/design_source_design',0,0,NULL,0,NULL),(104,4,'custom_design_from',NULL,'catalog/product_attribute_backend_startdate','datetime',NULL,NULL,'date','Active From',NULL,NULL,0,0,NULL,0,NULL),(105,4,'custom_design_to',NULL,'eav/entity_attribute_backend_datetime','datetime',NULL,NULL,'date','Active To',NULL,NULL,0,0,NULL,0,NULL),(106,4,'custom_layout_update',NULL,'catalog/attribute_backend_customlayoutupdate','text',NULL,NULL,'textarea','Custom Layout Update',NULL,NULL,0,0,NULL,0,NULL),(107,4,'page_layout',NULL,NULL,'varchar',NULL,NULL,'select','Page Layout',NULL,'catalog/product_attribute_source_layout',0,0,NULL,0,NULL),(108,4,'category_ids',NULL,NULL,'static',NULL,NULL,'text',NULL,NULL,NULL,0,0,NULL,0,NULL),(109,4,'options_container',NULL,NULL,'varchar',NULL,NULL,'select','Display Product Options In',NULL,'catalog/entity_product_attribute_design_options_container',0,0,'container2',0,NULL),(110,4,'required_options',NULL,NULL,'static',NULL,NULL,'text',NULL,NULL,NULL,0,0,NULL,0,NULL),(111,4,'has_options',NULL,NULL,'static',NULL,NULL,'text',NULL,NULL,NULL,0,0,NULL,0,NULL),(112,4,'image_label',NULL,NULL,'varchar',NULL,NULL,'text','Image Label',NULL,NULL,0,0,NULL,0,NULL),(113,4,'small_image_label',NULL,NULL,'varchar',NULL,NULL,'text','Small Image Label',NULL,NULL,0,0,NULL,0,NULL),(114,4,'thumbnail_label',NULL,NULL,'varchar',NULL,NULL,'text','Thumbnail Label',NULL,NULL,0,0,NULL,0,NULL),(115,4,'created_at',NULL,'eav/entity_attribute_backend_time_created','static',NULL,NULL,'text',NULL,NULL,NULL,1,0,NULL,0,NULL),(116,4,'updated_at',NULL,'eav/entity_attribute_backend_time_updated','static',NULL,NULL,'text',NULL,NULL,NULL,1,0,NULL,0,NULL),(117,4,'country_of_manufacture',NULL,NULL,'varchar',NULL,NULL,'select','Country of Manufacture',NULL,'catalog/product_attribute_source_countryofmanufacture',0,0,NULL,0,NULL),(118,4,'msrp_enabled',NULL,'catalog/product_attribute_backend_msrp','varchar',NULL,NULL,'select','Apply MAP',NULL,'catalog/product_attribute_source_msrp_type_enabled',0,0,'2',0,NULL),(119,4,'msrp_display_actual_price_type',NULL,'catalog/product_attribute_backend_boolean','varchar',NULL,NULL,'select','Display Actual Price',NULL,'catalog/product_attribute_source_msrp_type_price',0,0,'4',0,NULL),(120,4,'msrp',NULL,'catalog/product_attribute_backend_price','decimal',NULL,NULL,'price','Manufacturer\'s Suggested Retail Price',NULL,NULL,0,0,NULL,0,NULL),(122,4,'tax_class_id',NULL,NULL,'int',NULL,NULL,'select','Tax Class',NULL,'tax/class_source_product',1,0,NULL,0,NULL),(123,4,'gift_message_available',NULL,'catalog/product_attribute_backend_boolean','varchar',NULL,NULL,'select','Allow Gift Message',NULL,'eav/entity_attribute_source_boolean',0,0,NULL,0,NULL),(124,4,'price_type',NULL,NULL,'int',NULL,NULL,NULL,NULL,NULL,NULL,1,0,NULL,0,NULL),(125,4,'sku_type',NULL,NULL,'int',NULL,NULL,NULL,NULL,NULL,NULL,1,0,NULL,0,NULL),(126,4,'weight_type',NULL,NULL,'int',NULL,NULL,NULL,NULL,NULL,NULL,1,0,NULL,0,NULL),(127,4,'price_view',NULL,NULL,'int',NULL,NULL,'select','Price View',NULL,'bundle/product_attribute_source_price_view',1,0,NULL,0,NULL),(128,4,'shipment_type',NULL,NULL,'int',NULL,NULL,NULL,'Shipment',NULL,NULL,1,0,NULL,0,NULL),(129,4,'links_purchased_separately',NULL,NULL,'int',NULL,NULL,NULL,'Links can be purchased separately',NULL,NULL,1,0,NULL,0,NULL),(130,4,'samples_title',NULL,NULL,'varchar',NULL,NULL,NULL,'Samples title',NULL,NULL,1,0,NULL,0,NULL),(131,4,'links_title',NULL,NULL,'varchar',NULL,NULL,NULL,'Links title',NULL,NULL,1,0,NULL,0,NULL),(132,4,'links_exist',NULL,NULL,'int',NULL,NULL,NULL,NULL,NULL,NULL,0,0,'0',0,NULL),(133,3,'thumbnail',NULL,'catalog/category_attribute_backend_image','varchar',NULL,NULL,'image','Thumbnail Image',NULL,NULL,0,0,NULL,0,NULL),(136,4,'open_amount_min',NULL,'catalog/product_attribute_backend_price','decimal',NULL,NULL,'price','Open Amount Min Value',NULL,NULL,0,0,NULL,0,NULL),(137,4,'open_amount_max',NULL,'catalog/product_attribute_backend_price','decimal',NULL,NULL,'price','Open Amount Max Value',NULL,NULL,0,0,NULL,0,NULL),(139,4,'is_redeemable',NULL,NULL,'int',NULL,NULL,'text','Is Redeemable',NULL,NULL,0,0,NULL,0,NULL),(140,4,'use_config_is_redeemable',NULL,NULL,'int',NULL,NULL,'text','Use Config Is Redeemable',NULL,NULL,0,0,NULL,0,NULL),(141,4,'lifetime',NULL,NULL,'int',NULL,NULL,'text','Lifetime',NULL,NULL,0,0,NULL,0,NULL),(142,4,'use_config_lifetime',NULL,NULL,'int',NULL,NULL,'text','Use Config Lifetime',NULL,NULL,0,0,NULL,0,NULL),(143,4,'email_template',NULL,NULL,'varchar',NULL,NULL,'text','Email Template',NULL,NULL,0,0,NULL,0,NULL),(144,4,'use_config_email_template',NULL,NULL,'int',NULL,NULL,'text','Use Config Email Template',NULL,NULL,0,0,NULL,0,NULL),(145,4,'allow_message',NULL,NULL,'int',NULL,NULL,'text','Allow Message',NULL,NULL,0,0,NULL,0,NULL),(146,4,'use_config_allow_message',NULL,NULL,'int',NULL,NULL,'text','Use Config Allow Message',NULL,NULL,0,0,NULL,0,NULL),(147,4,'gift_wrapping_available',NULL,'catalog/product_attribute_backend_boolean','varchar',NULL,NULL,'select','Allow Gift Wrapping','hidden-for-virtual','eav/entity_attribute_source_boolean',0,0,NULL,0,NULL),(148,4,'gift_wrapping_price',NULL,'catalog/product_attribute_backend_price','decimal',NULL,NULL,'price','Price for Gift Wrapping','hidden-for-virtual',NULL,0,0,NULL,0,NULL),(149,1,'reward_update_notification',NULL,NULL,'int',NULL,NULL,'text',NULL,NULL,NULL,1,0,NULL,0,NULL),(150,1,'reward_warning_notification',NULL,NULL,'int',NULL,NULL,'text',NULL,NULL,NULL,1,0,NULL,0,NULL),(175,4,'occasion',NULL,NULL,'int',NULL,NULL,'select','Occasion',NULL,'eav/entity_attribute_source_table',0,1,'',0,NULL),(176,4,'apparel_type',NULL,NULL,'int',NULL,NULL,'select','Type',NULL,'eav/entity_attribute_source_table',1,1,'',0,NULL),(177,4,'style',NULL,NULL,'int',NULL,NULL,'select','Style',NULL,'eav/entity_attribute_source_table',0,1,'',0,NULL),(178,4,'sleeve_length',NULL,NULL,'int',NULL,NULL,'select','Sleeve Length',NULL,'eav/entity_attribute_source_table',0,1,'',0,NULL),(179,4,'fit',NULL,NULL,'int',NULL,NULL,'select','Fit',NULL,'eav/entity_attribute_source_table',0,1,'',0,NULL),(180,4,'size',NULL,NULL,'int',NULL,NULL,'select','Size',NULL,'eav/entity_attribute_source_table',0,1,'',0,NULL),(181,4,'length',NULL,NULL,'int',NULL,NULL,'select','Length',NULL,'eav/entity_attribute_source_table',0,1,'',0,NULL),(182,4,'frame_style',NULL,NULL,'int',NULL,NULL,'select','Frame Style',NULL,'eav/entity_attribute_source_table',1,1,'',0,NULL),(183,4,'lens_type',NULL,NULL,'int',NULL,NULL,'select','Lens Type',NULL,'eav/entity_attribute_source_table',0,1,'',0,NULL),(184,4,'gender',NULL,NULL,'int',NULL,NULL,'select','Gender',NULL,'eav/entity_attribute_source_table',0,1,'',0,NULL),(185,4,'width',NULL,NULL,'text',NULL,NULL,'textarea','Width',NULL,NULL,0,1,NULL,0,NULL),(186,4,'shoe_size',NULL,NULL,'int',NULL,NULL,'select','Shoe size',NULL,'eav/entity_attribute_source_table',0,1,'',0,NULL),(187,4,'shoe_type',NULL,NULL,'int',NULL,NULL,'select','Shoe type',NULL,'eav/entity_attribute_source_table',1,1,'',0,NULL),(188,4,'homeware_style',NULL,NULL,'int',NULL,NULL,'select','Homeware style',NULL,'eav/entity_attribute_source_table',0,1,'',0,NULL),(189,4,'material',NULL,NULL,'int',NULL,NULL,'select','Material',NULL,'eav/entity_attribute_source_table',0,1,'',0,NULL),(190,4,'luggage_size',NULL,NULL,'int',NULL,NULL,'select','Luggage Size',NULL,'eav/entity_attribute_source_table',0,1,'',0,NULL),(191,4,'luggage_travel_style',NULL,NULL,'int',NULL,NULL,'select','Luggage travel Style',NULL,'eav/entity_attribute_source_table',0,1,'',0,NULL),(192,4,'bag_luggage_type',NULL,NULL,'int',NULL,NULL,'select','Bag & Luggage Type',NULL,'eav/entity_attribute_source_table',0,1,'',0,NULL),(193,4,'jewelry_type',NULL,NULL,'int',NULL,NULL,'select','Jewelry Type',NULL,'eav/entity_attribute_source_table',0,1,'',0,NULL),(194,4,'accessories_size',NULL,NULL,'int',NULL,NULL,'select','Accessories Size',NULL,'eav/entity_attribute_source_table',0,1,'',0,NULL),(195,4,'camera_type',NULL,NULL,'int',NULL,NULL,'select','Camera Type',NULL,'eav/entity_attribute_source_table',0,1,'',0,NULL),(196,4,'camera_megapixels',NULL,NULL,'int',NULL,NULL,'select','Camera Megapixels',NULL,'eav/entity_attribute_source_table',0,1,'',0,NULL),(197,4,'electronic_type',NULL,NULL,'int',NULL,NULL,'select','Electronic Type',NULL,'eav/entity_attribute_source_table',0,1,'',0,NULL),(198,4,'bed_bath_type',NULL,NULL,'int',NULL,NULL,'select','Bed & Bath Type',NULL,'eav/entity_attribute_source_table',0,1,'',0,NULL),(199,4,'decor_type',NULL,NULL,'int',NULL,NULL,'select','Decor Type',NULL,'eav/entity_attribute_source_table',0,1,'',0,NULL),(200,4,'home_decor_type',NULL,NULL,'int',NULL,NULL,'select','Home & Decor Type',NULL,'eav/entity_attribute_source_table',0,1,'',0,NULL),(201,4,'format',NULL,NULL,'int',NULL,NULL,'select','format',NULL,'eav/entity_attribute_source_table',0,1,'',0,NULL),(202,4,'author_artist',NULL,NULL,'text',NULL,NULL,'textarea','Author/Artist',NULL,NULL,0,1,NULL,0,NULL),(203,4,'genre',NULL,NULL,'text',NULL,NULL,'textarea','Genre',NULL,NULL,0,1,NULL,0,NULL),(204,4,'luggage_style',NULL,NULL,'text',NULL,NULL,'textarea','Luggage Style',NULL,NULL,0,1,NULL,0,NULL),(205,4,'accessories_type',NULL,NULL,'text',NULL,NULL,'textarea','Accessories Type',NULL,NULL,0,1,NULL,0,NULL),(206,4,'bedding_pattern',NULL,NULL,'varchar',NULL,NULL,'text','Bedding Pattern',NULL,NULL,0,1,NULL,0,NULL),(207,4,'gendered',NULL,NULL,'int',NULL,NULL,'select','Gender',NULL,'eav/entity_attribute_source_table',0,1,'',0,NULL),(208,4,'books_music_type',NULL,NULL,'int',NULL,NULL,'select','Books & Music Type',NULL,'eav/entity_attribute_source_table',0,1,'',0,NULL),(209,4,'necklace_length',NULL,NULL,'int',NULL,NULL,'select','Necklace Length',NULL,'eav/entity_attribute_source_table',0,1,'',0,NULL);

--
