-- Table structure for table `sales_flat_quote_payment`
--

CREATE TABLE `sales_flat_quote_payment` (
  `payment_id` int(10) unsigned NOT NULL AUTO_INCREMENT COMMENT 'Payment Id',
  `quote_id` int(10) unsigned NOT NULL DEFAULT '0' COMMENT 'Quote Id',
  `created_at` timestamp NOT NULL DEFAULT CURRENT_TIMESTAMP ON UPDATE CURRENT_TIMESTAMP COMMENT 'Created At',
  `updated_at` timestamp NOT NULL DEFAULT '0000-00-00 00:00:00' COMMENT 'Updated At',
  `method` varchar(255) DEFAULT NULL COMMENT 'Method',
  `cc_type` varchar(255) DEFAULT NULL COMMENT 'Cc Type',
  `cc_number_enc` varchar(255) DEFAULT NULL COMMENT 'Cc Number Enc',
  `cc_last4` varchar(255) DEFAULT NULL COMMENT 'Cc Last4',
  `cc_cid_enc` varchar(255) DEFAULT NULL COMMENT 'Cc Cid Enc',
  `cc_owner` varchar(255) DEFAULT NULL COMMENT 'Cc Owner',
  `cc_exp_month` smallint(5) unsigned DEFAULT '0' COMMENT 'Cc Exp Month',
  `cc_exp_year` smallint(5) unsigned DEFAULT '0' COMMENT 'Cc Exp Year',
  `cc_ss_owner` varchar(255) DEFAULT NULL COMMENT 'Cc Ss Owner',
  `cc_ss_start_month` smallint(5) unsigned DEFAULT '0' COMMENT 'Cc Ss Start Month',
  `cc_ss_start_year` smallint(5) unsigned DEFAULT '0' COMMENT 'Cc Ss Start Year',
  `po_number` varchar(255) DEFAULT NULL COMMENT 'Po Number',
  `additional_data` text COMMENT 'Additional Data',
  `cc_ss_issue` varchar(255) DEFAULT NULL COMMENT 'Cc Ss Issue',
  `additional_information` text COMMENT 'Additional Information',
  `paypal_payer_id` varchar(255) DEFAULT NULL COMMENT 'Paypal Payer Id',
  `paypal_payer_status` varchar(255) DEFAULT NULL COMMENT 'Paypal Payer Status',
  `paypal_correlation_id` varchar(255) DEFAULT NULL COMMENT 'Paypal Correlation Id',
  `cybersource_token` varchar(255) DEFAULT NULL COMMENT 'Cybersource Token',
  `ideal_issuer_id` varchar(255) DEFAULT NULL COMMENT 'Ideal Issuer Id',
  `ideal_issuer_list` text COMMENT 'Ideal Issuer List',
  PRIMARY KEY (`payment_id`),
  KEY `IDX_SALES_FLAT_QUOTE_PAYMENT_QUOTE_ID` (`quote_id`),
  CONSTRAINT `FK_SALES_FLAT_QUOTE_PAYMENT_QUOTE_ID_SALES_FLAT_QUOTE_ENTITY_ID` FOREIGN KEY (`quote_id`) REFERENCES `sales_flat_quote` (`entity_id`) ON DELETE CASCADE ON UPDATE CASCADE
) ENGINE=InnoDB AUTO_INCREMENT=822 DEFAULT CHARSET=utf8 COMMENT='Sales Flat Quote Payment';

--
-- Dumping data for table `sales_flat_quote_payment`
--

INSERT INTO `sales_flat_quote_payment` VALUES (1,1,'2013-01-31 10:37:46','2013-01-31 10:37:46',NULL,NULL,NULL,NULL,NULL,NULL,0,0,NULL,0,0,NULL,NULL,NULL,NULL,NULL,NULL,NULL,NULL,NULL,NULL),(3,15,'2013-02-20 10:39:59','2013-02-20 10:40:09',NULL,NULL,NULL,NULL,NULL,NULL,0,0,NULL,0,0,NULL,NULL,NULL,NULL,NULL,NULL,NULL,NULL,NULL,NULL),(6,24,'2013-02-22 13:11:33','2013-02-22 13:11:33',NULL,NULL,NULL,NULL,NULL,NULL,0,0,NULL,0,0,NULL,NULL,NULL,NULL,NULL,NULL,NULL,NULL,NULL,NULL),(7,26,'2013-02-22 14:16:49','2013-02-22 14:16:49',NULL,NULL,NULL,NULL,NULL,NULL,0,0,NULL,0,0,NULL,NULL,NULL,NULL,NULL,NULL,NULL,NULL,NULL,NULL),(8,27,'2013-02-23 04:11:30','2013-02-23 04:11:30',NULL,NULL,NULL,NULL,NULL,NULL,0,0,NULL,0,0,NULL,NULL,NULL,NULL,NULL,NULL,NULL,NULL,NULL,NULL),(15,33,'2013-02-25 04:22:34','2013-02-25 04:22:34',NULL,NULL,NULL,NULL,NULL,NULL,0,0,NULL,0,0,NULL,NULL,NULL,NULL,NULL,NULL,NULL,NULL,NULL,NULL),(16,34,'2013-02-25 04:32:43','2013-02-25 04:32:43',NULL,NULL,NULL,NULL,NULL,NULL,0,0,NULL,0,0,NULL,NULL,NULL,NULL,NULL,NULL,NULL,NULL,NULL,NULL),(17,35,'2013-02-25 04:45:07','2013-02-25 04:45:07',NULL,NULL,NULL,NULL,NULL,NULL,0,0,NULL,0,0,NULL,NULL,NULL,NULL,NULL,NULL,NULL,NULL,NULL,NULL),(18,37,'2013-02-25 06:30:12','2013-02-25 06:30:12',NULL,NULL,NULL,NULL,NULL,NULL,0,0,NULL,0,0,NULL,NULL,NULL,NULL,NULL,NULL,NULL,NULL,NULL,NULL),(20,42,'2013-02-25 11:00:37','2013-02-25 11:00:38',NULL,NULL,NULL,NULL,NULL,NULL,0,0,NULL,0,0,NULL,NULL,NULL,NULL,NULL,NULL,NULL,NULL,NULL,NULL),(21,43,'2013-02-25 14:28:50','2013-02-25 14:28:50',NULL,NULL,NULL,NULL,NULL,NULL,0,0,NULL,0,0,NULL,NULL,NULL,NULL,NULL,NULL,NULL,NULL,NULL,NULL),(23,44,'2013-02-26 05:44:22','2013-02-26 06:10:57',NULL,NULL,NULL,NULL,NULL,NULL,0,0,NULL,0,0,NULL,NULL,NULL,NULL,NULL,NULL,NULL,NULL,NULL,NULL),(25,52,'2013-02-26 12:43:40','2013-02-26 12:43:40',NULL,NULL,NULL,NULL,NULL,NULL,0,0,NULL,0,0,NULL,NULL,NULL,NULL,NULL,NULL,NULL,NULL,NULL,NULL),(26,53,'2013-02-26 15:38:47','2013-02-26 15:38:47',NULL,NULL,NULL,NULL,NULL,NULL,0,0,NULL,0,0,NULL,NULL,NULL,NULL,NULL,NULL,NULL,NULL,NULL,NULL),(33,65,'2013-02-27 18:01:16','2013-02-27 18:01:16',NULL,NULL,NULL,NULL,NULL,NULL,0,0,NULL,0,0,NULL,NULL,NULL,NULL,NULL,NULL,NULL,NULL,NULL,NULL),(34,76,'2013-03-05 22:59:37','2013-03-05 22:59:37',NULL,NULL,NULL,NULL,NULL,NULL,0,0,NULL,0,0,NULL,NULL,NULL,NULL,NULL,NULL,NULL,NULL,NULL,NULL),(37,79,'2013-03-06 08:39:26','2013-03-06 08:39:26',NULL,NULL,NULL,NULL,NULL,NULL,0,0,NULL,0,0,NULL,NULL,NULL,NULL,NULL,NULL,NULL,NULL,NULL,NULL),(38,80,'2013-03-06 08:41:24','2013-03-06 08:41:24',NULL,NULL,NULL,NULL,NULL,NULL,0,0,NULL,0,0,NULL,NULL,NULL,NULL,NULL,NULL,NULL,NULL,NULL,NULL),(39,81,'2013-03-06 08:42:15','2013-03-06 08:42:28',NULL,NULL,NULL,NULL,NULL,NULL,0,0,NULL,0,0,NULL,NULL,NULL,NULL,NULL,NULL,NULL,NULL,NULL,NULL),(42,85,'2013-03-06 16:57:28','2013-03-06 16:58:03',NULL,NULL,NULL,NULL,NULL,NULL,0,0,NULL,0,0,NULL,NULL,NULL,NULL,NULL,NULL,NULL,NULL,NULL,NULL),(57,101,'2013-03-07 09:51:48','2013-03-07 09:53:14',NULL,NULL,NULL,NULL,NULL,NULL,0,0,NULL,0,0,NULL,NULL,NULL,NULL,NULL,NULL,NULL,NULL,NULL,NULL),(66,116,'2013-03-08 09:54:25','2013-03-08 09:54:25',NULL,NULL,NULL,NULL,NULL,NULL,0,0,NULL,0,0,NULL,NULL,NULL,NULL,NULL,NULL,NULL,NULL,NULL,NULL),(103,162,'2013-03-12 09:19:05','2013-03-12 09:19:05',NULL,NULL,NULL,NULL,NULL,NULL,0,0,NULL,0,0,NULL,NULL,NULL,NULL,NULL,NULL,NULL,NULL,NULL,NULL),(109,129,'2013-03-13 07:53:48','2013-03-18 05:42:24','checkmo',NULL,NULL,NULL,NULL,NULL,0,0,NULL,0,0,NULL,NULL,NULL,NULL,NULL,NULL,NULL,NULL,NULL,NULL),(111,173,'2013-03-13 14:06:43','2013-03-13 14:06:43',NULL,NULL,NULL,NULL,NULL,NULL,0,0,NULL,0,0,NULL,NULL,NULL,NULL,NULL,NULL,NULL,NULL,NULL,NULL),(112,174,'2013-03-13 22:20:51','2013-03-13 22:20:52',NULL,NULL,NULL,NULL,NULL,NULL,0,0,NULL,0,0,NULL,NULL,NULL,NULL,NULL,NULL,NULL,NULL,NULL,NULL),(115,177,'2013-03-14 05:02:18','2013-03-14 05:03:04',NULL,NULL,NULL,NULL,NULL,NULL,0,0,NULL,0,0,NULL,NULL,NULL,NULL,NULL,NULL,NULL,NULL,NULL,NULL),(116,178,'2013-03-14 05:04:44','2013-03-14 05:04:44',NULL,NULL,NULL,NULL,NULL,NULL,0,0,NULL,0,0,NULL,NULL,NULL,NULL,NULL,NULL,NULL,NULL,NULL,NULL),(117,179,'2013-03-14 05:23:09','2013-03-14 05:24:17',NULL,NULL,NULL,NULL,NULL,NULL,0,0,NULL,0,0,NULL,NULL,NULL,NULL,NULL,NULL,NULL,NULL,NULL,NULL),(120,163,'2013-03-14 06:48:45','2013-03-14 06:51:05','paypal_express',NULL,NULL,NULL,NULL,NULL,0,0,NULL,0,0,NULL,NULL,NULL,'a:8:{s:39:\"paypal_express_checkout_shipping_method\";s:0:\"\";s:15:\"paypal_payer_id\";s:13:\"CJB8CMFA6FHV2\";s:18:\"paypal_payer_email\";s:35:\"amjath_1334838882_per@corratech.com\";s:19:\"paypal_payer_status\";s:8:\"verified\";s:21:\"paypal_address_status\";s:9:\"Confirmed\";s:21:\"paypal_correlation_id\";s:13:\"6ffa3424a931e\";s:32:\"paypal_express_checkout_payer_id\";s:13:\"CJB8CMFA6FHV2\";s:29:\"paypal_express_checkout_token\";s:20:\"EC-51L90644VJ636135B\";}',NULL,NULL,NULL,NULL,NULL,NULL),(123,183,'2013-03-14 10:53:21','2013-03-14 10:54:28',NULL,NULL,NULL,NULL,NULL,NULL,0,0,NULL,0,0,NULL,NULL,NULL,NULL,NULL,NULL,NULL,NULL,NULL,NULL),(128,186,'2013-03-14 11:27:19','2013-03-14 11:54:12','checkmo',NULL,NULL,NULL,NULL,NULL,0,0,NULL,0,0,NULL,NULL,NULL,NULL,NULL,NULL,NULL,NULL,NULL,NULL),(129,187,'2013-03-14 11:56:07','2013-03-14 12:13:01',NULL,NULL,NULL,NULL,NULL,NULL,0,0,NULL,0,0,NULL,NULL,NULL,NULL,NULL,NULL,NULL,NULL,NULL,NULL),(135,200,'2013-03-20 01:06:48','2013-03-20 01:07:47',NULL,NULL,NULL,NULL,NULL,NULL,0,0,NULL,0,0,NULL,NULL,NULL,NULL,NULL,NULL,NULL,NULL,NULL,NULL),(136,201,'2013-03-20 06:15:12','2013-03-20 06:38:19',NULL,NULL,NULL,NULL,NULL,NULL,0,0,NULL,0,0,NULL,NULL,NULL,NULL,NULL,NULL,NULL,NULL,NULL,NULL),(138,184,'2013-03-20 12:35:29','2013-03-20 12:41:53',NULL,NULL,NULL,NULL,NULL,NULL,0,0,NULL,0,0,NULL,NULL,NULL,NULL,NULL,NULL,NULL,NULL,NULL,NULL),(139,203,'2013-03-21 07:57:49','2013-03-21 08:00:39',NULL,NULL,NULL,NULL,NULL,NULL,0,0,NULL,0,0,NULL,NULL,NULL,NULL,NULL,NULL,NULL,NULL,NULL,NULL),(140,204,'2013-03-21 16:06:56','2013-03-21 16:14:56',NULL,NULL,NULL,NULL,NULL,NULL,0,0,NULL,0,0,NULL,NULL,NULL,NULL,NULL,NULL,NULL,NULL,NULL,NULL),(141,205,'2013-03-21 19:23:10','2013-03-21 19:23:10',NULL,NULL,NULL,NULL,NULL,NULL,0,0,NULL,0,0,NULL,NULL,NULL,NULL,NULL,NULL,NULL,NULL,NULL,NULL),(151,229,'2013-04-01 09:31:23','2013-04-01 10:14:08',NULL,NULL,NULL,NULL,NULL,NULL,0,0,NULL,0,0,NULL,NULL,NULL,NULL,NULL,NULL,NULL,NULL,NULL,NULL),(152,235,'2013-04-02 20:36:32','2013-04-02 20:47:10','checkmo',NULL,NULL,NULL,NULL,NULL,0,0,NULL,0,0,NULL,NULL,NULL,NULL,NULL,NULL,NULL,NULL,NULL,NULL),(163,258,'2013-04-04 01:24:10','2013-04-04 01:24:11',NULL,NULL,NULL,NULL,NULL,NULL,0,0,NULL,0,0,NULL,NULL,NULL,NULL,NULL,NULL,NULL,NULL,NULL,NULL),(164,265,'2013-04-08 10:50:43','2013-04-08 10:50:43',NULL,NULL,NULL,NULL,NULL,NULL,0,0,NULL,0,0,NULL,NULL,NULL,NULL,NULL,NULL,NULL,NULL,NULL,NULL),(166,270,'2013-04-09 06:13:46','2013-04-09 06:38:31','ccsave','VI','0:2:55b6bc078d50770f:FwevO+0ajObLJvzX0KloAA==','1111',NULL,'Mrudula',2,2015,NULL,NULL,NULL,NULL,NULL,NULL,NULL,NULL,NULL,NULL,NULL,NULL,NULL),(168,286,'2013-04-10 13:50:28','2013-04-10 13:52:14','paypal_express',NULL,NULL,NULL,NULL,NULL,0,0,NULL,0,0,NULL,NULL,NULL,'a:8:{s:39:\"paypal_express_checkout_shipping_method\";s:0:\"\";s:15:\"paypal_payer_id\";s:13:\"CJB8CMFA6FHV2\";s:18:\"paypal_payer_email\";s:35:\"amjath_1334838882_per@corratech.com\";s:19:\"paypal_payer_status\";s:8:\"verified\";s:21:\"paypal_address_status\";s:9:\"Confirmed\";s:21:\"paypal_correlation_id\";s:13:\"ff9f9c11f01ec\";s:32:\"paypal_express_checkout_payer_id\";s:13:\"CJB8CMFA6FHV2\";s:29:\"paypal_express_checkout_token\";s:20:\"EC-2FC766958E656794T\";}',NULL,NULL,NULL,NULL,NULL,NULL),(173,290,'2013-04-11 06:18:50','2013-04-11 06:21:25',NULL,NULL,NULL,NULL,NULL,NULL,0,0,NULL,0,0,NULL,NULL,NULL,NULL,NULL,NULL,NULL,NULL,NULL,NULL),(188,294,'2013-04-11 10:05:57','2013-04-11 10:05:57',NULL,NULL,NULL,NULL,NULL,NULL,0,0,NULL,0,0,NULL,NULL,NULL,NULL,NULL,NULL,NULL,NULL,NULL,NULL),(190,295,'2013-04-11 10:08:35','2013-04-11 10:10:13',NULL,NULL,NULL,NULL,NULL,NULL,0,0,NULL,0,0,NULL,NULL,NULL,NULL,NULL,NULL,NULL,NULL,NULL,NULL),(193,296,'2013-04-11 17:54:04','2013-04-11 17:54:04',NULL,NULL,NULL,NULL,NULL,NULL,0,0,NULL,0,0,NULL,NULL,NULL,NULL,NULL,NULL,NULL,NULL,NULL,NULL),(197,272,'2013-04-12 05:18:10','2013-04-12 05:18:28',NULL,NULL,NULL,NULL,NULL,NULL,0,0,NULL,0,0,NULL,NULL,NULL,NULL,NULL,NULL,NULL,NULL,NULL,NULL),(200,299,'2013-04-12 05:50:56','2013-04-12 06:05:24',NULL,NULL,NULL,NULL,NULL,NULL,0,0,NULL,0,0,NULL,NULL,NULL,NULL,NULL,NULL,NULL,NULL,NULL,NULL),(204,301,'2013-04-12 06:47:16','2013-04-12 06:48:39','checkmo',NULL,NULL,NULL,NULL,NULL,0,0,NULL,0,0,NULL,NULL,NULL,NULL,NULL,NULL,NULL,NULL,NULL,NULL),(206,302,'2013-04-12 06:58:43','2013-04-12 07:07:58',NULL,NULL,NULL,NULL,NULL,NULL,0,0,NULL,0,0,NULL,NULL,NULL,NULL,NULL,NULL,NULL,NULL,NULL,NULL),(207,293,'2013-04-15 03:27:31','2013-04-15 03:27:31',NULL,NULL,NULL,NULL,NULL,NULL,0,0,NULL,0,0,NULL,NULL,NULL,NULL,NULL,NULL,NULL,NULL,NULL,NULL),(211,305,'2013-04-15 05:27:22','2013-04-15 05:27:41',NULL,NULL,NULL,NULL,NULL,NULL,0,0,NULL,0,0,NULL,NULL,NULL,NULL,NULL,NULL,NULL,NULL,NULL,NULL),(226,309,'2013-04-15 08:38:11','2013-04-15 09:12:20',NULL,NULL,NULL,NULL,NULL,NULL,0,0,NULL,0,0,NULL,NULL,NULL,NULL,NULL,NULL,NULL,NULL,NULL,NULL),(227,310,'2013-04-15 08:48:41','2013-04-15 08:48:43',NULL,NULL,NULL,NULL,NULL,NULL,0,0,NULL,0,0,NULL,NULL,NULL,NULL,NULL,NULL,NULL,NULL,NULL,NULL),(231,304,'2013-04-15 10:07:31','2013-04-15 10:21:58',NULL,NULL,NULL,NULL,NULL,NULL,0,0,NULL,0,0,NULL,NULL,NULL,NULL,NULL,NULL,NULL,NULL,NULL,NULL),(233,313,'2013-04-15 18:30:48','2013-04-15 18:44:31',NULL,NULL,NULL,NULL,NULL,NULL,0,0,NULL,0,0,NULL,NULL,NULL,NULL,NULL,NULL,NULL,NULL,NULL,NULL),(235,314,'2013-04-15 18:35:10','2013-04-15 18:35:10',NULL,NULL,NULL,NULL,NULL,NULL,0,0,NULL,0,0,NULL,NULL,NULL,NULL,NULL,NULL,NULL,NULL,NULL,NULL),(237,315,'2013-04-15 20:08:09','2013-04-15 20:08:40',NULL,NULL,NULL,NULL,NULL,NULL,0,0,NULL,0,0,NULL,NULL,NULL,NULL,NULL,NULL,NULL,NULL,NULL,NULL),(239,316,'2013-04-15 23:26:27','2013-04-15 23:26:27',NULL,NULL,NULL,NULL,NULL,NULL,0,0,NULL,0,0,NULL,NULL,NULL,NULL,NULL,NULL,NULL,NULL,NULL,NULL),(240,311,'2013-04-16 04:16:31','2013-04-16 04:16:31',NULL,NULL,NULL,NULL,NULL,NULL,0,0,NULL,0,0,NULL,NULL,NULL,NULL,NULL,NULL,NULL,NULL,NULL,NULL),(246,318,'2013-04-16 05:55:18','2013-04-16 06:04:45',NULL,NULL,NULL,NULL,NULL,NULL,0,0,NULL,0,0,NULL,NULL,NULL,NULL,NULL,NULL,NULL,NULL,NULL,NULL),(249,319,'2013-04-16 06:55:49','2013-04-16 06:55:49',NULL,NULL,NULL,NULL,NULL,NULL,0,0,NULL,0,0,NULL,NULL,NULL,NULL,NULL,NULL,NULL,NULL,NULL,NULL),(251,320,'2013-04-16 08:04:10','2013-04-16 09:29:21',NULL,NULL,NULL,NULL,NULL,NULL,0,0,NULL,0,0,NULL,NULL,NULL,NULL,NULL,NULL,NULL,NULL,NULL,NULL),(253,321,'2013-04-16 09:15:55','2013-04-16 09:15:55',NULL,NULL,NULL,NULL,NULL,NULL,0,0,NULL,0,0,NULL,NULL,NULL,NULL,NULL,NULL,NULL,NULL,NULL,NULL),(259,324,'2013-04-16 10:19:57','2013-04-16 10:21:00',NULL,NULL,NULL,NULL,NULL,NULL,0,0,NULL,0,0,NULL,NULL,NULL,NULL,NULL,NULL,NULL,NULL,NULL,NULL),(261,325,'2013-04-16 10:33:23','2013-04-16 11:26:06',NULL,NULL,NULL,NULL,NULL,NULL,0,0,NULL,0,0,NULL,NULL,NULL,NULL,NULL,NULL,NULL,NULL,NULL,NULL),(267,329,'2013-04-16 14:35:45','2013-04-16 14:37:37',NULL,NULL,NULL,NULL,NULL,NULL,0,0,NULL,0,0,NULL,NULL,NULL,NULL,NULL,NULL,NULL,NULL,NULL,NULL),(269,330,'2013-04-16 14:39:40','2013-04-16 14:39:40',NULL,NULL,NULL,NULL,NULL,NULL,0,0,NULL,0,0,NULL,NULL,NULL,NULL,NULL,NULL,NULL,NULL,NULL,NULL),(271,331,'2013-04-16 15:04:44','2013-04-16 15:19:25',NULL,NULL,NULL,NULL,NULL,NULL,0,0,NULL,0,0,NULL,NULL,NULL,NULL,NULL,NULL,NULL,NULL,NULL,NULL),(273,332,'2013-04-16 16:49:12','2013-04-16 16:50:15',NULL,NULL,NULL,NULL,NULL,NULL,0,0,NULL,0,0,NULL,NULL,NULL,NULL,NULL,NULL,NULL,NULL,NULL,NULL),(275,333,'2013-04-16 22:31:41','2013-04-16 22:31:41',NULL,NULL,NULL,NULL,NULL,NULL,0,0,NULL,0,0,NULL,NULL,NULL,NULL,NULL,NULL,NULL,NULL,NULL,NULL),(277,334,'2013-04-17 04:06:39','2013-04-17 04:47:35',NULL,NULL,NULL,NULL,NULL,NULL,0,0,NULL,0,0,NULL,NULL,NULL,NULL,NULL,NULL,NULL,NULL,NULL,NULL),(293,342,'2013-04-17 09:29:03','2013-04-17 09:42:50',NULL,NULL,NULL,NULL,NULL,NULL,0,0,NULL,0,0,NULL,NULL,NULL,NULL,NULL,NULL,NULL,NULL,NULL,NULL),(295,343,'2013-04-17 11:20:59','2013-04-17 11:23:37',NULL,NULL,NULL,NULL,NULL,NULL,0,0,NULL,0,0,NULL,NULL,NULL,NULL,NULL,NULL,NULL,NULL,NULL,NULL),(301,346,'2013-04-17 17:28:18','2013-04-17 17:29:07',NULL,NULL,NULL,NULL,NULL,NULL,0,0,NULL,0,0,NULL,NULL,NULL,NULL,NULL,NULL,NULL,NULL,NULL,NULL),(306,347,'2013-04-18 21:16:40','2013-04-18 21:16:40',NULL,NULL,NULL,NULL,NULL,NULL,0,0,NULL,0,0,NULL,NULL,NULL,NULL,NULL,NULL,NULL,NULL,NULL,NULL),(307,291,'2013-04-19 05:03:23','2013-04-19 05:06:50',NULL,NULL,NULL,NULL,NULL,NULL,0,0,NULL,0,0,NULL,NULL,NULL,NULL,NULL,NULL,NULL,NULL,NULL,NULL),(310,348,'2013-04-19 05:15:54','2013-04-19 05:20:21',NULL,NULL,NULL,NULL,NULL,NULL,0,0,NULL,0,0,NULL,NULL,NULL,NULL,NULL,NULL,NULL,NULL,NULL,NULL),(311,349,'2013-04-19 08:59:52','2013-04-19 08:59:52',NULL,NULL,NULL,NULL,NULL,NULL,0,0,NULL,0,0,NULL,NULL,NULL,NULL,NULL,NULL,NULL,NULL,NULL,NULL),(313,350,'2013-04-22 15:17:36','2013-04-22 15:17:36',NULL,NULL,NULL,NULL,NULL,NULL,0,0,NULL,0,0,NULL,NULL,NULL,NULL,NULL,NULL,NULL,NULL,NULL,NULL),(315,351,'2013-04-22 16:36:46','2013-04-22 16:43:08','checkmo',NULL,NULL,NULL,NULL,NULL,0,0,NULL,0,0,NULL,NULL,NULL,NULL,NULL,NULL,NULL,NULL,NULL,NULL),(317,352,'2013-04-22 16:49:38','2013-04-22 17:13:27','checkmo',NULL,NULL,NULL,NULL,NULL,0,0,NULL,0,0,NULL,NULL,NULL,NULL,NULL,NULL,NULL,NULL,NULL,NULL),(319,354,'2013-04-22 17:36:15','2013-04-22 17:48:29','checkmo',NULL,NULL,NULL,NULL,NULL,0,0,NULL,0,0,NULL,NULL,NULL,NULL,NULL,NULL,NULL,NULL,NULL,NULL),(321,356,'2013-04-23 04:48:04','2013-04-23 04:50:51',NULL,NULL,NULL,NULL,NULL,NULL,0,0,NULL,0,0,NULL,NULL,NULL,NULL,NULL,NULL,NULL,NULL,NULL,NULL),(323,357,'2013-04-23 09:43:21','2013-04-23 09:48:18',NULL,NULL,NULL,NULL,NULL,NULL,0,0,NULL,0,0,NULL,NULL,NULL,NULL,NULL,NULL,NULL,NULL,NULL,NULL),(330,361,'2013-04-24 02:27:02','2013-04-24 02:27:51','checkmo',NULL,NULL,NULL,NULL,NULL,0,0,NULL,0,0,NULL,NULL,NULL,NULL,NULL,NULL,NULL,NULL,NULL,NULL),(331,362,'2013-04-24 02:34:19','2013-04-24 02:34:44','checkmo',NULL,NULL,NULL,NULL,NULL,0,0,NULL,0,0,NULL,NULL,NULL,NULL,NULL,NULL,NULL,NULL,NULL,NULL),(333,363,'2013-04-24 03:02:37','2013-04-24 03:04:25','checkmo',NULL,NULL,NULL,NULL,NULL,0,0,NULL,0,0,NULL,NULL,NULL,NULL,NULL,NULL,NULL,NULL,NULL,NULL),(334,364,'2013-04-24 03:06:00','2013-04-24 03:16:31','checkmo',NULL,NULL,NULL,NULL,NULL,0,0,NULL,0,0,NULL,NULL,NULL,NULL,NULL,NULL,NULL,NULL,NULL,NULL),(335,365,'2013-04-24 03:17:22','2013-04-24 03:19:02',NULL,NULL,NULL,NULL,NULL,NULL,0,0,NULL,0,0,NULL,NULL,NULL,NULL,NULL,NULL,NULL,NULL,NULL,NULL),(337,366,'2013-04-24 03:23:09','2013-04-24 03:24:59','checkmo',NULL,NULL,NULL,NULL,NULL,0,0,NULL,0,0,NULL,NULL,NULL,NULL,NULL,NULL,NULL,NULL,NULL,NULL),(338,367,'2013-04-24 03:25:37','2013-04-24 03:27:45','checkmo',NULL,NULL,NULL,NULL,NULL,0,0,NULL,0,0,NULL,NULL,NULL,NULL,NULL,NULL,NULL,NULL,NULL,NULL),(340,368,'2013-04-24 03:30:00','2013-04-24 03:31:09','checkmo',NULL,NULL,NULL,NULL,NULL,0,0,NULL,0,0,NULL,NULL,NULL,NULL,NULL,NULL,NULL,NULL,NULL,NULL),(341,369,'2013-04-24 03:31:52','2013-04-24 03:41:34','checkmo',NULL,NULL,NULL,NULL,NULL,0,0,NULL,0,0,NULL,NULL,NULL,NULL,NULL,NULL,NULL,NULL,NULL,NULL),(342,370,'2013-04-24 03:45:43','2013-04-24 03:45:43',NULL,NULL,NULL,NULL,NULL,NULL,0,0,NULL,0,0,NULL,NULL,NULL,NULL,NULL,NULL,NULL,NULL,NULL,NULL),(343,371,'2013-04-24 03:48:13','2013-05-16 03:43:24',NULL,NULL,NULL,NULL,NULL,NULL,0,0,NULL,0,0,NULL,NULL,NULL,NULL,NULL,NULL,NULL,NULL,NULL,NULL),(344,372,'2013-04-24 03:52:30','2013-04-24 03:52:30',NULL,NULL,NULL,NULL,NULL,NULL,0,0,NULL,0,0,NULL,NULL,NULL,NULL,NULL,NULL,NULL,NULL,NULL,NULL),(348,374,'2013-04-24 04:05:53','2013-04-24 04:12:51','checkmo',NULL,NULL,NULL,NULL,NULL,0,0,NULL,0,0,NULL,NULL,NULL,NULL,NULL,NULL,NULL,NULL,NULL,NULL),(351,353,'2013-04-24 04:17:36','2013-04-24 04:20:28',NULL,NULL,NULL,NULL,NULL,NULL,0,0,NULL,0,0,NULL,NULL,NULL,NULL,NULL,NULL,NULL,NULL,NULL,NULL),(378,395,'2013-04-24 22:08:25','2013-04-24 22:10:44','checkmo',NULL,NULL,NULL,NULL,NULL,0,0,NULL,0,0,NULL,NULL,NULL,NULL,NULL,NULL,NULL,NULL,NULL,NULL),(380,273,'2013-04-25 04:26:01','2013-04-25 04:53:05',NULL,NULL,NULL,NULL,NULL,NULL,0,0,NULL,0,0,NULL,NULL,NULL,NULL,NULL,NULL,NULL,NULL,NULL,NULL),(391,401,'2013-04-25 06:44:57','2013-04-25 06:45:21',NULL,NULL,NULL,NULL,NULL,NULL,0,0,NULL,0,0,NULL,NULL,NULL,NULL,NULL,NULL,NULL,NULL,NULL,NULL),(396,405,'2013-04-25 08:08:29','2013-04-25 08:08:42',NULL,NULL,NULL,NULL,NULL,NULL,0,0,NULL,0,0,NULL,NULL,NULL,NULL,NULL,NULL,NULL,NULL,NULL,NULL),(413,421,'2013-04-25 17:37:54','2013-04-25 17:41:25','checkmo',NULL,NULL,NULL,NULL,NULL,0,0,NULL,0,0,NULL,NULL,NULL,NULL,NULL,NULL,NULL,NULL,NULL,NULL),(419,424,'2013-04-25 18:15:07','2013-04-25 18:25:19',NULL,NULL,NULL,NULL,NULL,NULL,0,0,NULL,0,0,NULL,NULL,NULL,NULL,NULL,NULL,NULL,NULL,NULL,NULL),(421,425,'2013-04-25 18:26:52','2013-04-25 18:35:23',NULL,NULL,NULL,NULL,NULL,NULL,0,0,NULL,0,0,NULL,NULL,NULL,NULL,NULL,NULL,NULL,NULL,NULL,NULL),(426,430,'2013-04-26 07:45:43','2013-04-26 07:45:58',NULL,NULL,NULL,NULL,NULL,NULL,0,0,NULL,0,0,NULL,NULL,NULL,NULL,NULL,NULL,NULL,NULL,NULL,NULL),(434,435,'2013-04-26 17:54:55','2013-04-26 17:55:04',NULL,NULL,NULL,NULL,NULL,NULL,0,0,NULL,0,0,NULL,NULL,NULL,NULL,NULL,NULL,NULL,NULL,NULL,NULL),(436,436,'2013-04-29 16:35:16','2013-05-15 22:52:44',NULL,NULL,NULL,NULL,NULL,NULL,0,0,NULL,0,0,NULL,NULL,NULL,NULL,NULL,NULL,NULL,NULL,NULL,NULL),(446,441,'2013-04-30 06:42:40','2013-04-30 06:43:51',NULL,NULL,NULL,NULL,NULL,NULL,0,0,NULL,0,0,NULL,NULL,NULL,NULL,NULL,NULL,NULL,NULL,NULL,NULL),(449,442,'2013-04-30 07:15:49','2013-04-30 07:16:58','checkmo',NULL,NULL,NULL,NULL,NULL,0,0,NULL,0,0,NULL,NULL,NULL,NULL,NULL,NULL,NULL,NULL,NULL,NULL),(450,443,'2013-04-30 10:00:32','2013-04-30 10:26:45',NULL,NULL,NULL,NULL,NULL,NULL,0,0,NULL,0,0,NULL,NULL,NULL,NULL,NULL,NULL,NULL,NULL,NULL,NULL),(452,445,'2013-04-30 11:02:57','2013-04-30 11:03:12','checkmo',NULL,NULL,NULL,NULL,NULL,0,0,NULL,0,0,NULL,NULL,NULL,NULL,NULL,NULL,NULL,NULL,NULL,NULL),(454,447,'2013-04-30 11:26:58','2013-04-30 11:27:14','checkmo',NULL,NULL,NULL,NULL,NULL,0,0,NULL,0,0,NULL,NULL,NULL,NULL,NULL,NULL,NULL,NULL,NULL,NULL),(455,448,'2013-04-30 19:09:42','2013-04-30 19:09:44','free',NULL,NULL,NULL,NULL,NULL,0,0,NULL,0,0,NULL,NULL,NULL,NULL,NULL,NULL,NULL,NULL,NULL,NULL),(459,451,'2013-05-01 05:34:27','2013-05-01 05:35:07','free',NULL,NULL,NULL,NULL,NULL,0,0,NULL,0,0,NULL,NULL,NULL,NULL,NULL,NULL,NULL,NULL,NULL,NULL),(462,453,'2013-05-01 14:24:57','2013-05-01 14:24:57',NULL,NULL,NULL,NULL,NULL,NULL,0,0,NULL,0,0,NULL,NULL,NULL,NULL,NULL,NULL,NULL,NULL,NULL,NULL),(468,456,'2013-05-02 08:44:41','2013-05-02 08:44:41',NULL,NULL,NULL,NULL,NULL,NULL,0,0,NULL,0,0,NULL,NULL,NULL,NULL,NULL,NULL,NULL,NULL,NULL,NULL),(473,459,'2013-05-02 10:39:23','2013-05-02 10:41:48','checkmo',NULL,NULL,NULL,NULL,NULL,0,0,NULL,0,0,NULL,NULL,NULL,NULL,NULL,NULL,NULL,NULL,NULL,NULL),(475,460,'2013-05-02 10:42:52','2013-05-02 10:45:44','checkmo',NULL,NULL,NULL,NULL,NULL,0,0,NULL,0,0,NULL,NULL,NULL,NULL,NULL,NULL,NULL,NULL,NULL,NULL),(476,437,'2013-05-02 10:48:52','2013-05-02 10:50:41',NULL,NULL,NULL,NULL,NULL,NULL,0,0,NULL,0,0,NULL,NULL,NULL,NULL,NULL,NULL,NULL,NULL,NULL,NULL),(483,464,'2013-05-02 12:04:53','2013-05-02 12:05:36','checkmo',NULL,NULL,NULL,NULL,NULL,0,0,NULL,0,0,NULL,NULL,NULL,NULL,NULL,NULL,NULL,NULL,NULL,NULL),(487,467,'2013-05-02 13:31:50','2013-05-02 13:32:31',NULL,NULL,NULL,NULL,NULL,NULL,0,0,NULL,0,0,NULL,NULL,NULL,NULL,NULL,NULL,NULL,NULL,NULL,NULL),(491,470,'2013-05-02 17:04:34','2013-05-02 17:05:26',NULL,NULL,NULL,NULL,NULL,NULL,0,0,NULL,0,0,NULL,NULL,NULL,NULL,NULL,NULL,NULL,NULL,NULL,NULL),(495,472,'2013-05-03 03:35:05','2013-05-03 03:49:23',NULL,NULL,NULL,NULL,NULL,NULL,0,0,NULL,0,0,NULL,NULL,NULL,NULL,NULL,NULL,NULL,NULL,NULL,NULL),(503,474,'2013-05-03 07:23:12','2013-05-03 07:24:32','checkmo',NULL,NULL,NULL,NULL,NULL,0,0,NULL,0,0,NULL,NULL,NULL,NULL,NULL,NULL,NULL,NULL,NULL,NULL),(513,479,'2013-05-03 08:58:24','2013-05-03 09:35:48',NULL,NULL,NULL,NULL,NULL,NULL,0,0,NULL,0,0,NULL,NULL,NULL,NULL,NULL,NULL,NULL,NULL,NULL,NULL),(517,483,'2013-05-03 09:41:20','2013-05-03 09:45:54',NULL,NULL,NULL,NULL,NULL,NULL,0,0,NULL,0,0,NULL,NULL,NULL,NULL,NULL,NULL,NULL,NULL,NULL,NULL),(518,484,'2013-05-03 09:57:27','2013-05-03 10:18:14',NULL,NULL,NULL,NULL,NULL,NULL,0,0,NULL,0,0,NULL,NULL,NULL,NULL,NULL,NULL,NULL,NULL,NULL,NULL),(528,490,'2013-05-03 15:06:33','2013-05-03 16:09:10',NULL,NULL,NULL,NULL,NULL,NULL,0,0,NULL,0,0,NULL,NULL,NULL,NULL,NULL,NULL,NULL,NULL,NULL,NULL),(530,491,'2013-05-03 18:08:30','2013-05-03 18:08:30',NULL,NULL,NULL,NULL,NULL,NULL,0,0,NULL,0,0,NULL,NULL,NULL,NULL,NULL,NULL,NULL,NULL,NULL,NULL),(534,493,'2013-05-05 16:25:34','2013-05-05 16:25:34',NULL,NULL,NULL,NULL,NULL,NULL,0,0,NULL,0,0,NULL,NULL,NULL,NULL,NULL,NULL,NULL,NULL,NULL,NULL),(538,497,'2013-05-06 14:41:29','2013-05-06 14:42:02',NULL,NULL,NULL,NULL,NULL,NULL,0,0,NULL,0,0,NULL,NULL,NULL,NULL,NULL,NULL,NULL,NULL,NULL,NULL),(541,499,'2013-05-06 19:44:10','2013-05-06 19:44:48',NULL,NULL,NULL,NULL,NULL,NULL,0,0,NULL,0,0,NULL,NULL,NULL,NULL,NULL,NULL,NULL,NULL,NULL,NULL),(542,496,'2013-05-06 19:49:28','2013-05-06 19:49:44',NULL,NULL,NULL,NULL,NULL,NULL,0,0,NULL,0,0,NULL,NULL,NULL,NULL,NULL,NULL,NULL,NULL,NULL,NULL),(546,495,'2013-05-07 04:53:28','2013-05-07 11:14:21',NULL,NULL,NULL,NULL,NULL,NULL,0,0,NULL,0,0,NULL,NULL,NULL,NULL,NULL,NULL,NULL,NULL,NULL,NULL),(548,502,'2013-05-07 05:09:01','2013-05-07 05:25:47',NULL,NULL,NULL,NULL,NULL,NULL,0,0,NULL,0,0,NULL,NULL,NULL,NULL,NULL,NULL,NULL,NULL,NULL,NULL),(550,503,'2013-05-07 05:23:15','2013-05-07 05:23:15',NULL,NULL,NULL,NULL,NULL,NULL,0,0,NULL,0,0,NULL,NULL,NULL,NULL,NULL,NULL,NULL,NULL,NULL,NULL),(568,510,'2013-05-07 19:08:47','2013-05-07 19:09:09',NULL,NULL,NULL,NULL,NULL,NULL,0,0,NULL,0,0,NULL,NULL,NULL,NULL,NULL,NULL,NULL,NULL,NULL,NULL),(570,511,'2013-05-07 21:04:18','2013-05-07 21:04:18',NULL,NULL,NULL,NULL,NULL,NULL,0,0,NULL,0,0,NULL,NULL,NULL,NULL,NULL,NULL,NULL,NULL,NULL,NULL),(575,513,'2013-05-08 07:04:10','2013-05-08 08:52:24',NULL,NULL,NULL,NULL,NULL,NULL,0,0,NULL,0,0,NULL,NULL,NULL,NULL,NULL,NULL,NULL,NULL,NULL,NULL),(577,514,'2013-05-08 07:05:45','2013-05-08 07:22:18',NULL,NULL,NULL,NULL,NULL,NULL,0,0,NULL,0,0,NULL,NULL,NULL,NULL,NULL,NULL,NULL,NULL,NULL,NULL),(580,515,'2013-05-08 08:22:55','2013-05-08 08:23:06',NULL,NULL,NULL,NULL,NULL,NULL,0,0,NULL,0,0,NULL,NULL,NULL,NULL,NULL,NULL,NULL,NULL,NULL,NULL),(582,180,'2013-05-08 08:32:58','2013-05-08 08:35:05',NULL,NULL,NULL,NULL,NULL,NULL,0,0,NULL,0,0,NULL,NULL,NULL,NULL,NULL,NULL,NULL,NULL,NULL,NULL),(584,516,'2013-05-08 15:35:06','2013-05-08 15:35:06',NULL,NULL,NULL,NULL,NULL,NULL,0,0,NULL,0,0,NULL,NULL,NULL,NULL,NULL,NULL,NULL,NULL,NULL,NULL),(587,518,'2013-05-09 13:56:08','2013-05-09 13:56:58','free',NULL,NULL,NULL,NULL,NULL,0,0,NULL,0,0,NULL,NULL,NULL,NULL,NULL,NULL,NULL,NULL,NULL,NULL),(589,520,'2013-05-09 21:57:37','2013-05-09 21:57:37',NULL,NULL,NULL,NULL,NULL,NULL,0,0,NULL,0,0,NULL,NULL,NULL,NULL,NULL,NULL,NULL,NULL,NULL,NULL),(590,522,'2013-05-10 00:11:17','2013-05-10 00:11:32','free',NULL,NULL,NULL,NULL,NULL,0,0,NULL,0,0,NULL,NULL,NULL,NULL,NULL,NULL,NULL,NULL,NULL,NULL),(592,523,'2013-05-10 16:23:20','2013-05-10 16:23:20',NULL,NULL,NULL,NULL,NULL,NULL,0,0,NULL,0,0,NULL,NULL,NULL,NULL,NULL,NULL,NULL,NULL,NULL,NULL),(593,524,'2013-05-10 17:07:31','2013-05-10 17:07:33','free',NULL,NULL,NULL,NULL,NULL,0,0,NULL,0,0,NULL,NULL,NULL,NULL,NULL,NULL,NULL,NULL,NULL,NULL),(594,526,'2013-05-10 17:08:20','2013-05-10 17:14:07','authorizenet',NULL,NULL,NULL,NULL,NULL,0,0,NULL,0,0,NULL,NULL,NULL,NULL,NULL,NULL,NULL,NULL,NULL,NULL),(603,531,'2013-05-10 20:58:32','2013-05-10 20:59:05',NULL,NULL,NULL,NULL,NULL,NULL,0,0,NULL,0,0,NULL,NULL,NULL,NULL,NULL,NULL,NULL,NULL,NULL,NULL),(606,532,'2013-05-10 21:51:56','2013-05-10 21:52:49',NULL,NULL,NULL,NULL,NULL,NULL,0,0,NULL,0,0,NULL,NULL,NULL,NULL,NULL,NULL,NULL,NULL,NULL,NULL),(608,533,'2013-05-10 21:56:22','2013-05-10 21:57:13',NULL,NULL,NULL,NULL,NULL,NULL,0,0,NULL,0,0,NULL,NULL,NULL,NULL,NULL,NULL,NULL,NULL,NULL,NULL),(609,536,'2013-05-11 00:22:42','2013-05-11 00:22:44',NULL,NULL,NULL,NULL,NULL,NULL,0,0,NULL,0,0,NULL,NULL,NULL,NULL,NULL,NULL,NULL,NULL,NULL,NULL),(611,537,'2013-05-13 01:40:52','2013-05-13 01:41:03',NULL,NULL,NULL,NULL,NULL,NULL,0,0,NULL,0,0,NULL,NULL,NULL,NULL,NULL,NULL,NULL,NULL,NULL,NULL),(613,538,'2013-05-13 15:29:13','2013-05-13 15:29:13',NULL,NULL,NULL,NULL,NULL,NULL,0,0,NULL,0,0,NULL,NULL,NULL,NULL,NULL,NULL,NULL,NULL,NULL,NULL),(615,539,'2013-05-13 15:32:55','2013-05-13 15:32:55',NULL,NULL,NULL,NULL,NULL,NULL,0,0,NULL,0,0,NULL,NULL,NULL,NULL,NULL,NULL,NULL,NULL,NULL,NULL),(620,541,'2013-05-13 23:02:22','2013-05-14 00:05:09',NULL,NULL,NULL,NULL,NULL,NULL,0,0,NULL,0,0,NULL,NULL,NULL,NULL,NULL,NULL,NULL,NULL,NULL,NULL),(626,543,'2013-05-14 18:18:42','2013-05-14 18:48:25',NULL,NULL,NULL,NULL,NULL,NULL,0,0,NULL,0,0,NULL,NULL,NULL,NULL,NULL,NULL,NULL,NULL,NULL,NULL),(628,544,'2013-05-14 18:58:01','2013-05-14 19:05:25',NULL,NULL,NULL,NULL,NULL,NULL,0,0,NULL,0,0,NULL,NULL,NULL,NULL,NULL,NULL,NULL,NULL,NULL,NULL),(631,546,'2013-05-14 20:06:23','2013-05-15 18:07:16',NULL,NULL,NULL,NULL,NULL,NULL,0,0,NULL,0,0,NULL,NULL,NULL,'a:1:{s:42:\"paypal_express_checkout_shipping_overriden\";i:1;}',NULL,NULL,NULL,NULL,NULL,NULL),(634,547,'2013-05-14 23:49:40','2013-05-15 00:39:51',NULL,NULL,NULL,NULL,NULL,NULL,0,0,NULL,0,0,NULL,NULL,NULL,NULL,NULL,NULL,NULL,NULL,NULL,NULL),(636,548,'2013-05-15 04:29:35','2013-05-15 04:41:50',NULL,NULL,NULL,NULL,NULL,NULL,0,0,NULL,0,0,NULL,NULL,NULL,NULL,NULL,NULL,NULL,NULL,NULL,NULL),(638,549,'2013-05-15 06:06:20','2013-05-15 06:23:59',NULL,NULL,NULL,NULL,NULL,NULL,0,0,NULL,0,0,NULL,NULL,NULL,NULL,NULL,NULL,NULL,NULL,NULL,NULL),(642,551,'2013-05-15 06:26:33','2013-05-15 06:49:29',NULL,NULL,NULL,NULL,NULL,NULL,0,0,NULL,0,0,NULL,NULL,NULL,NULL,NULL,NULL,NULL,NULL,NULL,NULL),(644,552,'2013-05-15 06:52:12','2013-05-15 07:04:10',NULL,NULL,NULL,NULL,NULL,NULL,0,0,NULL,0,0,NULL,NULL,NULL,NULL,NULL,NULL,NULL,NULL,NULL,NULL),(646,553,'2013-05-15 07:01:05','2013-05-15 07:04:28',NULL,NULL,NULL,NULL,NULL,NULL,0,0,NULL,0,0,NULL,NULL,NULL,NULL,NULL,NULL,NULL,NULL,NULL,NULL),(648,554,'2013-05-15 08:33:02','2013-05-15 08:41:39',NULL,NULL,NULL,NULL,NULL,NULL,0,0,NULL,0,0,NULL,NULL,NULL,NULL,NULL,NULL,NULL,NULL,NULL,NULL),(651,555,'2013-05-15 09:15:17','2013-05-16 06:38:52',NULL,NULL,NULL,NULL,NULL,NULL,0,0,NULL,0,0,NULL,NULL,NULL,NULL,NULL,NULL,NULL,NULL,NULL,NULL),(655,557,'2013-05-15 15:01:51','2013-05-15 15:01:51',NULL,NULL,NULL,NULL,NULL,NULL,0,0,NULL,0,0,NULL,NULL,NULL,NULL,NULL,NULL,NULL,NULL,NULL,NULL),(657,558,'2013-05-15 15:14:34','2013-05-15 15:42:50',NULL,NULL,NULL,NULL,NULL,NULL,0,0,NULL,0,0,NULL,NULL,NULL,NULL,NULL,NULL,NULL,NULL,NULL,NULL),(659,559,'2013-05-15 15:15:32','2013-05-15 15:15:32',NULL,NULL,NULL,NULL,NULL,NULL,0,0,NULL,0,0,NULL,NULL,NULL,NULL,NULL,NULL,NULL,NULL,NULL,NULL),(663,561,'2013-05-15 15:20:41','2013-05-15 15:41:39',NULL,NULL,NULL,NULL,NULL,NULL,0,0,NULL,0,0,NULL,NULL,NULL,NULL,NULL,NULL,NULL,NULL,NULL,NULL),(670,565,'2013-05-15 18:20:50','2013-05-15 18:20:57',NULL,NULL,NULL,NULL,NULL,NULL,0,0,NULL,0,0,NULL,NULL,NULL,NULL,NULL,NULL,NULL,NULL,NULL,NULL),(676,545,'2013-05-15 22:46:42','2013-05-15 22:50:20',NULL,NULL,NULL,NULL,NULL,NULL,0,0,NULL,0,0,NULL,NULL,NULL,NULL,NULL,NULL,NULL,NULL,NULL,NULL),(680,572,'2013-05-15 22:53:31','2013-05-15 22:54:20',NULL,NULL,NULL,NULL,NULL,NULL,0,0,NULL,0,0,NULL,NULL,NULL,NULL,NULL,NULL,NULL,NULL,NULL,NULL),(682,573,'2013-05-15 22:55:16','2013-05-15 22:55:45',NULL,NULL,NULL,NULL,NULL,NULL,0,0,NULL,0,0,NULL,NULL,NULL,NULL,NULL,NULL,NULL,NULL,NULL,NULL),(684,574,'2013-05-16 03:01:51','2013-05-16 03:10:04',NULL,NULL,NULL,NULL,NULL,NULL,0,0,NULL,0,0,NULL,NULL,NULL,NULL,NULL,NULL,NULL,NULL,NULL,NULL),(686,575,'2013-05-16 04:11:16','2013-05-16 04:11:46',NULL,NULL,NULL,NULL,NULL,NULL,0,0,NULL,0,0,NULL,NULL,NULL,NULL,NULL,NULL,NULL,NULL,NULL,NULL),(687,506,'2013-05-16 04:14:13','2013-05-16 04:18:32','checkmo',NULL,NULL,NULL,NULL,NULL,0,0,NULL,0,0,NULL,NULL,NULL,NULL,NULL,NULL,NULL,NULL,NULL,NULL),(689,576,'2013-05-16 04:15:52','2013-05-16 05:24:37',NULL,NULL,NULL,NULL,NULL,NULL,0,0,NULL,0,0,NULL,NULL,NULL,NULL,NULL,NULL,NULL,NULL,NULL,NULL),(696,581,'2013-05-16 07:48:27','2013-05-16 08:25:24',NULL,NULL,NULL,NULL,NULL,NULL,0,0,NULL,0,0,NULL,NULL,NULL,NULL,NULL,NULL,NULL,NULL,NULL,NULL),(698,582,'2013-05-16 08:26:40','2013-05-16 08:27:49',NULL,NULL,NULL,NULL,NULL,NULL,0,0,NULL,0,0,NULL,NULL,NULL,NULL,NULL,NULL,NULL,NULL,NULL,NULL),(700,584,'2013-05-16 09:35:05','2013-05-16 09:52:47',NULL,NULL,NULL,NULL,NULL,NULL,0,0,NULL,0,0,NULL,NULL,NULL,NULL,NULL,NULL,NULL,NULL,NULL,NULL),(701,585,'2013-05-16 09:54:58','2013-05-16 10:02:31',NULL,NULL,NULL,NULL,NULL,NULL,0,0,NULL,0,0,NULL,NULL,NULL,NULL,NULL,NULL,NULL,NULL,NULL,NULL),(703,588,'2013-05-16 14:38:30','2013-05-16 14:38:51',NULL,NULL,NULL,NULL,NULL,NULL,0,0,NULL,0,0,NULL,NULL,NULL,NULL,NULL,NULL,NULL,NULL,NULL,NULL),(705,589,'2013-05-16 14:39:29','2013-05-16 14:39:46',NULL,NULL,NULL,NULL,NULL,NULL,0,0,NULL,0,0,NULL,NULL,NULL,NULL,NULL,NULL,NULL,NULL,NULL,NULL),(707,590,'2013-05-16 14:41:25','2013-05-16 14:41:42',NULL,NULL,NULL,NULL,NULL,NULL,0,0,NULL,0,0,NULL,NULL,NULL,NULL,NULL,NULL,NULL,NULL,NULL,NULL),(709,591,'2013-05-16 14:43:18','2013-05-16 14:44:07',NULL,NULL,NULL,NULL,NULL,NULL,0,0,NULL,0,0,NULL,NULL,NULL,NULL,NULL,NULL,NULL,NULL,NULL,NULL),(715,595,'2013-05-16 17:55:19','2013-05-16 18:16:48',NULL,NULL,NULL,NULL,NULL,NULL,0,0,NULL,0,0,NULL,NULL,NULL,NULL,NULL,NULL,NULL,NULL,NULL,NULL),(719,598,'2013-05-16 19:46:22','2013-05-16 21:21:23',NULL,NULL,NULL,NULL,NULL,NULL,0,0,NULL,0,0,NULL,NULL,NULL,NULL,NULL,NULL,NULL,NULL,NULL,NULL),(721,592,'2013-05-16 21:45:09','2013-05-16 22:48:12',NULL,NULL,NULL,NULL,NULL,NULL,0,0,NULL,0,0,NULL,NULL,NULL,NULL,NULL,NULL,NULL,NULL,NULL,NULL),(723,601,'2013-05-17 03:32:35','2013-05-17 03:32:56',NULL,NULL,NULL,NULL,NULL,NULL,0,0,NULL,0,0,NULL,NULL,NULL,NULL,NULL,NULL,NULL,NULL,NULL,NULL),(725,602,'2013-05-17 03:59:53','2013-05-17 04:00:37',NULL,NULL,NULL,NULL,NULL,NULL,0,0,NULL,0,0,NULL,NULL,NULL,NULL,NULL,NULL,NULL,NULL,NULL,NULL),(727,603,'2013-05-17 04:03:28','2013-05-17 04:06:53',NULL,NULL,NULL,NULL,NULL,NULL,0,0,NULL,0,0,NULL,NULL,NULL,NULL,NULL,NULL,NULL,NULL,NULL,NULL),(729,604,'2013-05-17 04:46:25','2013-05-17 04:51:35',NULL,NULL,NULL,NULL,NULL,NULL,0,0,NULL,0,0,NULL,NULL,NULL,NULL,NULL,NULL,NULL,NULL,NULL,NULL),(731,605,'2013-05-17 05:00:47','2013-05-17 05:01:04',NULL,NULL,NULL,NULL,NULL,NULL,0,0,NULL,0,0,NULL,NULL,NULL,NULL,NULL,NULL,NULL,NULL,NULL,NULL),(733,606,'2013-05-17 05:35:18','2013-05-17 06:17:25',NULL,NULL,NULL,NULL,NULL,NULL,0,0,NULL,0,0,NULL,NULL,NULL,NULL,NULL,NULL,NULL,NULL,NULL,NULL),(735,607,'2013-05-17 08:19:26','2013-05-17 08:31:33',NULL,NULL,NULL,NULL,NULL,NULL,0,0,NULL,0,0,NULL,NULL,NULL,NULL,NULL,NULL,NULL,NULL,NULL,NULL),(737,608,'2013-05-17 09:40:21','2013-05-17 10:18:46',NULL,NULL,NULL,NULL,NULL,NULL,0,0,NULL,0,0,NULL,NULL,NULL,NULL,NULL,NULL,NULL,NULL,NULL,NULL),(739,609,'2013-05-17 09:43:19','2013-05-17 10:01:05',NULL,NULL,NULL,NULL,NULL,NULL,0,0,NULL,0,0,NULL,NULL,NULL,NULL,NULL,NULL,NULL,NULL,NULL,NULL),(741,610,'2013-05-17 09:59:05','2013-05-17 09:59:17',NULL,NULL,NULL,NULL,NULL,NULL,0,0,NULL,0,0,NULL,NULL,NULL,NULL,NULL,NULL,NULL,NULL,NULL,NULL),(742,612,'2013-05-17 09:59:42','2013-05-17 10:09:37','checkmo',NULL,NULL,NULL,NULL,NULL,0,0,NULL,0,0,NULL,NULL,NULL,NULL,NULL,NULL,NULL,NULL,NULL,NULL),(748,617,'2013-05-24 01:04:14','2013-05-24 01:50:36',NULL,NULL,NULL,NULL,NULL,NULL,0,0,NULL,0,0,NULL,NULL,NULL,'a:1:{s:42:\"paypal_express_checkout_shipping_overriden\";i:0;}',NULL,NULL,NULL,NULL,NULL,NULL),(749,597,'2013-05-25 00:42:10','2013-05-25 01:42:11','checkmo',NULL,NULL,NULL,NULL,NULL,0,0,NULL,0,0,NULL,NULL,NULL,NULL,NULL,NULL,NULL,NULL,NULL,NULL),(751,577,'2013-05-25 01:56:49','2013-05-25 01:58:37','checkmo',NULL,NULL,NULL,NULL,NULL,0,0,NULL,0,0,NULL,NULL,NULL,NULL,NULL,NULL,NULL,NULL,NULL,NULL),(753,618,'2013-05-25 21:03:04','2013-05-29 01:28:25','checkmo',NULL,NULL,NULL,NULL,NULL,0,0,NULL,0,0,NULL,NULL,NULL,NULL,NULL,NULL,NULL,NULL,NULL,NULL),(755,619,'2013-05-25 21:35:37','2013-05-25 21:37:05','checkmo',NULL,NULL,NULL,NULL,NULL,0,0,NULL,0,0,NULL,NULL,NULL,NULL,NULL,NULL,NULL,NULL,NULL,NULL),(756,620,'2013-05-25 21:37:46','2013-05-25 21:43:25','ccsave','VI','0:2:e2bde39091d95c50:gU+zMdkGEizq4WotQcWuBQ==','1111',NULL,'Marilyn Mereles',1,2014,NULL,NULL,NULL,NULL,NULL,NULL,NULL,NULL,NULL,NULL,NULL,NULL,NULL),(758,622,'2013-05-28 00:05:57','2013-05-28 00:07:47','checkmo',NULL,NULL,NULL,NULL,NULL,0,0,NULL,0,0,NULL,NULL,NULL,NULL,NULL,NULL,NULL,NULL,NULL,NULL),(759,623,'2013-05-28 00:08:09','2013-05-28 00:08:58','checkmo',NULL,NULL,NULL,NULL,NULL,0,0,NULL,0,0,NULL,NULL,NULL,NULL,NULL,NULL,NULL,NULL,NULL,NULL),(760,624,'2013-05-28 00:09:28','2013-05-28 00:10:20','checkmo',NULL,NULL,NULL,NULL,NULL,0,0,NULL,0,0,NULL,NULL,NULL,NULL,NULL,NULL,NULL,NULL,NULL,NULL),(768,628,'2013-05-28 11:59:53','2013-05-28 12:21:35',NULL,NULL,NULL,NULL,NULL,NULL,0,0,NULL,0,0,NULL,NULL,NULL,NULL,NULL,NULL,NULL,NULL,NULL,NULL),(774,634,'2013-05-29 05:17:59','2013-05-29 05:18:16',NULL,NULL,NULL,NULL,NULL,NULL,0,0,NULL,0,0,NULL,NULL,NULL,'a:1:{s:42:\"paypal_express_checkout_shipping_overriden\";i:0;}',NULL,NULL,NULL,NULL,NULL,NULL),(775,635,'2013-05-29 05:30:30','2013-05-29 05:30:33',NULL,NULL,NULL,NULL,NULL,NULL,0,0,NULL,0,0,NULL,NULL,NULL,NULL,NULL,NULL,NULL,NULL,NULL,NULL),(777,638,'2013-05-29 12:19:59','2013-05-29 13:23:48','paypal_express',NULL,NULL,NULL,NULL,NULL,0,0,NULL,0,0,NULL,NULL,NULL,'a:6:{s:15:\"paypal_payer_id\";s:13:\"BW65JEZQUQWTU\";s:18:\"paypal_payer_email\";s:30:\"noreply-demo-personal@ebay.com\";s:19:\"paypal_payer_status\";s:10:\"unverified\";s:21:\"paypal_correlation_id\";s:13:\"81ffbbe421de9\";s:32:\"paypal_express_checkout_payer_id\";s:13:\"BW65JEZQUQWTU\";s:29:\"paypal_express_checkout_token\";s:20:\"EC-0KM99603M5237422V\";}',NULL,NULL,NULL,NULL,NULL,NULL),(778,637,'2013-05-29 13:05:41','2013-05-29 13:29:44','checkmo',NULL,NULL,NULL,NULL,NULL,0,0,NULL,0,0,NULL,NULL,NULL,NULL,NULL,NULL,NULL,NULL,NULL,NULL),(779,639,'2013-05-29 13:46:48','2013-05-29 13:47:04','checkmo',NULL,NULL,NULL,NULL,NULL,0,0,NULL,0,0,NULL,NULL,NULL,NULL,NULL,NULL,NULL,NULL,NULL,NULL),(780,647,'2013-05-30 02:30:09','2013-05-30 02:31:11',NULL,NULL,NULL,NULL,NULL,NULL,0,0,NULL,0,0,NULL,NULL,NULL,NULL,NULL,NULL,NULL,NULL,NULL,NULL),(782,641,'2013-05-30 02:55:04','2013-05-30 02:55:38','checkmo',NULL,NULL,NULL,NULL,NULL,0,0,NULL,0,0,NULL,NULL,NULL,NULL,NULL,NULL,NULL,NULL,NULL,NULL),(784,650,'2013-05-30 05:08:42','2013-05-30 05:41:34',NULL,NULL,NULL,NULL,NULL,NULL,0,0,NULL,0,0,NULL,NULL,NULL,NULL,NULL,NULL,NULL,NULL,NULL,NULL),(785,651,'2013-05-30 05:08:42','2013-05-30 06:12:04',NULL,NULL,NULL,NULL,NULL,NULL,0,0,NULL,0,0,NULL,NULL,NULL,NULL,NULL,NULL,NULL,NULL,NULL,NULL),(786,652,'2013-05-30 22:53:29','2013-05-30 22:53:32','free',NULL,NULL,NULL,NULL,NULL,0,0,NULL,0,0,NULL,NULL,NULL,NULL,NULL,NULL,NULL,NULL,NULL,NULL),(787,653,'2013-06-01 00:58:16','2013-06-01 00:58:24','free',NULL,NULL,NULL,NULL,NULL,0,0,NULL,0,0,NULL,NULL,NULL,NULL,NULL,NULL,NULL,NULL,NULL,NULL),(789,654,'2013-06-01 01:15:54','2013-06-01 01:15:54',NULL,NULL,NULL,NULL,NULL,NULL,0,0,NULL,0,0,NULL,NULL,NULL,NULL,NULL,NULL,NULL,NULL,NULL,NULL),(791,655,'2013-06-11 23:38:14','2013-06-11 23:46:35',NULL,NULL,NULL,NULL,NULL,NULL,0,0,NULL,0,0,NULL,NULL,NULL,NULL,NULL,NULL,NULL,NULL,NULL,NULL),(792,540,'2013-06-12 08:00:59','2013-06-12 08:02:44','cashondelivery',NULL,NULL,NULL,NULL,NULL,0,0,NULL,0,0,NULL,NULL,NULL,NULL,NULL,NULL,NULL,NULL,NULL,NULL),(793,656,'2013-06-12 11:35:30','2013-06-12 11:35:44',NULL,NULL,NULL,NULL,NULL,NULL,0,0,NULL,0,0,NULL,NULL,NULL,NULL,NULL,NULL,NULL,NULL,NULL,NULL),(799,659,'2013-06-18 16:48:24','2013-06-18 16:48:24',NULL,NULL,NULL,NULL,NULL,NULL,0,0,NULL,0,0,NULL,NULL,NULL,NULL,NULL,NULL,NULL,NULL,NULL,NULL),(801,660,'2013-06-20 05:46:38','2013-06-20 05:46:44',NULL,NULL,NULL,NULL,NULL,NULL,0,0,NULL,0,0,NULL,NULL,NULL,NULL,NULL,NULL,NULL,NULL,NULL,NULL),(803,661,'2013-06-20 05:48:45','2013-06-20 06:11:15',NULL,NULL,NULL,NULL,NULL,NULL,0,0,NULL,0,0,NULL,NULL,NULL,NULL,NULL,NULL,NULL,NULL,NULL,NULL),(805,664,'2013-06-20 16:44:28','2013-06-20 16:44:28',NULL,NULL,NULL,NULL,NULL,NULL,0,0,NULL,0,0,NULL,NULL,NULL,NULL,NULL,NULL,NULL,NULL,NULL,NULL),(806,665,'2013-06-24 08:17:32','2013-06-24 08:20:10',NULL,NULL,NULL,NULL,NULL,NULL,0,0,NULL,0,0,NULL,NULL,NULL,NULL,NULL,NULL,NULL,NULL,NULL,NULL),(808,666,'2013-12-20 12:14:47','2013-12-20 12:14:47',NULL,NULL,NULL,NULL,NULL,NULL,0,0,NULL,0,0,NULL,NULL,NULL,NULL,NULL,NULL,NULL,NULL,NULL,NULL),(809,668,'2013-12-25 10:01:32','2013-12-25 10:04:53',NULL,NULL,NULL,NULL,NULL,NULL,0,0,NULL,0,0,NULL,NULL,NULL,NULL,NULL,NULL,NULL,NULL,NULL,NULL),(811,669,'2014-04-10 00:54:45','2014-04-10 00:55:03',NULL,NULL,NULL,NULL,NULL,NULL,0,0,NULL,0,0,NULL,NULL,NULL,NULL,NULL,NULL,NULL,NULL,NULL,NULL),(812,671,'2014-04-19 19:10:28','2014-04-19 19:26:39',NULL,NULL,NULL,NULL,NULL,NULL,0,0,NULL,0,0,NULL,NULL,NULL,NULL,NULL,NULL,NULL,NULL,NULL,NULL),(814,672,'2014-04-25 05:55:16','2014-04-25 05:56:31',NULL,NULL,NULL,NULL,NULL,NULL,0,0,NULL,0,0,NULL,NULL,NULL,NULL,NULL,NULL,NULL,NULL,NULL,NULL),(815,673,'2014-04-28 23:27:53','2014-04-28 23:53:50',NULL,NULL,NULL,NULL,NULL,NULL,0,0,NULL,0,0,NULL,NULL,NULL,NULL,NULL,NULL,NULL,NULL,NULL,NULL),(817,674,'2014-04-30 03:30:00','2014-04-30 03:30:00',NULL,NULL,NULL,NULL,NULL,NULL,0,0,NULL,0,0,NULL,NULL,NULL,NULL,NULL,NULL,NULL,NULL,NULL,NULL),(818,675,'2014-04-30 05:22:59','2014-04-30 05:42:28','cashondelivery',NULL,NULL,NULL,NULL,NULL,0,0,NULL,0,0,NULL,NULL,NULL,NULL,NULL,NULL,NULL,NULL,NULL,NULL),(819,677,'2014-05-03 20:58:43','2014-05-03 20:59:17','free',NULL,NULL,NULL,NULL,NULL,0,0,NULL,0,0,NULL,NULL,NULL,NULL,NULL,NULL,NULL,NULL,NULL,NULL),(820,678,'2014-05-03 21:00:02','2014-05-03 21:19:24','cashondelivery',NULL,NULL,NULL,NULL,NULL,0,0,NULL,0,0,NULL,NULL,NULL,NULL,NULL,NULL,NULL,NULL,NULL,NULL),(821,679,'2014-05-03 21:34:22','2014-05-03 21:36:47','cashondelivery',NULL,NULL,NULL,NULL,NULL,0,0,NULL,0,0,NULL,NULL,NULL,NULL,NULL,NULL,NULL,NULL,NULL,NULL);

--
-- Table structure for table `sales_flat_quote_shipping_rate`
--

CREATE TABLE `sales_flat_quote_shipping_rate` (
  `rate_id` int(10) unsigned NOT NULL AUTO_INCREMENT COMMENT 'Rate Id',
  `address_id` int(10) unsigned NOT NULL DEFAULT '0' COMMENT 'Address Id',
  `created_at` timestamp NOT NULL DEFAULT CURRENT_TIMESTAMP ON UPDATE CURRENT_TIMESTAMP COMMENT 'Created At',
  `updated_at` timestamp NOT NULL DEFAULT '0000-00-00 00:00:00' COMMENT 'Updated At',
  `carrier` varchar(255) DEFAULT NULL COMMENT 'Carrier',
  `carrier_title` varchar(255) DEFAULT NULL COMMENT 'Carrier Title',
  `code` varchar(255) DEFAULT NULL COMMENT 'Code',
  `method` varchar(255) DEFAULT NULL COMMENT 'Method',
  `method_description` text COMMENT 'Method Description',
  `price` decimal(12,4) NOT NULL DEFAULT '0.0000' COMMENT 'Price',
  `error_message` text COMMENT 'Error Message',
  `method_title` text COMMENT 'Method Title',
  PRIMARY KEY (`rate_id`),
  KEY `IDX_SALES_FLAT_QUOTE_SHIPPING_RATE_ADDRESS_ID` (`address_id`),
  CONSTRAINT `FK_B1F177EFB73D3EDF5322BA64AC48D150` FOREIGN KEY (`address_id`) REFERENCES `sales_flat_quote_address` (`address_id`) ON DELETE CASCADE ON UPDATE CASCADE
) ENGINE=InnoDB AUTO_INCREMENT=16364 DEFAULT CHARSET=utf8 COMMENT='Sales Flat Quote Shipping Rate';

--
-- Dumping data for table `sales_flat_quote_shipping_rate`
--

INSERT INTO `sales_flat_quote_shipping_rate` VALUES (3,58,'2013-02-21 18:12:40','2013-02-21 18:12:40','flatrate','Flat Rate','flatrate_flatrate','flatrate',NULL,50.0000,NULL,'Fixed'),(166,216,'2013-02-26 12:42:58','2013-02-26 12:42:58','flatrate','Flat Rate','flatrate_flatrate','flatrate',NULL,925.0000,NULL,'Fixed'),(167,216,'2013-02-26 12:42:58','2013-02-26 12:42:58','freeshipping','Free Shipping','freeshipping_freeshipping','freeshipping',NULL,0.0000,NULL,'Free'),(168,216,'2013-02-26 12:42:58','2013-02-26 12:42:58','ups','United Parcel Service','ups_GND','GND',NULL,1396.2600,NULL,'Ground'),(169,216,'2013-02-26 12:42:58','2013-02-26 12:42:58','ups','United Parcel Service','ups_3DS','3DS',NULL,4613.4900,NULL,'3 Day Select'),(170,216,'2013-02-26 12:42:58','2013-02-26 12:42:58','ups','United Parcel Service','ups_2DA','2DA',NULL,6454.8000,NULL,'2nd Day Air'),(171,216,'2013-02-26 12:42:58','2013-02-26 12:42:58','ups','United Parcel Service','ups_1DP','1DP',NULL,8476.6500,NULL,'Next Day Air Saver'),(172,216,'2013-02-26 12:42:58','2013-02-26 12:42:58','ups','United Parcel Service','ups_1DA','1DA',NULL,8724.2400,NULL,'Next Day Air'),(173,216,'2013-02-26 12:42:58','2013-02-26 12:42:58','ups','United Parcel Service','ups_1DM','1DM',NULL,9022.5900,NULL,'Next Day Air Early AM'),(487,260,'2013-02-27 11:59:08','2013-02-27 11:59:08','flatrate','Flat Rate','flatrate_flatrate','flatrate',NULL,20.0000,NULL,'Fixed'),(488,260,'2013-02-27 11:59:08','2013-02-27 11:59:08','ups','United Parcel Service','ups_GND','GND',NULL,49.4000,NULL,'Ground'),(489,260,'2013-02-27 11:59:08','2013-02-27 11:59:08','ups','United Parcel Service','ups_3DS','3DS',NULL,113.0400,NULL,'3 Day Select'),(490,260,'2013-02-27 11:59:08','2013-02-27 11:59:08','ups','United Parcel Service','ups_2DA','2DA',NULL,162.3200,NULL,'2nd Day Air'),(491,260,'2013-02-27 11:59:08','2013-02-27 11:59:08','ups','United Parcel Service','ups_1DP','1DP',NULL,215.0300,NULL,'Next Day Air Saver'),(492,260,'2013-02-27 11:59:08','2013-02-27 11:59:08','ups','United Parcel Service','ups_1DA','1DA',NULL,224.3200,NULL,'Next Day Air'),(493,260,'2013-02-27 11:59:08','2013-02-27 11:59:08','ups','United Parcel Service','ups_1DM','1DM',NULL,257.4700,NULL,'Next Day Air Early AM'),(1382,509,'2013-03-07 09:52:58','2013-03-07 09:53:14','flatrate','Flat Rate','flatrate_flatrate','flatrate',NULL,30.0000,NULL,'Fixed'),(1383,509,'2013-03-07 09:52:58','2013-03-07 09:53:14','ups','United Parcel Service','ups_GND','GND',NULL,19.5800,NULL,'Ground'),(1384,509,'2013-03-07 09:52:58','2013-03-07 09:53:14','ups','United Parcel Service','ups_3DS','3DS',NULL,42.3300,NULL,'3 Day Select'),(1385,509,'2013-03-07 09:52:58','2013-03-07 09:53:14','ups','United Parcel Service','ups_2DA','2DA',NULL,55.4800,NULL,'2nd Day Air'),(1386,509,'2013-03-07 09:52:58','2013-03-07 09:53:14','ups','United Parcel Service','ups_1DP','1DP',NULL,94.6200,NULL,'Next Day Air Saver'),(1387,509,'2013-03-07 09:52:58','2013-03-07 09:53:14','ups','United Parcel Service','ups_1DA','1DA',NULL,106.1600,NULL,'Next Day Air'),(1388,509,'2013-03-07 09:52:58','2013-03-07 09:53:14','ups','United Parcel Service','ups_1DM','1DM',NULL,139.6100,NULL,'Next Day Air Early AM'),(3170,1028,'2013-03-14 05:03:39','2013-03-14 05:03:39','flatrate','Flat Rate','flatrate_flatrate','flatrate',NULL,5.0000,NULL,'Fixed'),(3171,1028,'2013-03-14 05:03:39','2013-03-14 05:03:39','ups','United Parcel Service','ups_GND','GND',NULL,13.4400,NULL,'Ground'),(3172,1028,'2013-03-14 05:03:39','2013-03-14 05:03:39','ups','United Parcel Service','ups_3DS','3DS',NULL,24.5900,NULL,'3 Day Select'),(3173,1028,'2013-03-14 05:03:39','2013-03-14 05:03:39','ups','United Parcel Service','ups_2DA','2DA',NULL,30.2700,NULL,'2nd Day Air'),(3174,1028,'2013-03-14 05:03:39','2013-03-14 05:03:39','ups','United Parcel Service','ups_1DP','1DP',NULL,62.8900,NULL,'Next Day Air Saver'),(3175,1028,'2013-03-14 05:03:39','2013-03-14 05:03:39','ups','United Parcel Service','ups_1DA','1DA',NULL,69.4100,NULL,'Next Day Air'),(3176,1028,'2013-03-14 05:03:39','2013-03-14 05:03:39','ups','United Parcel Service','ups_1DM','1DM',NULL,102.8600,NULL,'Next Day Air Early AM'),(3191,1032,'2013-03-14 05:05:33','2013-03-14 05:05:33','flatrate','Flat Rate','flatrate_flatrate','flatrate',NULL,5.0000,NULL,'Fixed'),(3192,1032,'2013-03-14 05:05:33','2013-03-14 05:05:33','ups','United Parcel Service','ups_GND','GND',NULL,13.4400,NULL,'Ground'),(3193,1032,'2013-03-14 05:05:33','2013-03-14 05:05:33','ups','United Parcel Service','ups_3DS','3DS',NULL,24.5900,NULL,'3 Day Select'),(3194,1032,'2013-03-14 05:05:33','2013-03-14 05:05:33','ups','United Parcel Service','ups_2DA','2DA',NULL,30.2700,NULL,'2nd Day Air'),(3195,1032,'2013-03-14 05:05:33','2013-03-14 05:05:33','ups','United Parcel Service','ups_1DP','1DP',NULL,62.8900,NULL,'Next Day Air Saver'),(3196,1032,'2013-03-14 05:05:33','2013-03-14 05:05:33','ups','United Parcel Service','ups_1DA','1DA',NULL,69.4100,NULL,'Next Day Air'),(3197,1032,'2013-03-14 05:05:33','2013-03-14 05:05:33','ups','United Parcel Service','ups_1DM','1DM',NULL,102.8600,NULL,'Next Day Air Early AM'),(3240,1036,'2013-03-14 05:24:56','2013-03-14 05:24:56','flatrate','Flat Rate','flatrate_flatrate','flatrate',NULL,5.0000,NULL,'Fixed'),(3241,1036,'2013-03-14 05:24:56','2013-03-14 05:24:56','ups','United Parcel Service','ups_GND','GND',NULL,13.4400,NULL,'Ground'),(3242,1036,'2013-03-14 05:24:56','2013-03-14 05:24:56','ups','United Parcel Service','ups_3DS','3DS',NULL,24.5900,NULL,'3 Day Select'),(3243,1036,'2013-03-14 05:24:56','2013-03-14 05:24:56','ups','United Parcel Service','ups_2DA','2DA',NULL,30.2700,NULL,'2nd Day Air'),(3244,1036,'2013-03-14 05:24:56','2013-03-14 05:24:56','ups','United Parcel Service','ups_1DP','1DP',NULL,62.8900,NULL,'Next Day Air Saver'),(3245,1036,'2013-03-14 05:24:56','2013-03-14 05:24:56','ups','United Parcel Service','ups_1DA','1DA',NULL,69.4100,NULL,'Next Day Air'),(3246,1036,'2013-03-14 05:24:56','2013-03-14 05:24:56','ups','United Parcel Service','ups_1DM','1DM',NULL,102.8600,NULL,'Next Day Air Early AM'),(3338,1057,'2013-03-14 06:52:47','2013-03-14 06:52:47','flatrate','Flat Rate','flatrate_flatrate','flatrate',NULL,5.0000,NULL,'Fixed'),(3339,1057,'2013-03-14 06:52:47','2013-03-14 06:52:47','ups','United Parcel Service','ups_GND','GND',NULL,13.4400,NULL,'Ground'),(3340,1057,'2013-03-14 06:52:47','2013-03-14 06:52:47','ups','United Parcel Service','ups_3DS','3DS',NULL,24.5900,NULL,'3 Day Select'),(3341,1057,'2013-03-14 06:52:47','2013-03-14 06:52:47','ups','United Parcel Service','ups_2DA','2DA',NULL,30.2700,NULL,'2nd Day Air'),(3342,1057,'2013-03-14 06:52:47','2013-03-14 06:52:47','ups','United Parcel Service','ups_1DP','1DP',NULL,62.8900,NULL,'Next Day Air Saver'),(3343,1057,'2013-03-14 06:52:47','2013-03-14 06:52:47','ups','United Parcel Service','ups_1DA','1DA',NULL,69.4100,NULL,'Next Day Air'),(3344,1057,'2013-03-14 06:52:47','2013-03-14 06:52:47','ups','United Parcel Service','ups_1DM','1DM',NULL,102.8600,NULL,'Next Day Air Early AM'),(3443,1071,'2013-03-14 10:54:23','2013-03-14 10:54:23','flatrate','Flat Rate','flatrate_flatrate','flatrate',NULL,30.0000,NULL,'Fixed'),(3444,1071,'2013-03-14 10:54:23','2013-03-14 10:54:23','ups','United Parcel Service','ups_GND','GND',NULL,19.3300,NULL,'Ground'),(3445,1071,'2013-03-14 10:54:23','2013-03-14 10:54:23','ups','United Parcel Service','ups_3DS','3DS',NULL,41.9200,NULL,'3 Day Select'),(3446,1071,'2013-03-14 10:54:23','2013-03-14 10:54:23','ups','United Parcel Service','ups_2DA','2DA',NULL,55.0800,NULL,'2nd Day Air'),(3447,1071,'2013-03-14 10:54:23','2013-03-14 10:54:23','ups','United Parcel Service','ups_1DP','1DP',NULL,94.2200,NULL,'Next Day Air Saver'),(3448,1071,'2013-03-14 10:54:23','2013-03-14 10:54:23','ups','United Parcel Service','ups_1DA','1DA',NULL,105.7600,NULL,'Next Day Air'),(3449,1071,'2013-03-14 10:54:23','2013-03-14 10:54:23','ups','United Parcel Service','ups_1DM','1DM',NULL,139.2100,NULL,'Next Day Air Early AM'),(3613,1083,'2013-03-14 11:54:12','2013-03-14 11:54:12','flatrate','Flat Rate','flatrate_flatrate','flatrate',NULL,10.0000,NULL,'Fixed'),(3614,1083,'2013-03-14 11:54:12','2013-03-14 11:54:12','ups','United Parcel Service','ups_GND','GND',NULL,14.5600,NULL,'Ground'),(3615,1083,'2013-03-14 11:54:12','2013-03-14 11:54:12','ups','United Parcel Service','ups_3DS','3DS',NULL,26.4300,NULL,'3 Day Select'),(3616,1083,'2013-03-14 11:54:12','2013-03-14 11:54:12','ups','United Parcel Service','ups_2DA','2DA',NULL,33.7800,NULL,'2nd Day Air'),(3617,1083,'2013-03-14 11:54:12','2013-03-14 11:54:12','ups','United Parcel Service','ups_1DA','1DA',NULL,74.1500,NULL,'Next Day Air'),(3660,1087,'2013-03-14 12:13:30','2013-03-14 12:13:30','flatrate','Flat Rate','flatrate_flatrate','flatrate',NULL,30.0000,NULL,'Fixed'),(3661,1087,'2013-03-14 12:13:30','2013-03-14 12:13:30','ups','United Parcel Service','ups_GND','GND',NULL,19.3300,NULL,'Ground'),(3662,1087,'2013-03-14 12:13:30','2013-03-14 12:13:30','ups','United Parcel Service','ups_3DS','3DS',NULL,41.9200,NULL,'3 Day Select'),(3663,1087,'2013-03-14 12:13:30','2013-03-14 12:13:30','ups','United Parcel Service','ups_2DA','2DA',NULL,55.0800,NULL,'2nd Day Air'),(3664,1087,'2013-03-14 12:13:30','2013-03-14 12:13:30','ups','United Parcel Service','ups_1DP','1DP',NULL,94.2200,NULL,'Next Day Air Saver'),(3665,1087,'2013-03-14 12:13:30','2013-03-14 12:13:30','ups','United Parcel Service','ups_1DA','1DA',NULL,105.7600,NULL,'Next Day Air'),(3666,1087,'2013-03-14 12:13:30','2013-03-14 12:13:30','ups','United Parcel Service','ups_1DM','1DM',NULL,139.2100,NULL,'Next Day Air Early AM'),(3776,1132,'2013-03-18 05:42:24','2013-03-18 05:42:24','flatrate','Flat Rate','flatrate_flatrate','flatrate',NULL,45.0000,NULL,'Fixed'),(3777,1132,'2013-03-18 05:42:24','2013-03-18 05:42:24','ups','United Parcel Service','ups_GND','GND',NULL,18.4600,NULL,'Ground'),(3778,1132,'2013-03-18 05:42:24','2013-03-18 05:42:24','ups','United Parcel Service','ups_3DS','3DS',NULL,43.0400,NULL,'3 Day Select'),(3779,1132,'2013-03-18 05:42:24','2013-03-18 05:42:24','ups','United Parcel Service','ups_2DA','2DA',NULL,65.5100,NULL,'2nd Day Air'),(3780,1132,'2013-03-18 05:42:24','2013-03-18 05:42:24','ups','United Parcel Service','ups_1DP','1DP',NULL,107.3700,NULL,'Next Day Air Saver'),(3781,1132,'2013-03-18 05:42:24','2013-03-18 05:42:24','ups','United Parcel Service','ups_1DA','1DA',NULL,115.4600,NULL,'Next Day Air'),(3782,1132,'2013-03-18 05:42:24','2013-03-18 05:42:24','ups','United Parcel Service','ups_1DM','1DM',NULL,148.9100,NULL,'Next Day Air Early AM'),(3853,1163,'2013-03-20 06:38:09','2013-03-20 06:38:09','flatrate','Flat Rate','flatrate_flatrate','flatrate',NULL,5.0000,NULL,'Fixed'),(3854,1163,'2013-03-20 06:38:09','2013-03-20 06:38:09','ups','United Parcel Service','ups_GND','GND',NULL,13.1300,NULL,'Ground'),(3855,1163,'2013-03-20 06:38:09','2013-03-20 06:38:09','ups','United Parcel Service','ups_3DS','3DS',NULL,21.7400,NULL,'3 Day Select'),(3856,1163,'2013-03-20 06:38:09','2013-03-20 06:38:09','ups','United Parcel Service','ups_2DA','2DA',NULL,28.7100,NULL,'2nd Day Air'),(3857,1163,'2013-03-20 06:38:09','2013-03-20 06:38:09','ups','United Parcel Service','ups_1DP','1DP',NULL,57.7000,NULL,'Next Day Air Saver'),(3858,1163,'2013-03-20 06:38:09','2013-03-20 06:38:09','ups','United Parcel Service','ups_1DA','1DA',NULL,63.5000,NULL,'Next Day Air'),(3859,1163,'2013-03-20 06:38:09','2013-03-20 06:38:09','ups','United Parcel Service','ups_1DM','1DM',NULL,96.9500,NULL,'Next Day Air Early AM'),(3930,1171,'2013-03-20 12:41:49','2013-03-20 12:41:53','flatrate','Flat Rate','flatrate_flatrate','flatrate',NULL,5.0000,NULL,'Fixed'),(3931,1171,'2013-03-20 12:41:49','2013-03-20 12:41:53','ups','United Parcel Service','ups_GND','GND',NULL,13.4400,NULL,'Ground'),(3932,1171,'2013-03-20 12:41:49','2013-03-20 12:41:53','ups','United Parcel Service','ups_3DS','3DS',NULL,24.5900,NULL,'3 Day Select'),(3933,1171,'2013-03-20 12:41:49','2013-03-20 12:41:53','ups','United Parcel Service','ups_2DA','2DA',NULL,30.2700,NULL,'2nd Day Air'),(3934,1171,'2013-03-20 12:41:49','2013-03-20 12:41:53','ups','United Parcel Service','ups_1DP','1DP',NULL,62.8900,NULL,'Next Day Air Saver'),(3935,1171,'2013-03-20 12:41:49','2013-03-20 12:41:53','ups','United Parcel Service','ups_1DA','1DA',NULL,69.4100,NULL,'Next Day Air'),(3936,1171,'2013-03-20 12:41:49','2013-03-20 12:41:53','ups','United Parcel Service','ups_1DM','1DM',NULL,102.8600,NULL,'Next Day Air Early AM'),(3942,1179,'2013-03-21 16:07:33','2013-03-21 16:14:56','flatrate','Flat Rate','flatrate_flatrate','flatrate',NULL,5.0000,NULL,'Fixed'),(3943,1179,'2013-03-21 16:07:33','2013-03-21 16:14:56','ups','United Parcel Service','ups_GND','GND',NULL,13.6300,NULL,'Ground'),(3944,1179,'2013-03-21 16:07:33','2013-03-21 16:14:56','ups','United Parcel Service','ups_3DS','3DS',NULL,24.9600,NULL,'3 Day Select'),(3945,1179,'2013-03-21 16:07:33','2013-03-21 16:14:56','ups','United Parcel Service','ups_2DA','2DA',NULL,30.6500,NULL,'2nd Day Air'),(3946,1179,'2013-03-21 16:07:33','2013-03-21 16:14:56','ups','United Parcel Service','ups_1DA','1DA',NULL,69.7800,NULL,'Next Day Air'),(4229,1293,'2013-04-02 20:46:45','2013-04-02 20:47:10','flatrate','Flat Rate','flatrate_flatrate','flatrate',NULL,65.0000,NULL,'Fixed'),(4230,1293,'2013-04-02 20:46:45','2013-04-02 20:47:10','freeshipping','Free Shipping','freeshipping_freeshipping','freeshipping',NULL,0.0000,NULL,'Free'),(4231,1293,'2013-04-02 20:46:45','2013-04-02 20:47:10','ups','United Parcel Service','ups_GND','GND',NULL,16.5700,NULL,'Ground'),(4232,1293,'2013-04-02 20:46:45','2013-04-02 20:47:10','ups','United Parcel Service','ups_3DS','3DS',NULL,24.9800,NULL,'3 Day Select'),(4233,1293,'2013-04-02 20:46:45','2013-04-02 20:47:10','ups','United Parcel Service','ups_2DA','2DA',NULL,30.1300,NULL,'2nd Day Air'),(4234,1293,'2013-04-02 20:46:45','2013-04-02 20:47:10','ups','United Parcel Service','ups_1DA','1DA',NULL,52.8600,NULL,'Next Day Air'),(4792,1375,'2013-04-08 06:28:59','2013-04-08 06:28:59','flatrate','Flat Rate','flatrate_flatrate','flatrate',NULL,5.0000,NULL,'Fixed'),(4793,1375,'2013-04-08 06:28:59','2013-04-08 06:28:59','ups','United Parcel Service','ups_GND','GND',NULL,13.5000,NULL,'Ground'),(4794,1375,'2013-04-08 06:28:59','2013-04-08 06:28:59','ups','United Parcel Service','ups_3DS','3DS',NULL,24.7000,NULL,'3 Day Select'),(4795,1375,'2013-04-08 06:28:59','2013-04-08 06:28:59','ups','United Parcel Service','ups_2DA','2DA',NULL,30.4100,NULL,'2nd Day Air'),(4796,1375,'2013-04-08 06:28:59','2013-04-08 06:28:59','ups','United Parcel Service','ups_1DP','1DP',NULL,63.1700,NULL,'Next Day Air Saver'),(4797,1375,'2013-04-08 06:28:59','2013-04-08 06:28:59','ups','United Parcel Service','ups_1DA','1DA',NULL,69.7200,NULL,'Next Day Air'),(4798,1375,'2013-04-08 06:28:59','2013-04-08 06:28:59','ups','United Parcel Service','ups_1DM','1DM',NULL,103.3200,NULL,'Next Day Air Early AM'),(4806,1383,'2013-04-08 06:34:55','2013-04-08 06:34:55','flatrate','Flat Rate','flatrate_flatrate','flatrate',NULL,5.0000,NULL,'Fixed'),(4807,1383,'2013-04-08 06:34:55','2013-04-08 06:34:55','ups','United Parcel Service','ups_GND','GND',NULL,13.5000,NULL,'Ground'),(4808,1383,'2013-04-08 06:34:55','2013-04-08 06:34:55','ups','United Parcel Service','ups_3DS','3DS',NULL,24.7000,NULL,'3 Day Select'),(4809,1383,'2013-04-08 06:34:55','2013-04-08 06:34:55','ups','United Parcel Service','ups_2DA','2DA',NULL,30.4100,NULL,'2nd Day Air'),(4810,1383,'2013-04-08 06:34:55','2013-04-08 06:34:55','ups','United Parcel Service','ups_1DP','1DP',NULL,63.1700,NULL,'Next Day Air Saver'),(4811,1383,'2013-04-08 06:34:55','2013-04-08 06:34:55','ups','United Parcel Service','ups_1DA','1DA',NULL,69.7200,NULL,'Next Day Air'),(4812,1383,'2013-04-08 06:34:55','2013-04-08 06:34:55','ups','United Parcel Service','ups_1DM','1DM',NULL,103.3200,NULL,'Next Day Air Early AM'),(5394,1379,'2013-04-08 10:50:52','2013-04-08 10:50:52','flatrate','Flat Rate','flatrate_flatrate','flatrate',NULL,10.0000,NULL,'Fixed'),(5395,1379,'2013-04-08 10:50:52','2013-04-08 10:50:52','ups','United Parcel Service','ups_GND','GND',NULL,15.0200,NULL,'Ground'),(5396,1379,'2013-04-08 10:50:52','2013-04-08 10:50:52','ups','United Parcel Service','ups_3DS','3DS',NULL,28.1100,NULL,'3 Day Select'),(5397,1379,'2013-04-08 10:50:52','2013-04-08 10:50:52','ups','United Parcel Service','ups_2DA','2DA',NULL,35.3400,NULL,'2nd Day Air'),(5398,1379,'2013-04-08 10:50:52','2013-04-08 10:50:52','ups','United Parcel Service','ups_1DP','1DP',NULL,70.0600,NULL,'Next Day Air Saver'),(5399,1379,'2013-04-08 10:50:52','2013-04-08 10:50:52','ups','United Parcel Service','ups_1DA','1DA',NULL,77.3900,NULL,'Next Day Air'),(5400,1379,'2013-04-08 10:50:52','2013-04-08 10:50:52','ups','United Parcel Service','ups_1DM','1DM',NULL,110.9900,NULL,'Next Day Air Early AM'),(5685,1409,'2013-04-09 06:38:31','2013-04-09 06:38:31','ups','United Parcel Service','ups_GND','GND',NULL,75.9400,NULL,'Ground'),(5686,1409,'2013-04-09 06:38:31','2013-04-09 06:38:31','ups','United Parcel Service','ups_3DS','3DS',NULL,188.3300,NULL,'3 Day Select'),(5687,1409,'2013-04-09 06:38:31','2013-04-09 06:38:31','ups','United Parcel Service','ups_2DA','2DA',NULL,274.8500,NULL,'2nd Day Air'),(5688,1409,'2013-04-09 06:38:31','2013-04-09 06:38:31','ups','United Parcel Service','ups_1DP','1DP',NULL,335.1600,NULL,'Next Day Air Saver'),(5689,1409,'2013-04-09 06:38:31','2013-04-09 06:38:31','ups','United Parcel Service','ups_1DA','1DA',NULL,352.4600,NULL,'Next Day Air'),(5690,1409,'2013-04-09 06:38:31','2013-04-09 06:38:31','ups','United Parcel Service','ups_1DM','1DM',NULL,386.0600,NULL,'Next Day Air Early AM'),(6075,1429,'2013-04-09 09:16:47','2013-04-09 09:16:47','ups','United Parcel Service','ups_GND','GND',NULL,13.5000,NULL,'Ground'),(6076,1429,'2013-04-09 09:16:47','2013-04-09 09:16:47','ups','United Parcel Service','ups_3DS','3DS',NULL,24.7000,NULL,'3 Day Select'),(6077,1429,'2013-04-09 09:16:47','2013-04-09 09:16:47','ups','United Parcel Service','ups_2DA','2DA',NULL,30.4100,NULL,'2nd Day Air'),(6078,1429,'2013-04-09 09:16:47','2013-04-09 09:16:47','ups','United Parcel Service','ups_1DP','1DP',NULL,63.1700,NULL,'Next Day Air Saver'),(6079,1429,'2013-04-09 09:16:47','2013-04-09 09:16:47','ups','United Parcel Service','ups_1DA','1DA',NULL,69.7200,NULL,'Next Day Air'),(6080,1429,'2013-04-09 09:16:47','2013-04-09 09:16:47','ups','United Parcel Service','ups_1DM','1DM',NULL,103.3200,NULL,'Next Day Air Early AM'),(6087,1455,'2013-04-10 05:41:12','2013-04-10 05:41:12','ups','United Parcel Service','ups_GND','GND',NULL,0.0000,NULL,'Ground'),(6088,1455,'2013-04-10 05:41:12','2013-04-10 05:41:12','ups','United Parcel Service','ups_3DS','3DS',NULL,28.1100,NULL,'3 Day Select'),(6089,1455,'2013-04-10 05:41:12','2013-04-10 05:41:12','ups','United Parcel Service','ups_2DA','2DA',NULL,35.3400,NULL,'2nd Day Air'),(6090,1455,'2013-04-10 05:41:12','2013-04-10 05:41:12','ups','United Parcel Service','ups_1DP','1DP',NULL,70.0600,NULL,'Next Day Air Saver'),(6091,1455,'2013-04-10 05:41:12','2013-04-10 05:41:12','ups','United Parcel Service','ups_1DA','1DA',NULL,77.3900,NULL,'Next Day Air'),(6092,1455,'2013-04-10 05:41:12','2013-04-10 05:41:12','ups','United Parcel Service','ups_1DM','1DM',NULL,110.9900,NULL,'Next Day Air Early AM'),(6399,1471,'2013-04-10 14:24:13','2013-04-10 14:24:13','ups','United Parcel Service','ups_GND','GND',NULL,19.9700,NULL,'Ground'),(6400,1471,'2013-04-10 14:24:13','2013-04-10 14:24:13','ups','United Parcel Service','ups_3DS','3DS',NULL,45.9200,NULL,'3 Day Select'),(6401,1471,'2013-04-10 14:24:13','2013-04-10 14:24:13','ups','United Parcel Service','ups_2DA','2DA',NULL,60.4800,NULL,'2nd Day Air'),(6402,1471,'2013-04-10 14:24:13','2013-04-10 14:24:13','ups','United Parcel Service','ups_1DA','1DA',NULL,113.2300,NULL,'Next Day Air'),(6463,1487,'2013-04-11 06:21:25','2013-04-11 06:21:25','ups','United Parcel Service','ups_GND','GND',NULL,13.5000,NULL,'Ground'),(6464,1487,'2013-04-11 06:21:25','2013-04-11 06:21:25','ups','United Parcel Service','ups_3DS','3DS',NULL,24.7000,NULL,'3 Day Select'),(6465,1487,'2013-04-11 06:21:25','2013-04-11 06:21:25','ups','United Parcel Service','ups_2DA','2DA',NULL,30.4100,NULL,'2nd Day Air'),(6466,1487,'2013-04-11 06:21:25','2013-04-11 06:21:25','ups','United Parcel Service','ups_1DP','1DP',NULL,63.1700,NULL,'Next Day Air Saver'),(6467,1487,'2013-04-11 06:21:25','2013-04-11 06:21:25','ups','United Parcel Service','ups_1DA','1DA',NULL,69.7200,NULL,'Next Day Air'),(6468,1487,'2013-04-11 06:21:25','2013-04-11 06:21:25','ups','United Parcel Service','ups_1DM','1DM',NULL,103.3200,NULL,'Next Day Air Early AM'),(6829,1533,'2013-04-12 05:18:28','2013-04-12 05:18:28','ups','United Parcel Service','ups_GND','GND',NULL,13.5000,NULL,'Ground'),(6830,1533,'2013-04-12 05:18:28','2013-04-12 05:18:28','ups','United Parcel Service','ups_3DS','3DS',NULL,24.7000,NULL,'3 Day Select'),(6831,1533,'2013-04-12 05:18:28','2013-04-12 05:18:28','ups','United Parcel Service','ups_2DA','2DA',NULL,30.4100,NULL,'2nd Day Air'),(6832,1533,'2013-04-12 05:18:28','2013-04-12 05:18:28','ups','United Parcel Service','ups_1DP','1DP',NULL,63.1700,NULL,'Next Day Air Saver'),(6833,1533,'2013-04-12 05:18:28','2013-04-12 05:18:28','ups','United Parcel Service','ups_1DA','1DA',NULL,69.7200,NULL,'Next Day Air'),(6834,1533,'2013-04-12 05:18:28','2013-04-12 05:18:28','ups','United Parcel Service','ups_1DM','1DM',NULL,103.3200,NULL,'Next Day Air Early AM'),(6979,1547,'2013-04-12 06:48:39','2013-04-12 06:48:39','ups','United Parcel Service','ups_GND','GND',NULL,13.5000,NULL,'Ground'),(6980,1547,'2013-04-12 06:48:39','2013-04-12 06:48:39','ups','United Parcel Service','ups_3DS','3DS',NULL,24.7000,NULL,'3 Day Select'),(6981,1547,'2013-04-12 06:48:39','2013-04-12 06:48:39','ups','United Parcel Service','ups_2DA','2DA',NULL,30.4100,NULL,'2nd Day Air'),(6982,1547,'2013-04-12 06:48:39','2013-04-12 06:48:39','ups','United Parcel Service','ups_1DP','1DP',NULL,63.1700,NULL,'Next Day Air Saver'),(6983,1547,'2013-04-12 06:48:39','2013-04-12 06:48:39','ups','United Parcel Service','ups_1DA','1DA',NULL,69.7200,NULL,'Next Day Air'),(6984,1547,'2013-04-12 06:48:39','2013-04-12 06:48:39','ups','United Parcel Service','ups_1DM','1DM',NULL,103.3200,NULL,'Next Day Air Early AM'),(7969,1593,'2013-04-15 09:12:20','2013-04-15 09:12:20','ups','United Parcel Service','ups_GND','GND',NULL,15.0200,NULL,'Ground'),(7970,1593,'2013-04-15 09:12:20','2013-04-15 09:12:20','ups','United Parcel Service','ups_3DS','3DS',NULL,28.1100,NULL,'3 Day Select'),(7971,1593,'2013-04-15 09:12:20','2013-04-15 09:12:20','ups','United Parcel Service','ups_2DA','2DA',NULL,35.3400,NULL,'2nd Day Air'),(7972,1593,'2013-04-15 09:12:20','2013-04-15 09:12:20','ups','United Parcel Service','ups_1DP','1DP',NULL,70.0600,NULL,'Next Day Air Saver'),(7973,1593,'2013-04-15 09:12:20','2013-04-15 09:12:20','ups','United Parcel Service','ups_1DA','1DA',NULL,77.3900,NULL,'Next Day Air'),(7974,1593,'2013-04-15 09:12:20','2013-04-15 09:12:20','ups','United Parcel Service','ups_1DM','1DM',NULL,110.9900,NULL,'Next Day Air Early AM'),(9495,1733,'2013-04-17 09:42:50','2013-04-17 09:42:50','ups','United Parcel Service','ups_GND','GND',NULL,15.2800,NULL,'Ground'),(9496,1733,'2013-04-17 09:42:50','2013-04-17 09:42:50','ups','United Parcel Service','ups_3DS','3DS',NULL,28.5300,NULL,'3 Day Select'),(9497,1733,'2013-04-17 09:42:50','2013-04-17 09:42:50','ups','United Parcel Service','ups_2DA','2DA',NULL,35.7600,NULL,'2nd Day Air'),(9498,1733,'2013-04-17 09:42:50','2013-04-17 09:42:50','ups','United Parcel Service','ups_1DP','1DP',NULL,70.4800,NULL,'Next Day Air Saver'),(9499,1733,'2013-04-17 09:42:50','2013-04-17 09:42:50','ups','United Parcel Service','ups_1DA','1DA',NULL,77.8100,NULL,'Next Day Air'),(9500,1733,'2013-04-17 09:42:50','2013-04-17 09:42:50','ups','United Parcel Service','ups_1DM','1DM',NULL,111.4100,NULL,'Next Day Air Early AM'),(9969,1765,'2013-04-19 05:06:50','2013-04-19 05:06:50','ups','United Parcel Service','ups_GND','GND',NULL,16.8300,NULL,'Ground'),(9970,1765,'2013-04-19 05:06:50','2013-04-19 05:06:50','ups','United Parcel Service','ups_3DS','3DS',NULL,31.8100,NULL,'3 Day Select'),(9971,1765,'2013-04-19 05:06:50','2013-04-19 05:06:50','ups','United Parcel Service','ups_2DA','2DA',NULL,40.0400,NULL,'2nd Day Air'),(9972,1765,'2013-04-19 05:06:50','2013-04-19 05:06:50','ups','United Parcel Service','ups_1DP','1DP',NULL,76.2200,NULL,'Next Day Air Saver'),(9973,1765,'2013-04-19 05:06:50','2013-04-19 05:06:50','ups','United Parcel Service','ups_1DA','1DA',NULL,84.2800,NULL,'Next Day Air'),(9974,1765,'2013-04-19 05:06:50','2013-04-19 05:06:50','ups','United Parcel Service','ups_1DM','1DM',NULL,117.8800,NULL,'Next Day Air Early AM'),(10131,1771,'2013-04-19 05:20:21','2013-04-19 05:20:21','ups','United Parcel Service','ups_GND','GND',NULL,15.0200,NULL,'Ground'),(10132,1771,'2013-04-19 05:20:21','2013-04-19 05:20:21','ups','United Parcel Service','ups_3DS','3DS',NULL,28.1100,NULL,'3 Day Select'),(10133,1771,'2013-04-19 05:20:21','2013-04-19 05:20:21','ups','United Parcel Service','ups_2DA','2DA',NULL,35.3400,NULL,'2nd Day Air'),(10134,1771,'2013-04-19 05:20:21','2013-04-19 05:20:21','ups','United Parcel Service','ups_1DP','1DP',NULL,70.0600,NULL,'Next Day Air Saver'),(10135,1771,'2013-04-19 05:20:21','2013-04-19 05:20:21','ups','United Parcel Service','ups_1DA','1DA',NULL,77.3900,NULL,'Next Day Air'),(10136,1771,'2013-04-19 05:20:21','2013-04-19 05:20:21','ups','United Parcel Service','ups_1DM','1DM',NULL,110.9900,NULL,'Next Day Air Early AM'),(10173,1781,'2013-04-22 16:42:54','2013-04-22 16:43:08','ups','United Parcel Service','ups_GND','GND',NULL,0.0000,NULL,'Ground'),(10174,1781,'2013-04-22 16:42:54','2013-04-22 16:43:08','ups','United Parcel Service','ups_3DS','3DS',NULL,14.9000,NULL,'3 Day Select'),(10175,1781,'2013-04-22 16:42:54','2013-04-22 16:43:08','ups','United Parcel Service','ups_2DA','2DA',NULL,20.5500,NULL,'2nd Day Air'),(10176,1781,'2013-04-22 16:42:54','2013-04-22 16:43:08','ups','United Parcel Service','ups_1DP','1DP',NULL,29.3400,NULL,'Next Day Air Saver'),(10177,1781,'2013-04-22 16:42:54','2013-04-22 16:43:08','ups','United Parcel Service','ups_1DA','1DA',NULL,32.6500,NULL,'Next Day Air'),(10178,1781,'2013-04-22 16:42:54','2013-04-22 16:43:08','ups','United Parcel Service','ups_1DM','1DM',NULL,66.2500,NULL,'Next Day Air Early AM'),(10395,1785,'2013-04-22 17:11:56','2013-04-22 17:13:27','ups','United Parcel Service','ups_GND','GND',NULL,15.0200,NULL,'Ground'),(10396,1785,'2013-04-22 17:11:56','2013-04-22 17:13:27','ups','United Parcel Service','ups_3DS','3DS',NULL,28.1100,NULL,'3 Day Select'),(10397,1785,'2013-04-22 17:11:56','2013-04-22 17:13:27','ups','United Parcel Service','ups_2DA','2DA',NULL,35.3400,NULL,'2nd Day Air'),(10398,1785,'2013-04-22 17:11:56','2013-04-22 17:13:27','ups','United Parcel Service','ups_1DP','1DP',NULL,70.0600,NULL,'Next Day Air Saver'),(10399,1785,'2013-04-22 17:11:56','2013-04-22 17:13:27','ups','United Parcel Service','ups_1DA','1DA',NULL,77.3900,NULL,'Next Day Air'),(10400,1785,'2013-04-22 17:11:56','2013-04-22 17:13:27','ups','United Parcel Service','ups_1DM','1DM',NULL,110.9900,NULL,'Next Day Air Early AM'),(10581,1791,'2013-04-22 17:48:25','2013-04-22 17:48:29','ups','United Parcel Service','ups_GND','GND',NULL,15.2200,NULL,'Ground'),(10582,1791,'2013-04-22 17:48:25','2013-04-22 17:48:29','ups','United Parcel Service','ups_3DS','3DS',NULL,28.5000,NULL,'3 Day Select'),(10583,1791,'2013-04-22 17:48:25','2013-04-22 17:48:29','ups','United Parcel Service','ups_2DA','2DA',NULL,35.7300,NULL,'2nd Day Air'),(10584,1791,'2013-04-22 17:48:25','2013-04-22 17:48:29','ups','United Parcel Service','ups_1DP','1DP',NULL,70.4500,NULL,'Next Day Air Saver'),(10585,1791,'2013-04-22 17:48:25','2013-04-22 17:48:29','ups','United Parcel Service','ups_1DA','1DA',NULL,77.7800,NULL,'Next Day Air'),(10586,1791,'2013-04-22 17:48:25','2013-04-22 17:48:29','ups','United Parcel Service','ups_1DM','1DM',NULL,111.3800,NULL,'Next Day Air Early AM'),(10629,1797,'2013-04-23 04:50:51','2013-04-23 04:50:51','ups','United Parcel Service','ups_GND','GND',NULL,13.5000,NULL,'Ground'),(10630,1797,'2013-04-23 04:50:51','2013-04-23 04:50:51','ups','United Parcel Service','ups_3DS','3DS',NULL,24.7000,NULL,'3 Day Select'),(10631,1797,'2013-04-23 04:50:51','2013-04-23 04:50:51','ups','United Parcel Service','ups_2DA','2DA',NULL,30.4100,NULL,'2nd Day Air'),(10632,1797,'2013-04-23 04:50:51','2013-04-23 04:50:51','ups','United Parcel Service','ups_1DP','1DP',NULL,63.1700,NULL,'Next Day Air Saver'),(10633,1797,'2013-04-23 04:50:51','2013-04-23 04:50:51','ups','United Parcel Service','ups_1DA','1DA',NULL,69.7200,NULL,'Next Day Air'),(10634,1797,'2013-04-23 04:50:51','2013-04-23 04:50:51','ups','United Parcel Service','ups_1DM','1DM',NULL,103.3200,NULL,'Next Day Air Early AM'),(10689,1813,'2013-04-24 02:27:02','2013-04-24 02:27:51','ups','United Parcel Service','ups_GND','GND',NULL,24.5500,NULL,'Ground'),(10690,1813,'2013-04-24 02:27:02','2013-04-24 02:27:51','ups','United Parcel Service','ups_3DS','3DS',NULL,60.0300,NULL,'3 Day Select'),(10691,1813,'2013-04-24 02:27:02','2013-04-24 02:27:51','ups','United Parcel Service','ups_2DA','2DA',NULL,84.1100,NULL,'2nd Day Air'),(10692,1813,'2013-04-24 02:27:02','2013-04-24 02:27:51','ups','United Parcel Service','ups_1DP','1DP',NULL,126.5600,NULL,'Next Day Air Saver'),(10693,1813,'2013-04-24 02:27:02','2013-04-24 02:27:51','ups','United Parcel Service','ups_1DA','1DA',NULL,142.2400,NULL,'Next Day Air'),(10694,1813,'2013-04-24 02:27:02','2013-04-24 02:27:51','ups','United Parcel Service','ups_1DM','1DM',NULL,175.8400,NULL,'Next Day Air Early AM'),(10695,1815,'2013-04-24 02:34:19','2013-04-24 02:34:44','ups','United Parcel Service','ups_GND','GND',NULL,65.3000,NULL,'Ground'),(10696,1815,'2013-04-24 02:34:19','2013-04-24 02:34:44','ups','United Parcel Service','ups_3DS','3DS',NULL,151.2600,NULL,'3 Day Select'),(10697,1815,'2013-04-24 02:34:19','2013-04-24 02:34:44','ups','United Parcel Service','ups_2DA','2DA',NULL,221.8200,NULL,'2nd Day Air'),(10698,1815,'2013-04-24 02:34:19','2013-04-24 02:34:44','ups','United Parcel Service','ups_1DP','1DP',NULL,275.1300,NULL,'Next Day Air Saver'),(10699,1815,'2013-04-24 02:34:19','2013-04-24 02:34:44','ups','United Parcel Service','ups_1DA','1DA',NULL,282.3500,NULL,'Next Day Air'),(10700,1815,'2013-04-24 02:34:19','2013-04-24 02:34:44','ups','United Parcel Service','ups_1DM','1DM',NULL,315.9500,NULL,'Next Day Air Early AM'),(10705,1819,'2013-04-24 03:04:18','2013-04-24 03:04:25','ups','United Parcel Service','ups_XPD','XPD',NULL,93.4600,NULL,'Worldwide Expedited'),(10706,1819,'2013-04-24 03:04:18','2013-04-24 03:04:25','ups','United Parcel Service','ups_WXS','WXS',NULL,97.5500,NULL,'Worldwide Express Saver'),(10711,1821,'2013-04-24 03:16:22','2013-04-24 03:16:31','ups','United Parcel Service','ups_XPD','XPD',NULL,149.7400,NULL,'Worldwide Expedited'),(10712,1821,'2013-04-24 03:16:22','2013-04-24 03:16:31','ups','United Parcel Service','ups_WXS','WXS',NULL,162.5100,NULL,'Worldwide Express Saver'),(10717,1823,'2013-04-24 03:19:02','2013-04-24 03:19:02','ups','United Parcel Service','ups_XPD','XPD',NULL,78.6800,NULL,'Worldwide Expedited'),(10718,1823,'2013-04-24 03:19:02','2013-04-24 03:19:02','ups','United Parcel Service','ups_WXS','WXS',NULL,85.2300,NULL,'Worldwide Express Saver'),(10731,1827,'2013-04-24 03:24:54','2013-04-24 03:24:59','ups','United Parcel Service','ups_GND','GND',NULL,0.0000,NULL,'Ground'),(10732,1827,'2013-04-24 03:24:54','2013-04-24 03:24:59','ups','United Parcel Service','ups_3DS','3DS',NULL,32.2000,NULL,'3 Day Select'),(10733,1827,'2013-04-24 03:24:54','2013-04-24 03:24:59','ups','United Parcel Service','ups_2DA','2DA',NULL,40.4300,NULL,'2nd Day Air'),(10734,1827,'2013-04-24 03:24:54','2013-04-24 03:24:59','ups','United Parcel Service','ups_1DP','1DP',NULL,76.6100,NULL,'Next Day Air Saver'),(10735,1827,'2013-04-24 03:24:54','2013-04-24 03:24:59','ups','United Parcel Service','ups_1DA','1DA',NULL,84.6700,NULL,'Next Day Air'),(10736,1827,'2013-04-24 03:24:54','2013-04-24 03:24:59','ups','United Parcel Service','ups_1DM','1DM',NULL,118.2700,NULL,'Next Day Air Early AM'),(10749,1829,'2013-04-24 03:27:30','2013-04-24 03:27:45','ups','United Parcel Service','ups_GND','GND',NULL,0.0000,NULL,'Ground'),(10750,1829,'2013-04-24 03:27:30','2013-04-24 03:27:45','ups','United Parcel Service','ups_3DS','3DS',NULL,57.1700,NULL,'3 Day Select'),(10751,1829,'2013-04-24 03:27:30','2013-04-24 03:27:45','ups','United Parcel Service','ups_2DA','2DA',NULL,78.3400,NULL,'2nd Day Air'),(10752,1829,'2013-04-24 03:27:30','2013-04-24 03:27:45','ups','United Parcel Service','ups_1DP','1DP',NULL,120.6200,NULL,'Next Day Air Saver'),(10753,1829,'2013-04-24 03:27:30','2013-04-24 03:27:45','ups','United Parcel Service','ups_1DA','1DA',NULL,128.3500,NULL,'Next Day Air'),(10754,1829,'2013-04-24 03:27:30','2013-04-24 03:27:45','ups','United Parcel Service','ups_1DM','1DM',NULL,161.9500,NULL,'Next Day Air Early AM'),(10767,1833,'2013-04-24 03:31:02','2013-04-24 03:31:09','ups','United Parcel Service','ups_GND','GND',NULL,23.3200,NULL,'Ground'),(10768,1833,'2013-04-24 03:31:02','2013-04-24 03:31:09','ups','United Parcel Service','ups_3DS','3DS',NULL,56.7800,NULL,'3 Day Select'),(10769,1833,'2013-04-24 03:31:02','2013-04-24 03:31:09','ups','United Parcel Service','ups_2DA','2DA',NULL,77.9500,NULL,'2nd Day Air'),(10770,1833,'2013-04-24 03:31:02','2013-04-24 03:31:09','ups','United Parcel Service','ups_1DP','1DP',NULL,120.2300,NULL,'Next Day Air Saver'),(10771,1833,'2013-04-24 03:31:02','2013-04-24 03:31:09','ups','United Parcel Service','ups_1DA','1DA',NULL,127.9600,NULL,'Next Day Air'),(10772,1833,'2013-04-24 03:31:02','2013-04-24 03:31:09','ups','United Parcel Service','ups_1DM','1DM',NULL,161.5600,NULL,'Next Day Air Early AM'),(10785,1835,'2013-04-24 03:41:28','2013-04-24 03:41:34','ups','United Parcel Service','ups_GND','GND',NULL,70.0400,NULL,'Ground'),(10786,1835,'2013-04-24 03:41:28','2013-04-24 03:41:34','ups','United Parcel Service','ups_3DS','3DS',NULL,167.8900,NULL,'3 Day Select'),(10787,1835,'2013-04-24 03:41:28','2013-04-24 03:41:34','ups','United Parcel Service','ups_2DA','2DA',NULL,246.1800,NULL,'2nd Day Air'),(10788,1835,'2013-04-24 03:41:28','2013-04-24 03:41:34','ups','United Parcel Service','ups_1DP','1DP',NULL,305.7000,NULL,'Next Day Air Saver'),(10789,1835,'2013-04-24 03:41:28','2013-04-24 03:41:34','ups','United Parcel Service','ups_1DA','1DA',NULL,317.1300,NULL,'Next Day Air'),(10790,1835,'2013-04-24 03:41:28','2013-04-24 03:41:34','ups','United Parcel Service','ups_1DM','1DM',NULL,350.7300,NULL,'Next Day Air Early AM'),(10795,1839,'2013-04-24 03:45:47','2013-04-24 03:45:47','ups','United Parcel Service','ups_XPD','XPD',NULL,91.9000,NULL,'Worldwide Expedited'),(10796,1839,'2013-04-24 03:45:47','2013-04-24 03:45:47','ups','United Parcel Service','ups_WXS','WXS',NULL,96.6600,NULL,'Worldwide Express Saver'),(10797,1839,'2013-04-24 03:45:47','2013-04-24 03:45:47','ups','United Parcel Service','ups_XPR','XPR',NULL,100.2400,NULL,'Worldwide Express'),(10798,1839,'2013-04-24 03:45:47','2013-04-24 03:45:47','ups','United Parcel Service','ups_XDM','XDM',NULL,145.0400,NULL,'Worldwide Express Plus'),(10837,1847,'2013-04-24 03:54:01','2013-04-24 03:54:01','ups','United Parcel Service','ups_GND','GND',NULL,16.8300,NULL,'Ground'),(10838,1847,'2013-04-24 03:54:01','2013-04-24 03:54:01','ups','United Parcel Service','ups_3DS','3DS',NULL,31.8100,NULL,'3 Day Select'),(10839,1847,'2013-04-24 03:54:01','2013-04-24 03:54:01','ups','United Parcel Service','ups_2DA','2DA',NULL,40.0400,NULL,'2nd Day Air'),(10840,1847,'2013-04-24 03:54:01','2013-04-24 03:54:01','ups','United Parcel Service','ups_1DA','1DA',NULL,84.2800,NULL,'Next Day Air'),(10903,1843,'2013-04-24 04:04:19','2013-04-24 04:04:19','ups','United Parcel Service','ups_GND','GND',NULL,14.6700,NULL,'Ground'),(10904,1843,'2013-04-24 04:04:19','2013-04-24 04:04:19','ups','United Parcel Service','ups_3DS','3DS',NULL,19.8800,NULL,'3 Day Select'),(10905,1843,'2013-04-24 04:04:19','2013-04-24 04:04:19','ups','United Parcel Service','ups_2DA','2DA',NULL,24.3600,NULL,'2nd Day Air'),(10906,1843,'2013-04-24 04:04:19','2013-04-24 04:04:19','ups','United Parcel Service','ups_1DP','1DP',NULL,64.7400,NULL,'Next Day Air Saver'),(10907,1843,'2013-04-24 04:04:19','2013-04-24 04:04:19','ups','United Parcel Service','ups_1DA','1DA',NULL,71.1800,NULL,'Next Day Air'),(10908,1843,'2013-04-24 04:04:19','2013-04-24 04:04:19','ups','United Parcel Service','ups_1DM','1DM',NULL,104.7800,NULL,'Next Day Air Early AM'),(10917,1857,'2013-04-24 04:10:37','2013-04-24 04:12:51','ups','United Parcel Service','ups_GND','GND',NULL,22.0600,NULL,'Ground'),(10918,1857,'2013-04-24 04:10:37','2013-04-24 04:12:51','ups','United Parcel Service','ups_3DS','3DS',NULL,53.3700,NULL,'3 Day Select'),(10919,1857,'2013-04-24 04:10:37','2013-04-24 04:12:51','ups','United Parcel Service','ups_2DA','2DA',NULL,72.3000,NULL,'2nd Day Air'),(10920,1857,'2013-04-24 04:10:37','2013-04-24 04:12:51','ups','United Parcel Service','ups_1DA','1DA',NULL,127.7900,NULL,'Next Day Air'),(11197,1923,'2013-04-24 22:10:38','2013-04-24 22:10:44','ups','United Parcel Service','ups_GND','GND',NULL,37.4700,NULL,'Ground'),(11198,1923,'2013-04-24 22:10:38','2013-04-24 22:10:44','ups','United Parcel Service','ups_3DS','3DS',NULL,89.2600,NULL,'3 Day Select'),(11199,1923,'2013-04-24 22:10:38','2013-04-24 22:10:44','ups','United Parcel Service','ups_2DA','2DA',NULL,126.6700,NULL,'2nd Day Air'),(11200,1923,'2013-04-24 22:10:38','2013-04-24 22:10:44','ups','United Parcel Service','ups_1DP','1DP',NULL,180.7100,NULL,'Next Day Air Saver'),(11201,1923,'2013-04-24 22:10:38','2013-04-24 22:10:44','ups','United Parcel Service','ups_1DA','1DA',NULL,187.7700,NULL,'Next Day Air'),(11202,1923,'2013-04-24 22:10:38','2013-04-24 22:10:44','ups','United Parcel Service','ups_1DM','1DM',NULL,221.3700,NULL,'Next Day Air Early AM'),(11413,1951,'2013-04-25 06:45:21','2013-04-25 06:45:21','ups','United Parcel Service','ups_GND','GND',NULL,13.5000,NULL,'Ground'),(11414,1951,'2013-04-25 06:45:21','2013-04-25 06:45:21','ups','United Parcel Service','ups_3DS','3DS',NULL,24.7000,NULL,'3 Day Select'),(11415,1951,'2013-04-25 06:45:21','2013-04-25 06:45:21','ups','United Parcel Service','ups_2DA','2DA',NULL,30.4100,NULL,'2nd Day Air'),(11416,1951,'2013-04-25 06:45:21','2013-04-25 06:45:21','ups','United Parcel Service','ups_1DP','1DP',NULL,63.1700,NULL,'Next Day Air Saver'),(11417,1951,'2013-04-25 06:45:21','2013-04-25 06:45:21','ups','United Parcel Service','ups_1DA','1DA',NULL,69.7200,NULL,'Next Day Air'),(11418,1951,'2013-04-25 06:45:21','2013-04-25 06:45:21','ups','United Parcel Service','ups_1DM','1DM',NULL,103.3200,NULL,'Next Day Air Early AM'),(11553,1997,'2013-04-25 17:41:21','2013-04-25 17:41:25','ups','United Parcel Service','ups_GND','GND',NULL,77.0000,NULL,'Ground'),(11554,1997,'2013-04-25 17:41:21','2013-04-25 17:41:25','ups','United Parcel Service','ups_3DS','3DS',NULL,191.3500,NULL,'3 Day Select'),(11555,1997,'2013-04-25 17:41:21','2013-04-25 17:41:25','ups','United Parcel Service','ups_2DA','2DA',NULL,279.5500,NULL,'2nd Day Air'),(11556,1997,'2013-04-25 17:41:21','2013-04-25 17:41:25','ups','United Parcel Service','ups_1DA','1DA',NULL,359.2400,NULL,'Next Day Air'),(11761,2057,'2013-04-30 07:16:53','2013-04-30 07:16:58','ups','United Parcel Service','ups_GND','GND',NULL,0.0000,NULL,'Ground'),(11762,2057,'2013-04-30 07:16:53','2013-04-30 07:16:58','ups','United Parcel Service','ups_3DS','3DS',NULL,18.3700,NULL,'3 Day Select'),(11763,2057,'2013-04-30 07:16:53','2013-04-30 07:16:58','ups','United Parcel Service','ups_2DA','2DA',NULL,23.6300,NULL,'2nd Day Air'),(11764,2057,'2013-04-30 07:16:53','2013-04-30 07:16:58','ups','United Parcel Service','ups_1DA','1DA',NULL,59.0200,NULL,'Next Day Air'),(11777,2063,'2013-04-30 11:02:57','2013-04-30 11:03:12','ups','United Parcel Service','ups_XPD','XPD',NULL,122.9800,NULL,'Worldwide Expedited'),(11778,2063,'2013-04-30 11:02:57','2013-04-30 11:03:12','ups','United Parcel Service','ups_WXS','WXS',NULL,131.1500,NULL,'Worldwide Express Saver'),(11781,2067,'2013-04-30 11:26:58','2013-04-30 11:27:14','ups','United Parcel Service','ups_XPD','XPD',NULL,122.9800,NULL,'Worldwide Expedited'),(11782,2067,'2013-04-30 11:26:58','2013-04-30 11:27:14','ups','United Parcel Service','ups_WXS','WXS',NULL,131.1500,NULL,'Worldwide Express Saver'),(12201,2047,'2013-05-02 10:50:41','2013-05-02 10:50:41','ups','United Parcel Service','ups_XPD','XPD',NULL,122.9800,NULL,'Worldwide Expedited'),(12202,2047,'2013-05-02 10:50:41','2013-05-02 10:50:41','ups','United Parcel Service','ups_WXS','WXS',NULL,131.1500,NULL,'Worldwide Express Saver'),(13011,2113,'2013-05-02 17:05:26','2013-05-02 17:05:26','ups','United Parcel Service','ups_GND','GND',NULL,11.6200,NULL,'Ground'),(13012,2113,'2013-05-02 17:05:26','2013-05-02 17:05:26','ups','United Parcel Service','ups_3DS','3DS',NULL,14.4500,NULL,'3 Day Select'),(13013,2113,'2013-05-02 17:05:26','2013-05-02 17:05:26','ups','United Parcel Service','ups_2DA','2DA',NULL,20.3300,NULL,'2nd Day Air'),(13014,2113,'2013-05-02 17:05:26','2013-05-02 17:05:26','ups','United Parcel Service','ups_1DP','1DP',NULL,27.6600,NULL,'Next Day Air Saver'),(13015,2113,'2013-05-02 17:05:26','2013-05-02 17:05:26','ups','United Parcel Service','ups_1DA','1DA',NULL,32.0900,NULL,'Next Day Air'),(13016,2113,'2013-05-02 17:05:26','2013-05-02 17:05:26','ups','United Parcel Service','ups_1DM','1DM',NULL,65.6900,NULL,'Next Day Air Early AM'),(13067,2117,'2013-05-03 03:49:23','2013-05-03 03:49:23','ups','United Parcel Service','ups_GND','GND',NULL,13.5000,NULL,'Ground'),(13068,2117,'2013-05-03 03:49:23','2013-05-03 03:49:23','ups','United Parcel Service','ups_3DS','3DS',NULL,24.7000,NULL,'3 Day Select'),(13069,2117,'2013-05-03 03:49:23','2013-05-03 03:49:23','ups','United Parcel Service','ups_2DA','2DA',NULL,30.4100,NULL,'2nd Day Air'),(13070,2117,'2013-05-03 03:49:23','2013-05-03 03:49:23','ups','United Parcel Service','ups_1DA','1DA',NULL,69.7200,NULL,'Next Day Air'),(13511,2121,'2013-05-03 07:24:32','2013-05-03 07:24:32','ups','United Parcel Service','ups_GND','GND',NULL,17.2600,NULL,'Ground'),(13512,2121,'2013-05-03 07:24:32','2013-05-03 07:24:32','ups','United Parcel Service','ups_3DS','3DS',NULL,28.6200,NULL,'3 Day Select'),(13513,2121,'2013-05-03 07:24:32','2013-05-03 07:24:32','ups','United Parcel Service','ups_2DA','2DA',NULL,34.3300,NULL,'2nd Day Air'),(13514,2121,'2013-05-03 07:24:32','2013-05-03 07:24:32','ups','United Parcel Service','ups_1DA','1DA',NULL,73.6400,NULL,'Next Day Air'),(13893,2167,'2013-05-03 15:46:28','2013-05-03 16:09:10','ups','United Parcel Service','ups_GND','GND',NULL,0.0000,NULL,'Ground'),(13894,2167,'2013-05-03 15:46:28','2013-05-03 16:09:10','ups','United Parcel Service','ups_3DS','3DS',NULL,21.8400,NULL,'3 Day Select'),(13895,2167,'2013-05-03 15:46:28','2013-05-03 16:09:10','ups','United Parcel Service','ups_2DA','2DA',NULL,28.8400,NULL,'2nd Day Air'),(13896,2167,'2013-05-03 15:46:28','2013-05-03 16:09:10','ups','United Parcel Service','ups_1DP','1DP',NULL,57.9600,NULL,'Next Day Air Saver'),(13897,2167,'2013-05-03 15:46:28','2013-05-03 16:09:10','ups','United Parcel Service','ups_1DA','1DA',NULL,63.7800,NULL,'Next Day Air'),(13898,2167,'2013-05-03 15:46:28','2013-05-03 16:09:10','ups','United Parcel Service','ups_1DM','1DM',NULL,97.3800,NULL,'Next Day Air Early AM'),(14325,1767,'2013-05-08 08:35:05','2013-05-08 08:35:05','ups','United Parcel Service','ups_GND','GND',NULL,0.0000,NULL,'Ground'),(14326,1767,'2013-05-08 08:35:05','2013-05-08 08:35:05','ups','United Parcel Service','ups_3DS','3DS',NULL,45.5100,NULL,'3 Day Select'),(14327,1767,'2013-05-08 08:35:05','2013-05-08 08:35:05','ups','United Parcel Service','ups_2DA','2DA',NULL,59.9400,NULL,'2nd Day Air'),(14328,1767,'2013-05-08 08:35:05','2013-05-08 08:35:05','ups','United Parcel Service','ups_1DP','1DP',NULL,99.9600,NULL,'Next Day Air Saver'),(14329,1767,'2013-05-08 08:35:05','2013-05-08 08:35:05','ups','United Parcel Service','ups_1DA','1DA',NULL,112.2200,NULL,'Next Day Air'),(14330,1767,'2013-05-08 08:35:05','2013-05-08 08:35:05','ups','United Parcel Service','ups_1DM','1DM',NULL,145.5200,NULL,'Next Day Air Early AM'),(14455,2280,'2013-05-10 20:59:05','2013-05-10 20:59:05','ups','United Parcel Service','ups_GND','GND',NULL,11.6200,NULL,'Ground'),(14456,2280,'2013-05-10 20:59:05','2013-05-10 20:59:05','ups','United Parcel Service','ups_3DS','3DS',NULL,14.3200,NULL,'3 Day Select'),(14457,2280,'2013-05-10 20:59:05','2013-05-10 20:59:05','ups','United Parcel Service','ups_2DA','2DA',NULL,20.1500,NULL,'2nd Day Air'),(14458,2280,'2013-05-10 20:59:05','2013-05-10 20:59:05','ups','United Parcel Service','ups_1DP','1DP',NULL,27.4200,NULL,'Next Day Air Saver'),(14459,2280,'2013-05-10 20:59:05','2013-05-10 20:59:05','ups','United Parcel Service','ups_1DA','1DA',NULL,31.8000,NULL,'Next Day Air'),(14460,2280,'2013-05-10 20:59:05','2013-05-10 20:59:05','ups','United Parcel Service','ups_1DM','1DM',NULL,65.1000,NULL,'Next Day Air Early AM'),(14479,2282,'2013-05-10 21:52:43','2013-05-10 21:52:49','ups','United Parcel Service','ups_GND','GND',NULL,0.0000,NULL,'Ground'),(14480,2282,'2013-05-10 21:52:43','2013-05-10 21:52:49','ups','United Parcel Service','ups_3DS','3DS',NULL,14.3200,NULL,'3 Day Select'),(14481,2282,'2013-05-10 21:52:43','2013-05-10 21:52:49','ups','United Parcel Service','ups_2DA','2DA',NULL,20.1500,NULL,'2nd Day Air'),(14482,2282,'2013-05-10 21:52:43','2013-05-10 21:52:49','ups','United Parcel Service','ups_1DP','1DP',NULL,27.4200,NULL,'Next Day Air Saver'),(14483,2282,'2013-05-10 21:52:43','2013-05-10 21:52:49','ups','United Parcel Service','ups_1DA','1DA',NULL,31.8000,NULL,'Next Day Air'),(14484,2282,'2013-05-10 21:52:43','2013-05-10 21:52:49','ups','United Parcel Service','ups_1DM','1DM',NULL,65.1000,NULL,'Next Day Air Early AM'),(14739,2317,'2013-05-15 04:41:50','2013-05-15 04:41:50','ups','United Parcel Service','ups_GND','GND',NULL,13.5000,NULL,'Ground'),(14740,2317,'2013-05-15 04:41:50','2013-05-15 04:41:50','ups','United Parcel Service','ups_3DS','3DS',NULL,24.4800,NULL,'3 Day Select'),(14741,2317,'2013-05-15 04:41:50','2013-05-15 04:41:50','ups','United Parcel Service','ups_2DA','2DA',NULL,30.1400,NULL,'2nd Day Air'),(14742,2317,'2013-05-15 04:41:50','2013-05-15 04:41:50','ups','United Parcel Service','ups_1DP','1DP',NULL,62.6000,NULL,'Next Day Air Saver'),(14743,2317,'2013-05-15 04:41:50','2013-05-15 04:41:50','ups','United Parcel Service','ups_1DA','1DA',NULL,69.1000,NULL,'Next Day Air'),(14744,2317,'2013-05-15 04:41:50','2013-05-15 04:41:50','ups','United Parcel Service','ups_1DM','1DM',NULL,102.4000,NULL,'Next Day Air Early AM'),(14771,2319,'2013-05-15 06:23:59','2013-05-15 06:23:59','ups','United Parcel Service','ups_GND','GND',NULL,16.8300,NULL,'Ground'),(14772,2319,'2013-05-15 06:23:59','2013-05-15 06:23:59','ups','United Parcel Service','ups_3DS','3DS',NULL,31.5200,NULL,'3 Day Select'),(14773,2319,'2013-05-15 06:23:59','2013-05-15 06:23:59','ups','United Parcel Service','ups_2DA','2DA',NULL,39.6800,NULL,'2nd Day Air'),(14774,2319,'2013-05-15 06:23:59','2013-05-15 06:23:59','ups','United Parcel Service','ups_1DP','1DP',NULL,75.5400,NULL,'Next Day Air Saver'),(14775,2319,'2013-05-15 06:23:59','2013-05-15 06:23:59','ups','United Parcel Service','ups_1DA','1DA',NULL,83.5300,NULL,'Next Day Air'),(14776,2319,'2013-05-15 06:23:59','2013-05-15 06:23:59','ups','United Parcel Service','ups_1DM','1DM',NULL,116.8300,NULL,'Next Day Air Early AM'),(15065,2323,'2013-05-15 06:49:29','2013-05-15 06:49:29','ups','United Parcel Service','ups_GND','GND',NULL,13.5000,NULL,'Ground'),(15066,2323,'2013-05-15 06:49:29','2013-05-15 06:49:29','ups','United Parcel Service','ups_3DS','3DS',NULL,24.4800,NULL,'3 Day Select'),(15067,2323,'2013-05-15 06:49:29','2013-05-15 06:49:29','ups','United Parcel Service','ups_2DA','2DA',NULL,30.1400,NULL,'2nd Day Air'),(15068,2323,'2013-05-15 06:49:29','2013-05-15 06:49:29','ups','United Parcel Service','ups_1DP','1DP',NULL,62.6000,NULL,'Next Day Air Saver'),(15069,2323,'2013-05-15 06:49:29','2013-05-15 06:49:29','ups','United Parcel Service','ups_1DA','1DA',NULL,69.1000,NULL,'Next Day Air'),(15070,2323,'2013-05-15 06:49:29','2013-05-15 06:49:29','ups','United Parcel Service','ups_1DM','1DM',NULL,102.4000,NULL,'Next Day Air Early AM'),(15137,2325,'2013-05-15 07:04:10','2013-05-15 07:04:10','ups','United Parcel Service','ups_GND','GND',NULL,0.0000,NULL,'Ground'),(15138,2325,'2013-05-15 07:04:10','2013-05-15 07:04:10','ups','United Parcel Service','ups_3DS','3DS',NULL,24.4800,NULL,'3 Day Select'),(15139,2325,'2013-05-15 07:04:10','2013-05-15 07:04:10','ups','United Parcel Service','ups_2DA','2DA',NULL,30.1400,NULL,'2nd Day Air'),(15140,2325,'2013-05-15 07:04:10','2013-05-15 07:04:10','ups','United Parcel Service','ups_1DP','1DP',NULL,62.6000,NULL,'Next Day Air Saver'),(15141,2325,'2013-05-15 07:04:10','2013-05-15 07:04:10','ups','United Parcel Service','ups_1DA','1DA',NULL,69.1000,NULL,'Next Day Air'),(15142,2325,'2013-05-15 07:04:10','2013-05-15 07:04:10','ups','United Parcel Service','ups_1DM','1DM',NULL,102.4000,NULL,'Next Day Air Early AM'),(15191,2329,'2013-05-15 08:41:39','2013-05-15 08:41:39','ups','United Parcel Service','ups_GND','GND',NULL,0.0000,NULL,'Ground'),(15192,2329,'2013-05-15 08:41:39','2013-05-15 08:41:39','ups','United Parcel Service','ups_3DS','3DS',NULL,27.8600,NULL,'3 Day Select'),(15193,2329,'2013-05-15 08:41:39','2013-05-15 08:41:39','ups','United Parcel Service','ups_2DA','2DA',NULL,35.0200,NULL,'2nd Day Air'),(15194,2329,'2013-05-15 08:41:39','2013-05-15 08:41:39','ups','United Parcel Service','ups_1DP','1DP',NULL,69.4300,NULL,'Next Day Air Saver'),(15195,2329,'2013-05-15 08:41:39','2013-05-15 08:41:39','ups','United Parcel Service','ups_1DA','1DA',NULL,76.7000,NULL,'Next Day Air'),(15196,2329,'2013-05-15 08:41:39','2013-05-15 08:41:39','ups','United Parcel Service','ups_1DM','1DM',NULL,110.0000,NULL,'Next Day Air Early AM'),(15281,2337,'2013-05-15 15:25:16','2013-05-15 15:25:16','ups','United Parcel Service','ups_GND','GND',NULL,13.5000,NULL,'Ground'),(15282,2337,'2013-05-15 15:25:16','2013-05-15 15:25:16','ups','United Parcel Service','ups_3DS','3DS',NULL,24.4800,NULL,'3 Day Select'),(15283,2337,'2013-05-15 15:25:16','2013-05-15 15:25:16','ups','United Parcel Service','ups_1DA','1DA',NULL,69.1000,NULL,'Next Day Air'),(15326,2313,'2013-05-15 18:07:16','2013-05-15 18:07:16','ups','United Parcel Service','ups_GND','GND',NULL,15.0200,NULL,'Ground'),(15327,2313,'2013-05-15 18:07:16','2013-05-15 18:07:16','ups','United Parcel Service','ups_3DS','3DS',NULL,27.8600,NULL,'3 Day Select'),(15328,2313,'2013-05-15 18:07:16','2013-05-15 18:07:16','ups','United Parcel Service','ups_1DA','1DA',NULL,76.7000,NULL,'Next Day Air'),(15404,2311,'2013-05-15 22:50:20','2013-05-15 22:50:20','ups','United Parcel Service','ups_GND','GND',NULL,0.0000,NULL,'Ground'),(15405,2311,'2013-05-15 22:50:20','2013-05-15 22:50:20','ups','United Parcel Service','ups_3DS','3DS',NULL,31.5200,NULL,'3 Day Select'),(15406,2311,'2013-05-15 22:50:20','2013-05-15 22:50:20','ups','United Parcel Service','ups_1DA','1DA',NULL,83.5300,NULL,'Next Day Air'),(15416,2045,'2013-05-15 22:52:44','2013-05-15 22:52:44','ups','United Parcel Service','ups_GND','GND',NULL,22.0600,NULL,'Ground'),(15417,2045,'2013-05-15 22:52:44','2013-05-15 22:52:44','ups','United Parcel Service','ups_3DS','3DS',NULL,52.8900,NULL,'3 Day Select'),(15418,2045,'2013-05-15 22:52:44','2013-05-15 22:52:44','ups','United Parcel Service','ups_1DA','1DA',NULL,126.6500,NULL,'Next Day Air'),(15425,2372,'2013-05-15 22:54:20','2013-05-15 22:54:20','ups','United Parcel Service','ups_GND','GND',NULL,13.5000,NULL,'Ground'),(15426,2372,'2013-05-15 22:54:20','2013-05-15 22:54:20','ups','United Parcel Service','ups_3DS','3DS',NULL,24.4800,NULL,'3 Day Select'),(15427,2372,'2013-05-15 22:54:20','2013-05-15 22:54:20','ups','United Parcel Service','ups_1DA','1DA',NULL,69.1000,NULL,'Next Day Air'),(15431,2374,'2013-05-15 22:55:45','2013-05-15 22:55:45','ups','United Parcel Service','ups_GND','GND',NULL,13.5000,NULL,'Ground'),(15432,2374,'2013-05-15 22:55:45','2013-05-15 22:55:45','ups','United Parcel Service','ups_3DS','3DS',NULL,24.4800,NULL,'3 Day Select'),(15433,2374,'2013-05-15 22:55:45','2013-05-15 22:55:45','ups','United Parcel Service','ups_1DA','1DA',NULL,69.1000,NULL,'Next Day Air'),(15455,2207,'2013-05-16 04:18:32','2013-05-16 04:18:32','ups','United Parcel Service','ups_GND','GND',NULL,17.2600,NULL,'Ground'),(15456,2207,'2013-05-16 04:18:32','2013-05-16 04:18:32','ups','United Parcel Service','ups_3DS','3DS',NULL,28.3600,NULL,'3 Day Select'),(15457,2207,'2013-05-16 04:18:32','2013-05-16 04:18:32','ups','United Parcel Service','ups_1DA','1DA',NULL,72.9800,NULL,'Next Day Air'),(15497,2331,'2013-05-16 06:37:46','2013-05-16 06:37:46','ups','United Parcel Service','ups_GND','GND',NULL,13.5000,NULL,'Ground'),(15498,2331,'2013-05-16 06:37:46','2013-05-16 06:37:46','ups','United Parcel Service','ups_3DS','3DS',NULL,24.4800,NULL,'3 Day Select'),(15499,2331,'2013-05-16 06:37:46','2013-05-16 06:37:46','ups','United Parcel Service','ups_1DA','1DA',NULL,69.1000,NULL,'Next Day Air'),(15508,2398,'2013-05-16 10:02:34','2013-05-16 10:02:34','fedex','Federal Express','fedex_FEDEX_GROUND','FEDEX_GROUND',NULL,12.2900,NULL,'Ground'),(15509,2398,'2013-05-16 10:02:34','2013-05-16 10:02:34','fedex','Federal Express','fedex_FEDEX_2_DAY','FEDEX_2_DAY',NULL,30.5200,NULL,'2 Day'),(15510,2398,'2013-05-16 10:02:34','2013-05-16 10:02:34','fedex','Federal Express','fedex_PRIORITY_OVERNIGHT','PRIORITY_OVERNIGHT',NULL,31.4500,NULL,'Priority Overnight'),(15511,2398,'2013-05-16 10:02:34','2013-05-16 10:02:34','fedex','Federal Express','fedex_STANDARD_OVERNIGHT','STANDARD_OVERNIGHT',NULL,63.8500,NULL,'Standard Overnight'),(15512,2398,'2013-05-16 10:02:34','2013-05-16 10:02:34','fedex','Federal Express','fedex_FIRST_OVERNIGHT','FIRST_OVERNIGHT',NULL,100.2000,NULL,'First Overnight'),(15513,2398,'2013-05-16 10:02:34','2013-05-16 10:02:34','ups','United Parcel Service','ups_GND','GND',NULL,15.0200,NULL,'Ground'),(15514,2398,'2013-05-16 10:02:34','2013-05-16 10:02:34','ups','United Parcel Service','ups_3DS','3DS',NULL,27.8600,NULL,'3 Day Select'),(15515,2398,'2013-05-16 10:02:34','2013-05-16 10:02:34','ups','United Parcel Service','ups_1DA','1DA',NULL,76.7000,NULL,'Next Day Air'),(15516,2404,'2013-05-16 14:38:51','2013-05-16 14:38:51','fedex','Federal Express','fedex_FEDEX_GROUND','FEDEX_GROUND',NULL,7.7500,NULL,'Ground'),(15517,2404,'2013-05-16 14:38:51','2013-05-16 14:38:51','fedex','Federal Express','fedex_FEDEX_2_DAY','FEDEX_2_DAY',NULL,22.8800,NULL,'2 Day'),(15518,2404,'2013-05-16 14:38:51','2013-05-16 14:38:51','fedex','Federal Express','fedex_PRIORITY_OVERNIGHT','PRIORITY_OVERNIGHT',NULL,25.8500,NULL,'Priority Overnight'),(15519,2404,'2013-05-16 14:38:51','2013-05-16 14:38:51','fedex','Federal Express','fedex_STANDARD_OVERNIGHT','STANDARD_OVERNIGHT',NULL,54.1800,NULL,'Standard Overnight'),(15520,2404,'2013-05-16 14:38:51','2013-05-16 14:38:51','fedex','Federal Express','fedex_FIRST_OVERNIGHT','FIRST_OVERNIGHT',NULL,89.8200,NULL,'First Overnight'),(15521,2404,'2013-05-16 14:38:51','2013-05-16 14:38:51','ups','United Parcel Service','ups_GND','GND',NULL,13.5000,NULL,'Ground'),(15522,2404,'2013-05-16 14:38:51','2013-05-16 14:38:51','ups','United Parcel Service','ups_3DS','3DS',NULL,24.4800,NULL,'3 Day Select'),(15523,2404,'2013-05-16 14:38:51','2013-05-16 14:38:51','ups','United Parcel Service','ups_1DA','1DA',NULL,69.1000,NULL,'Next Day Air'),(15524,2406,'2013-05-16 14:39:46','2013-05-16 14:39:46','fedex','Federal Express','fedex_FEDEX_GROUND','FEDEX_GROUND',NULL,10.3000,NULL,'Ground'),(15525,2406,'2013-05-16 14:39:46','2013-05-16 14:39:46','fedex','Federal Express','fedex_FEDEX_2_DAY','FEDEX_2_DAY',NULL,25.4300,NULL,'2 Day'),(15526,2406,'2013-05-16 14:39:46','2013-05-16 14:39:46','fedex','Federal Express','fedex_PRIORITY_OVERNIGHT','PRIORITY_OVERNIGHT',NULL,28.4000,NULL,'Priority Overnight'),(15527,2406,'2013-05-16 14:39:46','2013-05-16 14:39:46','fedex','Federal Express','fedex_STANDARD_OVERNIGHT','STANDARD_OVERNIGHT',NULL,56.7300,NULL,'Standard Overnight'),(15528,2406,'2013-05-16 14:39:46','2013-05-16 14:39:46','fedex','Federal Express','fedex_FIRST_OVERNIGHT','FIRST_OVERNIGHT',NULL,92.3700,NULL,'First Overnight'),(15529,2406,'2013-05-16 14:39:46','2013-05-16 14:39:46','ups','United Parcel Service','ups_GND','GND',NULL,13.5000,NULL,'Ground'),(15530,2406,'2013-05-16 14:39:46','2013-05-16 14:39:46','ups','United Parcel Service','ups_3DS','3DS',NULL,24.4800,NULL,'3 Day Select'),(15531,2406,'2013-05-16 14:39:46','2013-05-16 14:39:46','ups','United Parcel Service','ups_1DA','1DA',NULL,69.1000,NULL,'Next Day Air'),(15532,2408,'2013-05-16 14:41:42','2013-05-16 14:41:42','fedex','Federal Express','fedex_FEDEX_GROUND','FEDEX_GROUND',NULL,7.7500,NULL,'Ground'),(15533,2408,'2013-05-16 14:41:42','2013-05-16 14:41:42','fedex','Federal Express','fedex_FEDEX_2_DAY','FEDEX_2_DAY',NULL,22.8800,NULL,'2 Day'),(15534,2408,'2013-05-16 14:41:42','2013-05-16 14:41:42','fedex','Federal Express','fedex_PRIORITY_OVERNIGHT','PRIORITY_OVERNIGHT',NULL,25.8500,NULL,'Priority Overnight'),(15535,2408,'2013-05-16 14:41:42','2013-05-16 14:41:42','fedex','Federal Express','fedex_STANDARD_OVERNIGHT','STANDARD_OVERNIGHT',NULL,54.1800,NULL,'Standard Overnight'),(15536,2408,'2013-05-16 14:41:42','2013-05-16 14:41:42','fedex','Federal Express','fedex_FIRST_OVERNIGHT','FIRST_OVERNIGHT',NULL,89.8200,NULL,'First Overnight'),(15537,2408,'2013-05-16 14:41:42','2013-05-16 14:41:42','ups','United Parcel Service','ups_GND','GND',NULL,13.5000,NULL,'Ground'),(15538,2408,'2013-05-16 14:41:42','2013-05-16 14:41:42','ups','United Parcel Service','ups_3DS','3DS',NULL,24.4800,NULL,'3 Day Select'),(15539,2408,'2013-05-16 14:41:42','2013-05-16 14:41:42','ups','United Parcel Service','ups_1DA','1DA',NULL,69.1000,NULL,'Next Day Air'),(15540,2410,'2013-05-16 14:44:07','2013-05-16 14:44:07','fedex','Federal Express','fedex_FEDEX_GROUND','FEDEX_GROUND',NULL,7.7500,NULL,'Ground'),(15541,2410,'2013-05-16 14:44:07','2013-05-16 14:44:07','fedex','Federal Express','fedex_FEDEX_2_DAY','FEDEX_2_DAY',NULL,22.8800,NULL,'2 Day'),(15542,2410,'2013-05-16 14:44:07','2013-05-16 14:44:07','fedex','Federal Express','fedex_PRIORITY_OVERNIGHT','PRIORITY_OVERNIGHT',NULL,25.8500,NULL,'Priority Overnight'),(15543,2410,'2013-05-16 14:44:07','2013-05-16 14:44:07','fedex','Federal Express','fedex_STANDARD_OVERNIGHT','STANDARD_OVERNIGHT',NULL,54.1800,NULL,'Standard Overnight'),(15544,2410,'2013-05-16 14:44:07','2013-05-16 14:44:07','fedex','Federal Express','fedex_FIRST_OVERNIGHT','FIRST_OVERNIGHT',NULL,89.8200,NULL,'First Overnight'),(15545,2410,'2013-05-16 14:44:07','2013-05-16 14:44:07','ups','United Parcel Service','ups_GND','GND',NULL,13.5000,NULL,'Ground'),(15546,2410,'2013-05-16 14:44:07','2013-05-16 14:44:07','ups','United Parcel Service','ups_3DS','3DS',NULL,24.4800,NULL,'3 Day Select'),(15547,2410,'2013-05-16 14:44:07','2013-05-16 14:44:07','ups','United Parcel Service','ups_1DA','1DA',NULL,69.1000,NULL,'Next Day Air'),(15676,2424,'2013-05-16 21:21:23','2013-05-16 21:21:23','fedex','Federal Express','fedex_FEDEX_GROUND','FEDEX_GROUND',NULL,0.0000,NULL,'Ground'),(15677,2424,'2013-05-16 21:21:23','2013-05-16 21:21:23','fedex','Federal Express','fedex_FEDEX_2_DAY','FEDEX_2_DAY',NULL,27.1300,NULL,'2 Day'),(15678,2424,'2013-05-16 21:21:23','2013-05-16 21:21:23','fedex','Federal Express','fedex_PRIORITY_OVERNIGHT','PRIORITY_OVERNIGHT',NULL,30.1000,NULL,'Priority Overnight'),(15679,2424,'2013-05-16 21:21:23','2013-05-16 21:21:23','fedex','Federal Express','fedex_STANDARD_OVERNIGHT','STANDARD_OVERNIGHT',NULL,58.4300,NULL,'Standard Overnight'),(15680,2424,'2013-05-16 21:21:23','2013-05-16 21:21:23','fedex','Federal Express','fedex_FIRST_OVERNIGHT','FIRST_OVERNIGHT',NULL,94.0700,NULL,'First Overnight'),(15681,2424,'2013-05-16 21:21:23','2013-05-16 21:21:23','ups','United Parcel Service','ups_GND','GND',NULL,0.0000,NULL,'Ground'),(15682,2424,'2013-05-16 21:21:23','2013-05-16 21:21:23','ups','United Parcel Service','ups_3DS','3DS',NULL,24.4800,NULL,'3 Day Select'),(15683,2424,'2013-05-16 21:21:23','2013-05-16 21:21:23','ups','United Parcel Service','ups_1DA','1DA',NULL,69.1000,NULL,'Next Day Air'),(15812,2412,'2013-05-16 22:48:12','2013-05-16 22:48:12','fedex','Federal Express','fedex_FEDEX_GROUND','FEDEX_GROUND',NULL,10.3000,NULL,'Ground'),(15813,2412,'2013-05-16 22:48:12','2013-05-16 22:48:12','fedex','Federal Express','fedex_FEDEX_2_DAY','FEDEX_2_DAY',NULL,25.4300,NULL,'2 Day'),(15814,2412,'2013-05-16 22:48:12','2013-05-16 22:48:12','fedex','Federal Express','fedex_PRIORITY_OVERNIGHT','PRIORITY_OVERNIGHT',NULL,28.4000,NULL,'Priority Overnight'),(15815,2412,'2013-05-16 22:48:12','2013-05-16 22:48:12','fedex','Federal Express','fedex_STANDARD_OVERNIGHT','STANDARD_OVERNIGHT',NULL,56.7300,NULL,'Standard Overnight'),(15816,2412,'2013-05-16 22:48:12','2013-05-16 22:48:12','fedex','Federal Express','fedex_FIRST_OVERNIGHT','FIRST_OVERNIGHT',NULL,92.3700,NULL,'First Overnight'),(15817,2412,'2013-05-16 22:48:12','2013-05-16 22:48:12','ups','United Parcel Service','ups_GND','GND',NULL,13.5000,NULL,'Ground'),(15818,2412,'2013-05-16 22:48:12','2013-05-16 22:48:12','ups','United Parcel Service','ups_3DS','3DS',NULL,24.4800,NULL,'3 Day Select'),(15819,2412,'2013-05-16 22:48:12','2013-05-16 22:48:12','ups','United Parcel Service','ups_1DA','1DA',NULL,69.1000,NULL,'Next Day Air'),(15820,2430,'2013-05-17 03:32:56','2013-05-17 03:32:56','fedex','Federal Express','fedex_FEDEX_GROUND','FEDEX_GROUND',NULL,7.7500,NULL,'Ground'),(15821,2430,'2013-05-17 03:32:56','2013-05-17 03:32:56','fedex','Federal Express','fedex_FEDEX_2_DAY','FEDEX_2_DAY',NULL,22.8800,NULL,'2 Day'),(15822,2430,'2013-05-17 03:32:56','2013-05-17 03:32:56','fedex','Federal Express','fedex_PRIORITY_OVERNIGHT','PRIORITY_OVERNIGHT',NULL,25.8500,NULL,'Priority Overnight'),(15823,2430,'2013-05-17 03:32:56','2013-05-17 03:32:56','fedex','Federal Express','fedex_STANDARD_OVERNIGHT','STANDARD_OVERNIGHT',NULL,54.1800,NULL,'Standard Overnight'),(15824,2430,'2013-05-17 03:32:56','2013-05-17 03:32:56','fedex','Federal Express','fedex_FIRST_OVERNIGHT','FIRST_OVERNIGHT',NULL,89.8200,NULL,'First Overnight'),(15825,2430,'2013-05-17 03:32:56','2013-05-17 03:32:56','ups','United Parcel Service','ups_GND','GND',NULL,13.5000,NULL,'Ground'),(15826,2430,'2013-05-17 03:32:56','2013-05-17 03:32:56','ups','United Parcel Service','ups_3DS','3DS',NULL,24.4800,NULL,'3 Day Select'),(15827,2430,'2013-05-17 03:32:56','2013-05-17 03:32:56','ups','United Parcel Service','ups_1DA','1DA',NULL,69.1000,NULL,'Next Day Air'),(15836,2432,'2013-05-17 04:00:41','2013-05-17 04:00:41','fedex','Federal Express','fedex_FEDEX_GROUND','FEDEX_GROUND',NULL,0.0000,NULL,'Ground'),(15837,2432,'2013-05-17 04:00:41','2013-05-17 04:00:41','fedex','Federal Express','fedex_FEDEX_2_DAY','FEDEX_2_DAY',NULL,27.1300,NULL,'2 Day'),(15838,2432,'2013-05-17 04:00:41','2013-05-17 04:00:41','fedex','Federal Express','fedex_PRIORITY_OVERNIGHT','PRIORITY_OVERNIGHT',NULL,30.1000,NULL,'Priority Overnight'),(15839,2432,'2013-05-17 04:00:41','2013-05-17 04:00:41','fedex','Federal Express','fedex_STANDARD_OVERNIGHT','STANDARD_OVERNIGHT',NULL,58.4300,NULL,'Standard Overnight'),(15840,2432,'2013-05-17 04:00:41','2013-05-17 04:00:41','fedex','Federal Express','fedex_FIRST_OVERNIGHT','FIRST_OVERNIGHT',NULL,94.0700,NULL,'First Overnight'),(15841,2432,'2013-05-17 04:00:41','2013-05-17 04:00:41','ups','United Parcel Service','ups_GND','GND',NULL,0.0000,NULL,'Ground'),(15842,2432,'2013-05-17 04:00:41','2013-05-17 04:00:41','ups','United Parcel Service','ups_3DS','3DS',NULL,24.4800,NULL,'3 Day Select'),(15843,2432,'2013-05-17 04:00:41','2013-05-17 04:00:41','ups','United Parcel Service','ups_1DA','1DA',NULL,69.1000,NULL,'Next Day Air'),(15844,2434,'2013-05-17 04:06:53','2013-05-17 04:06:53','fedex','Federal Express','fedex_FEDEX_GROUND','FEDEX_GROUND',NULL,12.2900,NULL,'Ground'),(15845,2434,'2013-05-17 04:06:53','2013-05-17 04:06:53','fedex','Federal Express','fedex_FEDEX_2_DAY','FEDEX_2_DAY',NULL,30.5200,NULL,'2 Day'),(15846,2434,'2013-05-17 04:06:53','2013-05-17 04:06:53','fedex','Federal Express','fedex_PRIORITY_OVERNIGHT','PRIORITY_OVERNIGHT',NULL,31.4500,NULL,'Priority Overnight'),(15847,2434,'2013-05-17 04:06:53','2013-05-17 04:06:53','fedex','Federal Express','fedex_STANDARD_OVERNIGHT','STANDARD_OVERNIGHT',NULL,63.8500,NULL,'Standard Overnight'),(15848,2434,'2013-05-17 04:06:53','2013-05-17 04:06:53','fedex','Federal Express','fedex_FIRST_OVERNIGHT','FIRST_OVERNIGHT',NULL,100.2000,NULL,'First Overnight'),(15849,2434,'2013-05-17 04:06:53','2013-05-17 04:06:53','ups','United Parcel Service','ups_GND','GND',NULL,15.0200,NULL,'Ground'),(15850,2434,'2013-05-17 04:06:53','2013-05-17 04:06:53','ups','United Parcel Service','ups_3DS','3DS',NULL,27.8600,NULL,'3 Day Select'),(15851,2434,'2013-05-17 04:06:53','2013-05-17 04:06:53','ups','United Parcel Service','ups_1DA','1DA',NULL,76.7000,NULL,'Next Day Air'),(15868,2436,'2013-05-17 04:51:35','2013-05-17 04:51:35','fedex','Federal Express','fedex_FEDEX_GROUND','FEDEX_GROUND',NULL,7.7500,NULL,'Ground'),(15869,2436,'2013-05-17 04:51:35','2013-05-17 04:51:35','fedex','Federal Express','fedex_FEDEX_2_DAY','FEDEX_2_DAY',NULL,22.8800,NULL,'2 Day'),(15870,2436,'2013-05-17 04:51:35','2013-05-17 04:51:35','fedex','Federal Express','fedex_PRIORITY_OVERNIGHT','PRIORITY_OVERNIGHT',NULL,25.8500,NULL,'Priority Overnight'),(15871,2436,'2013-05-17 04:51:35','2013-05-17 04:51:35','fedex','Federal Express','fedex_STANDARD_OVERNIGHT','STANDARD_OVERNIGHT',NULL,54.1800,NULL,'Standard Overnight'),(15872,2436,'2013-05-17 04:51:35','2013-05-17 04:51:35','fedex','Federal Express','fedex_FIRST_OVERNIGHT','FIRST_OVERNIGHT',NULL,89.8200,NULL,'First Overnight'),(15873,2436,'2013-05-17 04:51:35','2013-05-17 04:51:35','ups','United Parcel Service','ups_GND','GND',NULL,13.5000,NULL,'Ground'),(15874,2436,'2013-05-17 04:51:35','2013-05-17 04:51:35','ups','United Parcel Service','ups_3DS','3DS',NULL,24.4800,NULL,'3 Day Select'),(15875,2436,'2013-05-17 04:51:35','2013-05-17 04:51:35','ups','United Parcel Service','ups_1DA','1DA',NULL,69.1000,NULL,'Next Day Air'),(15876,2438,'2013-05-17 05:01:04','2013-05-17 05:01:04','fedex','Federal Express','fedex_FEDEX_GROUND','FEDEX_GROUND',NULL,10.3000,NULL,'Ground'),(15877,2438,'2013-05-17 05:01:04','2013-05-17 05:01:04','fedex','Federal Express','fedex_FEDEX_2_DAY','FEDEX_2_DAY',NULL,25.4300,NULL,'2 Day'),(15878,2438,'2013-05-17 05:01:04','2013-05-17 05:01:04','fedex','Federal Express','fedex_PRIORITY_OVERNIGHT','PRIORITY_OVERNIGHT',NULL,28.4000,NULL,'Priority Overnight'),(15879,2438,'2013-05-17 05:01:04','2013-05-17 05:01:04','fedex','Federal Express','fedex_STANDARD_OVERNIGHT','STANDARD_OVERNIGHT',NULL,56.7300,NULL,'Standard Overnight'),(15880,2438,'2013-05-17 05:01:04','2013-05-17 05:01:04','fedex','Federal Express','fedex_FIRST_OVERNIGHT','FIRST_OVERNIGHT',NULL,92.3700,NULL,'First Overnight'),(15881,2438,'2013-05-17 05:01:04','2013-05-17 05:01:04','ups','United Parcel Service','ups_GND','GND',NULL,13.5000,NULL,'Ground'),(15882,2438,'2013-05-17 05:01:04','2013-05-17 05:01:04','ups','United Parcel Service','ups_3DS','3DS',NULL,24.4800,NULL,'3 Day Select'),(15883,2438,'2013-05-17 05:01:04','2013-05-17 05:01:04','ups','United Parcel Service','ups_1DA','1DA',NULL,69.1000,NULL,'Next Day Air'),(15908,2440,'2013-05-17 06:17:25','2013-05-17 06:17:25','fedex','Federal Express','fedex_FEDEX_GROUND','FEDEX_GROUND',NULL,0.0000,NULL,'Ground'),(15909,2440,'2013-05-17 06:17:25','2013-05-17 06:17:25','fedex','Federal Express','fedex_PRIORITY_OVERNIGHT','PRIORITY_OVERNIGHT',NULL,48.4500,NULL,'Priority Overnight'),(15910,2440,'2013-05-17 06:17:25','2013-05-17 06:17:25','fedex','Federal Express','fedex_FEDEX_2_DAY','FEDEX_2_DAY',NULL,51.3100,NULL,'2 Day'),(15911,2440,'2013-05-17 06:17:25','2013-05-17 06:17:25','fedex','Federal Express','fedex_STANDARD_OVERNIGHT','STANDARD_OVERNIGHT',NULL,87.7800,NULL,'Standard Overnight'),(15912,2440,'2013-05-17 06:17:25','2013-05-17 06:17:25','fedex','Federal Express','fedex_FIRST_OVERNIGHT','FIRST_OVERNIGHT',NULL,125.5600,NULL,'First Overnight'),(15913,2440,'2013-05-17 06:17:25','2013-05-17 06:17:25','ups','United Parcel Service','ups_GND','GND',NULL,0.0000,NULL,'Ground'),(15914,2440,'2013-05-17 06:17:25','2013-05-17 06:17:25','ups','United Parcel Service','ups_3DS','3DS',NULL,37.5200,NULL,'3 Day Select'),(15915,2440,'2013-05-17 06:17:25','2013-05-17 06:17:25','ups','United Parcel Service','ups_1DA','1DA',NULL,96.0200,NULL,'Next Day Air'),(15922,2450,'2013-05-17 10:09:37','2013-05-17 10:09:37','ups','United Parcel Service','ups_GND','GND',NULL,16.8300,NULL,'Ground'),(15923,2450,'2013-05-17 10:09:37','2013-05-17 10:09:37','ups','United Parcel Service','ups_3DS','3DS',NULL,31.5200,NULL,'3 Day Select'),(15924,2450,'2013-05-17 10:09:37','2013-05-17 10:09:37','ups','United Parcel Service','ups_1DA','1DA',NULL,83.5300,NULL,'Next Day Air'),(15937,2422,'2013-05-25 01:42:06','2013-05-25 01:42:11','ups','United Parcel Service','ups_GND','GND',NULL,0.0000,NULL,'Ground'),(15938,2422,'2013-05-25 01:42:06','2013-05-25 01:42:11','ups','United Parcel Service','ups_3DS','3DS',NULL,14.3200,NULL,'3 Day Select'),(15939,2422,'2013-05-25 01:42:06','2013-05-25 01:42:11','ups','United Parcel Service','ups_1DA','1DA',NULL,31.8000,NULL,'Next Day Air'),(15946,2382,'2013-05-25 01:58:33','2013-05-25 01:58:37','ups','United Parcel Service','ups_GND','GND',NULL,0.0000,NULL,'Ground'),(15947,2382,'2013-05-25 01:58:33','2013-05-25 01:58:37','ups','United Parcel Service','ups_3DS','3DS',NULL,14.7600,NULL,'3 Day Select'),(15948,2382,'2013-05-25 01:58:33','2013-05-25 01:58:37','ups','United Parcel Service','ups_1DA','1DA',NULL,32.3600,NULL,'Next Day Air'),(15955,2465,'2013-05-25 21:36:58','2013-05-25 21:37:05','ups','United Parcel Service','ups_GND','GND',NULL,12.3100,NULL,'Ground'),(15956,2465,'2013-05-25 21:36:58','2013-05-25 21:37:05','ups','United Parcel Service','ups_3DS','3DS',NULL,15.5400,NULL,'3 Day Select'),(15957,2465,'2013-05-25 21:36:58','2013-05-25 21:37:05','ups','United Parcel Service','ups_1DA','1DA',NULL,36.0200,NULL,'Next Day Air'),(15967,2467,'2013-05-25 21:43:19','2013-05-25 21:43:25','ups','United Parcel Service','ups_GND','GND',NULL,0.0000,NULL,'Ground'),(15968,2467,'2013-05-25 21:43:19','2013-05-25 21:43:25','ups','United Parcel Service','ups_3DS','3DS',NULL,17.5400,NULL,'3 Day Select'),(15969,2467,'2013-05-25 21:43:19','2013-05-25 21:43:25','ups','United Parcel Service','ups_1DA','1DA',NULL,39.0700,NULL,'Next Day Air'),(15976,2471,'2013-05-28 00:07:42','2013-05-28 00:07:47','ups','United Parcel Service','ups_GND','GND',NULL,15.0200,NULL,'Ground'),(15977,2471,'2013-05-28 00:07:42','2013-05-28 00:07:47','ups','United Parcel Service','ups_3DS','3DS',NULL,27.8600,NULL,'3 Day Select'),(15978,2471,'2013-05-28 00:07:42','2013-05-28 00:07:47','ups','United Parcel Service','ups_1DA','1DA',NULL,76.7000,NULL,'Next Day Air'),(15985,2473,'2013-05-28 00:08:54','2013-05-28 00:08:58','ups','United Parcel Service','ups_GND','GND',NULL,13.5000,NULL,'Ground'),(15986,2473,'2013-05-28 00:08:54','2013-05-28 00:08:58','ups','United Parcel Service','ups_3DS','3DS',NULL,24.4800,NULL,'3 Day Select'),(15987,2473,'2013-05-28 00:08:54','2013-05-28 00:08:58','ups','United Parcel Service','ups_1DA','1DA',NULL,69.1000,NULL,'Next Day Air'),(15994,2475,'2013-05-28 00:10:14','2013-05-28 00:10:20','ups','United Parcel Service','ups_GND','GND',NULL,13.5000,NULL,'Ground'),(15995,2475,'2013-05-28 00:10:14','2013-05-28 00:10:20','ups','United Parcel Service','ups_3DS','3DS',NULL,24.4800,NULL,'3 Day Select'),(15996,2475,'2013-05-28 00:10:14','2013-05-28 00:10:20','ups','United Parcel Service','ups_1DA','1DA',NULL,69.1000,NULL,'Next Day Air'),(16051,2483,'2013-05-28 12:21:35','2013-05-28 12:21:35','ups','United Parcel Service','ups_GND','GND',NULL,0.0000,NULL,'Ground'),(16052,2483,'2013-05-28 12:21:35','2013-05-28 12:21:35','ups','United Parcel Service','ups_3DS','3DS',NULL,24.4800,NULL,'3 Day Select'),(16053,2483,'2013-05-28 12:21:35','2013-05-28 12:21:35','ups','United Parcel Service','ups_1DA','1DA',NULL,69.1000,NULL,'Next Day Air'),(16141,2463,'2013-05-29 01:28:20','2013-05-29 01:28:25','ups','United Parcel Service','ups_GND','GND',NULL,12.5200,NULL,'Ground'),(16142,2463,'2013-05-29 01:28:20','2013-05-29 01:28:25','ups','United Parcel Service','ups_3DS','3DS',NULL,16.6500,NULL,'3 Day Select'),(16143,2463,'2013-05-29 01:28:20','2013-05-29 01:28:25','ups','United Parcel Service','ups_1DA','1DA',NULL,38.5200,NULL,'Next Day Air'),(16180,2500,'2013-05-29 13:09:14','2013-05-29 13:09:14','ups','United Parcel Service','ups_GND','GND',NULL,11.6200,NULL,'Ground'),(16181,2500,'2013-05-29 13:09:14','2013-05-29 13:09:14','ups','United Parcel Service','ups_3DS','3DS',NULL,14.3200,NULL,'3 Day Select'),(16182,2500,'2013-05-29 13:09:14','2013-05-29 13:09:14','ups','United Parcel Service','ups_1DA','1DA',NULL,31.8000,NULL,'Next Day Air'),(16186,2502,'2013-05-29 13:23:48','2013-05-29 13:23:48','ups','United Parcel Service','ups_GND','GND',NULL,12.1500,NULL,'Ground'),(16187,2502,'2013-05-29 13:23:48','2013-05-29 13:23:48','ups','United Parcel Service','ups_3DS','3DS',NULL,15.9300,NULL,'3 Day Select'),(16188,2502,'2013-05-29 13:23:48','2013-05-29 13:23:48','ups','United Parcel Service','ups_1DA','1DA',NULL,41.4600,NULL,'Next Day Air'),(16207,2501,'2013-05-29 13:29:36','2013-05-29 13:29:44','ups','United Parcel Service','ups_GND','GND',NULL,0.0000,NULL,'Ground'),(16208,2501,'2013-05-29 13:29:36','2013-05-29 13:29:44','ups','United Parcel Service','ups_3DS','3DS',NULL,14.7600,NULL,'3 Day Select'),(16209,2501,'2013-05-29 13:29:36','2013-05-29 13:29:44','ups','United Parcel Service','ups_1DA','1DA',NULL,32.3600,NULL,'Next Day Air'),(16255,2519,'2013-05-30 02:31:03','2013-05-30 02:31:10','ups','United Parcel Service','ups_GND','GND',NULL,12.1500,NULL,'Ground'),(16256,2519,'2013-05-30 02:31:03','2013-05-30 02:31:10','ups','United Parcel Service','ups_3DS','3DS',NULL,15.9300,NULL,'3 Day Select'),(16257,2519,'2013-05-30 02:31:03','2013-05-30 02:31:10','ups','United Parcel Service','ups_1DA','1DA',NULL,41.4600,NULL,'Next Day Air'),(16264,2509,'2013-05-30 02:55:31','2013-05-30 02:55:38','ups','United Parcel Service','ups_GND','GND',NULL,0.0000,NULL,'Ground'),(16265,2509,'2013-05-30 02:55:31','2013-05-30 02:55:38','ups','United Parcel Service','ups_3DS','3DS',NULL,18.9800,NULL,'3 Day Select'),(16266,2509,'2013-05-30 02:55:31','2013-05-30 02:55:38','ups','United Parcel Service','ups_1DA','1DA',NULL,44.5100,NULL,'Next Day Air'),(16321,2297,'2013-06-12 08:02:44','2013-06-12 08:02:44','ups','United Parcel Service','ups_GND','GND',NULL,11.6200,NULL,'Ground'),(16322,2297,'2013-06-12 08:02:44','2013-06-12 08:02:44','ups','United Parcel Service','ups_3DS','3DS',NULL,14.1900,NULL,'3 Day Select'),(16323,2297,'2013-06-12 08:02:44','2013-06-12 08:02:44','ups','United Parcel Service','ups_1DA','1DA',NULL,31.5200,NULL,'Next Day Air'),(16352,2575,'2014-04-30 05:42:21','2014-04-30 05:42:28','freeshipping','Free Shipping','freeshipping_freeshipping','freeshipping',NULL,0.0000,NULL,'Free'),(16353,2575,'2014-04-30 05:42:21','2014-04-30 05:42:28','ups','United Parcel Service','ups_GND','GND',NULL,12.2800,NULL,'Ground'),(16354,2575,'2014-04-30 05:42:21','2014-04-30 05:42:28','ups','United Parcel Service','ups_3DS','3DS',NULL,15.7100,NULL,'3 Day Select'),(16355,2575,'2014-04-30 05:42:21','2014-04-30 05:42:28','ups','United Parcel Service','ups_1DA','1DA',NULL,33.4100,NULL,'Next Day Air'),(16356,2581,'2014-05-03 21:12:13','2014-05-03 21:19:23','freeshipping','Free Shipping','freeshipping_freeshipping','freeshipping',NULL,0.0000,NULL,'Free'),(16357,2581,'2014-05-03 21:12:13','2014-05-03 21:19:23','ups','United Parcel Service','ups_GND','GND',NULL,0.0000,NULL,'Ground'),(16358,2581,'2014-05-03 21:12:13','2014-05-03 21:19:23','ups','United Parcel Service','ups_3DS','3DS',NULL,16.5400,NULL,'3 Day Select'),(16359,2581,'2014-05-03 21:12:13','2014-05-03 21:19:23','ups','United Parcel Service','ups_1DA','1DA',NULL,37.1900,NULL,'Next Day Air'),(16360,2583,'2014-05-03 21:34:22','2014-05-03 21:36:47','freeshipping','Free Shipping','freeshipping_freeshipping','freeshipping',NULL,0.0000,NULL,'Free'),(16361,2583,'2014-05-03 21:34:22','2014-05-03 21:36:47','ups','United Parcel Service','ups_GND','GND',NULL,0.0000,NULL,'Ground'),(16362,2583,'2014-05-03 21:34:22','2014-05-03 21:36:47','ups','United Parcel Service','ups_3DS','3DS',NULL,15.7100,NULL,'3 Day Select'),(16363,2583,'2014-05-03 21:34:22','2014-05-03 21:36:47','ups','United Parcel Service','ups_1DA','1DA',NULL,33.4100,NULL,'Next Day Air');

--
-- Table structure for table `sales_flat_shipment`
--

CREATE TABLE `sales_flat_shipment` (
  `entity_id` int(10) unsigned NOT NULL AUTO_INCREMENT COMMENT 'Entity Id',
  `store_id` smallint(5) unsigned DEFAULT NULL COMMENT 'Store Id',
  `total_weight` decimal(12,4) DEFAULT NULL COMMENT 'Total Weight',
  `total_qty` decimal(12,4) DEFAULT NULL COMMENT 'Total Qty',
  `email_sent` smallint(5) unsigned DEFAULT NULL COMMENT 'Email Sent',
  `order_id` int(10) unsigned NOT NULL COMMENT 'Order Id',
  `customer_id` int(11) DEFAULT NULL COMMENT 'Customer Id',
  `shipping_address_id` int(11) DEFAULT NULL COMMENT 'Shipping Address Id',
  `billing_address_id` int(11) DEFAULT NULL COMMENT 'Billing Address Id',
  `shipment_status` int(11) DEFAULT NULL COMMENT 'Shipment Status',
  `increment_id` varchar(50) DEFAULT NULL COMMENT 'Increment Id',
  `created_at` timestamp NULL DEFAULT NULL COMMENT 'Created At',
  `updated_at` timestamp NULL DEFAULT NULL COMMENT 'Updated At',
  `packages` text COMMENT 'Packed Products in Packages',
  `shipping_label` mediumblob COMMENT 'Shipping Label Content',
  PRIMARY KEY (`entity_id`),
  UNIQUE KEY `UNQ_SALES_FLAT_SHIPMENT_INCREMENT_ID` (`increment_id`),
  KEY `IDX_SALES_FLAT_SHIPMENT_STORE_ID` (`store_id`),
  KEY `IDX_SALES_FLAT_SHIPMENT_TOTAL_QTY` (`total_qty`),
  KEY `IDX_SALES_FLAT_SHIPMENT_ORDER_ID` (`order_id`),
  KEY `IDX_SALES_FLAT_SHIPMENT_CREATED_AT` (`created_at`),
  KEY `IDX_SALES_FLAT_SHIPMENT_UPDATED_AT` (`updated_at`),
  CONSTRAINT `FK_SALES_FLAT_SHIPMENT_ORDER_ID_SALES_FLAT_ORDER_ENTITY_ID` FOREIGN KEY (`order_id`) REFERENCES `sales_flat_order` (`entity_id`) ON DELETE CASCADE ON UPDATE CASCADE,
  CONSTRAINT `FK_SALES_FLAT_SHIPMENT_STORE_ID_CORE_STORE_STORE_ID` FOREIGN KEY (`store_id`) REFERENCES `core_store` (`store_id`) ON DELETE SET NULL ON UPDATE CASCADE
) ENGINE=InnoDB AUTO_INCREMENT=36 DEFAULT CHARSET=utf8 COMMENT='Sales Flat Shipment';

--
-- Dumping data for table `sales_flat_shipment`
--

INSERT INTO `sales_flat_shipment` VALUES (3,1,NULL,7.0000,NULL,51,30,98,97,NULL,'100000003','2013-04-04 00:26:25','2013-04-04 00:26:25',NULL,NULL),(4,1,NULL,3.0000,NULL,57,24,110,109,NULL,'100000004','2013-04-04 00:50:13','2013-04-04 00:50:13',NULL,NULL),(12,1,NULL,40.0000,NULL,73,25,142,141,NULL,'100000012','2013-04-24 02:36:09','2013-04-24 02:36:09',NULL,NULL),(13,NULL,NULL,5.0000,NULL,96,84,188,187,NULL,'400000001','2013-04-24 14:33:27','2013-04-24 14:33:27',NULL,NULL),(14,1,NULL,20.0000,NULL,98,92,192,191,NULL,'100000013','2013-04-24 22:11:17','2013-04-24 22:11:17',NULL,NULL),(16,1,NULL,52.0000,NULL,122,95,240,239,NULL,'100000015','2013-04-25 17:42:34','2013-04-25 17:42:34',NULL,NULL),(30,1,NULL,5.0000,NULL,187,135,368,367,NULL,'100000027','2013-05-29 12:38:19','2013-05-29 12:38:19',NULL,NULL),(31,1,NULL,1.0000,NULL,184,100,362,361,NULL,'100000028','2013-05-29 12:55:49','2013-05-29 12:55:49',NULL,NULL),(32,1,NULL,1.0000,NULL,184,100,362,361,NULL,'100000029','2013-05-29 12:56:07','2013-05-29 12:56:07',NULL,NULL),(33,1,NULL,1.0000,NULL,188,135,370,369,NULL,'100000030','2013-05-29 13:30:27','2013-05-29 13:30:27',NULL,NULL),(34,1,NULL,1.0000,NULL,186,100,366,365,NULL,'100000031','2013-06-18 18:12:29','2013-06-18 18:12:29',NULL,NULL),(35,1,NULL,1.0000,NULL,179,136,352,351,NULL,'100000032','2013-06-18 18:14:07','2013-06-18 18:14:07',NULL,NULL);

--
-- Table structure for table `sales_flat_shipment_comment`
--

CREATE TABLE `sales_flat_shipment_comment` (
  `entity_id` int(10) unsigned NOT NULL AUTO_INCREMENT COMMENT 'Entity Id',
  `parent_id` int(10) unsigned NOT NULL COMMENT 'Parent Id',
  `is_customer_notified` int(11) DEFAULT NULL COMMENT 'Is Customer Notified',
  `is_visible_on_front` smallint(5) unsigned NOT NULL DEFAULT '0' COMMENT 'Is Visible On Front',
  `comment` text COMMENT 'Comment',
  `created_at` timestamp NULL DEFAULT NULL COMMENT 'Created At',
  PRIMARY KEY (`entity_id`),
  KEY `IDX_SALES_FLAT_SHIPMENT_COMMENT_CREATED_AT` (`created_at`),
  KEY `IDX_SALES_FLAT_SHIPMENT_COMMENT_PARENT_ID` (`parent_id`),
  CONSTRAINT `FK_C2D69CC1FB03D2B2B794B0439F6650CF` FOREIGN KEY (`parent_id`) REFERENCES `sales_flat_shipment` (`entity_id`) ON DELETE CASCADE ON UPDATE CASCADE
) ENGINE=InnoDB DEFAULT CHARSET=utf8 COMMENT='Sales Flat Shipment Comment';

--
-- Dumping data for table `sales_flat_shipment_comment`
--


--
-- Table structure for table `sales_flat_shipment_grid`
--

CREATE TABLE `sales_flat_shipment_grid` (
  `entity_id` int(10) unsigned NOT NULL COMMENT 'Entity Id',
  `store_id` smallint(5) unsigned DEFAULT NULL COMMENT 'Store Id',
  `total_qty` decimal(12,4) DEFAULT NULL COMMENT 'Total Qty',
  `order_id` int(10) unsigned NOT NULL COMMENT 'Order Id',
  `shipment_status` int(11) DEFAULT NULL COMMENT 'Shipment Status',
  `increment_id` varchar(50) DEFAULT NULL COMMENT 'Increment Id',
  `order_increment_id` varchar(50) DEFAULT NULL COMMENT 'Order Increment Id',
  `created_at` timestamp NULL DEFAULT NULL COMMENT 'Created At',
  `order_created_at` timestamp NULL DEFAULT NULL COMMENT 'Order Created At',
  `shipping_name` varchar(255) DEFAULT NULL COMMENT 'Shipping Name',
  PRIMARY KEY (`entity_id`),
  UNIQUE KEY `UNQ_SALES_FLAT_SHIPMENT_GRID_INCREMENT_ID` (`increment_id`),
  KEY `IDX_SALES_FLAT_SHIPMENT_GRID_STORE_ID` (`store_id`),
  KEY `IDX_SALES_FLAT_SHIPMENT_GRID_TOTAL_QTY` (`total_qty`),
  KEY `IDX_SALES_FLAT_SHIPMENT_GRID_ORDER_ID` (`order_id`),
  KEY `IDX_SALES_FLAT_SHIPMENT_GRID_SHIPMENT_STATUS` (`shipment_status`),
  KEY `IDX_SALES_FLAT_SHIPMENT_GRID_ORDER_INCREMENT_ID` (`order_increment_id`),
  KEY `IDX_SALES_FLAT_SHIPMENT_GRID_CREATED_AT` (`created_at`),
  KEY `IDX_SALES_FLAT_SHIPMENT_GRID_ORDER_CREATED_AT` (`order_created_at`),
  KEY `IDX_SALES_FLAT_SHIPMENT_GRID_SHIPPING_NAME` (`shipping_name`),
  CONSTRAINT `FK_SALES_FLAT_SHIPMENT_GRID_ENTT_ID_SALES_FLAT_SHIPMENT_ENTT_ID` FOREIGN KEY (`entity_id`) REFERENCES `sales_flat_shipment` (`entity_id`) ON DELETE CASCADE ON UPDATE CASCADE,
  CONSTRAINT `FK_SALES_FLAT_SHIPMENT_GRID_STORE_ID_CORE_STORE_STORE_ID` FOREIGN KEY (`store_id`) REFERENCES `core_store` (`store_id`) ON DELETE SET NULL ON UPDATE CASCADE
) ENGINE=InnoDB DEFAULT CHARSET=utf8 COMMENT='Sales Flat Shipment Grid';

--
-- Dumping data for table `sales_flat_shipment_grid`
--

INSERT INTO `sales_flat_shipment_grid` VALUES (3,1,7.0000,51,NULL,'100000003','100000051-1','2013-04-04 00:26:25','2013-04-04 00:25:53','Robert Ngia'),(4,1,3.0000,57,NULL,'100000004','100000067','2013-04-04 00:50:13','2013-04-04 00:46:06','Jack Fitz'),(12,1,40.0000,73,NULL,'100000012','100000088','2013-04-24 02:36:09','2013-04-24 02:34:44','Mark Woodland'),(13,NULL,5.0000,96,NULL,'400000001','400000002','2013-04-24 14:33:27','2013-04-24 14:32:54','Pearl Glory'),(14,1,20.0000,98,NULL,'100000013','100000111','2013-04-24 22:11:17','2013-04-24 22:10:44','Kip Chee'),(16,1,52.0000,122,NULL,'100000015','100000135','2013-04-25 17:42:34','2013-04-25 17:41:25','Dong Berg'),(30,1,5.0000,187,NULL,'100000027','100000206','2013-05-29 12:38:19','2013-05-29 01:28:25','John Doe'),(31,1,1.0000,184,NULL,'100000028','100000203','2013-05-29 12:55:49','2013-05-28 00:07:47','Jane Smith'),(32,1,1.0000,184,NULL,'100000029','100000203','2013-05-29 12:56:07','2013-05-28 00:07:47','Jane Smith'),(33,1,1.0000,188,NULL,'100000030','100000208','2013-05-29 13:30:27','2013-05-29 13:29:44','John Doe'),(34,1,1.0000,186,NULL,'100000031','100000205','2013-06-18 18:12:29','2013-05-28 00:10:20','Jane Smith'),(35,1,1.0000,179,NULL,'100000032','100000199','2013-06-18 18:14:07','2013-05-25 01:42:11','Jane Doe');

--
-- Table structure for table `sales_flat_shipment_item`
--

CREATE TABLE `sales_flat_shipment_item` (
  `entity_id` int(10) unsigned NOT NULL AUTO_INCREMENT COMMENT 'Entity Id',
  `parent_id` int(10) unsigned NOT NULL COMMENT 'Parent Id',
  `row_total` decimal(12,4) DEFAULT NULL COMMENT 'Row Total',
  `price` decimal(12,4) DEFAULT NULL COMMENT 'Price',
  `weight` decimal(12,4) DEFAULT NULL COMMENT 'Weight',
  `qty` decimal(12,4) DEFAULT NULL COMMENT 'Qty',
  `product_id` int(11) DEFAULT NULL COMMENT 'Product Id',
  `order_item_id` int(11) DEFAULT NULL COMMENT 'Order Item Id',
  `additional_data` text COMMENT 'Additional Data',
  `description` text COMMENT 'Description',
  `name` varchar(255) DEFAULT NULL COMMENT 'Name',
  `sku` varchar(255) DEFAULT NULL COMMENT 'Sku',
  PRIMARY KEY (`entity_id`),
  KEY `IDX_SALES_FLAT_SHIPMENT_ITEM_PARENT_ID` (`parent_id`),
  CONSTRAINT `FK_3AECE5007D18F159231B87E8306FC02A` FOREIGN KEY (`parent_id`) REFERENCES `sales_flat_shipment` (`entity_id`) ON DELETE CASCADE ON UPDATE CASCADE
) ENGINE=InnoDB AUTO_INCREMENT=78 DEFAULT CHARSET=utf8 COMMENT='Sales Flat Shipment Item';

--
-- Dumping data for table `sales_flat_shipment_item`
--

INSERT INTO `sales_flat_shipment_item` VALUES (4,3,NULL,75.0000,1.0000,6.0000,409,137,NULL,NULL,'Chelsea Tee','mtk004'),(5,3,NULL,210.0000,1.0000,1.0000,421,139,NULL,NULL,'Elizabeth Knit Top','wbk012'),(6,4,NULL,140.0000,1.0000,2.0000,403,157,NULL,NULL,'Slim fit Dobby Oxford Shirt','msj005'),(7,4,NULL,210.0000,1.0000,1.0000,432,159,NULL,NULL,'Hana Flat, Charcoal','aws011'),(22,12,NULL,625.0000,1.0000,20.0000,371,202,NULL,NULL,'Florentine Satchel Handbag','abl001'),(23,12,NULL,40.0000,1.0000,20.0000,400,203,NULL,NULL,'Compact mp3 Player','hde013'),(24,13,NULL,295.0000,1.0000,5.0000,812,257,NULL,NULL,'Draper Pant','Pmp00131'),(25,14,NULL,140.0000,1.0000,15.0000,415,262,NULL,NULL,'The Essential Boot Cut Jean','mpd011'),(26,14,NULL,210.0000,1.0000,5.0000,421,264,NULL,NULL,'Elizabeth Knit Top','wbk012'),(33,16,NULL,455.0000,1.0000,15.0000,406,321,NULL,NULL,'Linen Blazer','msj012'),(34,16,NULL,510.0000,1.0000,15.0000,405,323,NULL,NULL,'Sullivan Sport Coat','msj009'),(35,16,NULL,185.0000,1.0000,15.0000,420,325,NULL,NULL,'Ludlow Oxford Top','wbk009'),(36,16,NULL,110.0000,1.0000,7.0000,386,327,NULL,NULL,'Herald Glass Vase','hdd000'),(69,30,NULL,150.0000,1.0000,1.0000,454,565,NULL,NULL,'Virtual and Physical Gift Card','gif001'),(70,30,NULL,280.0000,0.5000,2.0000,546,566,NULL,NULL,'Pearl Strand Necklace','acj00124'),(71,30,NULL,25.0000,1.0000,1.0000,379,568,NULL,NULL,'Bath Minerals and Salt','hdb001'),(72,30,NULL,425.0000,1.0000,1.0000,392,569,NULL,NULL,'Madison LX2200','hde001'),(73,31,NULL,275.0000,1.0000,1.0000,419,559,NULL,NULL,'Delancy Cardigan Sweater','wbk006'),(74,32,NULL,110.0000,0.2500,1.0000,551,561,NULL,NULL,'Pearl Stud Earrings','acj003'),(75,33,NULL,225.0000,1.0000,1.0000,338,572,NULL,NULL,'Jackie O Round Sunglasses','ace001'),(76,34,NULL,390.0000,1.0000,1.0000,430,563,NULL,NULL,'Barclay d\'Orsay pump, Nude','aws002'),(77,35,NULL,150.0000,1.0000,1.0000,417,538,NULL,NULL,'NoLIta Cami','wbk002c-Black-S');

--
-- Table structure for table `sales_flat_shipment_track`
--

CREATE TABLE `sales_flat_shipment_track` (
  `entity_id` int(10) unsigned NOT NULL AUTO_INCREMENT COMMENT 'Entity Id',
  `parent_id` int(10) unsigned NOT NULL COMMENT 'Parent Id',
  `weight` decimal(12,4) DEFAULT NULL COMMENT 'Weight',
  `qty` decimal(12,4) DEFAULT NULL COMMENT 'Qty',
  `order_id` int(10) unsigned NOT NULL COMMENT 'Order Id',
  `track_number` text COMMENT 'Number',
  `description` text COMMENT 'Description',
  `title` varchar(255) DEFAULT NULL COMMENT 'Title',
  `carrier_code` varchar(32) DEFAULT NULL COMMENT 'Carrier Code',
  `created_at` timestamp NULL DEFAULT NULL COMMENT 'Created At',
  `updated_at` timestamp NULL DEFAULT NULL COMMENT 'Updated At',
  PRIMARY KEY (`entity_id`),
  KEY `IDX_SALES_FLAT_SHIPMENT_TRACK_PARENT_ID` (`parent_id`),
  KEY `IDX_SALES_FLAT_SHIPMENT_TRACK_ORDER_ID` (`order_id`),
  KEY `IDX_SALES_FLAT_SHIPMENT_TRACK_CREATED_AT` (`created_at`),
  CONSTRAINT `FK_BCD2FA28717D29F37E10A153E6F2F841` FOREIGN KEY (`parent_id`) REFERENCES `sales_flat_shipment` (`entity_id`) ON DELETE CASCADE ON UPDATE CASCADE
) ENGINE=InnoDB DEFAULT CHARSET=utf8 COMMENT='Sales Flat Shipment Track';

--
-- Dumping data for table `sales_flat_shipment_track`
--


--
-- Table structure for table `sales_invoiced_aggregated`
--

CREATE TABLE `sales_invoiced_aggregated` (
  `id` int(10) unsigned NOT NULL AUTO_INCREMENT COMMENT 'Id',
  `period` date DEFAULT NULL COMMENT 'Period',
  `store_id` smallint(5) unsigned DEFAULT NULL COMMENT 'Store Id',
  `order_status` varchar(50) DEFAULT NULL COMMENT 'Order Status',
  `orders_count` int(11) NOT NULL DEFAULT '0' COMMENT 'Orders Count',
  `orders_invoiced` decimal(12,4) DEFAULT NULL COMMENT 'Orders Invoiced',
  `invoiced` decimal(12,4) DEFAULT NULL COMMENT 'Invoiced',
  `invoiced_captured` decimal(12,4) DEFAULT NULL COMMENT 'Invoiced Captured',
  `invoiced_not_captured` decimal(12,4) DEFAULT NULL COMMENT 'Invoiced Not Captured',
  PRIMARY KEY (`id`),
  UNIQUE KEY `UNQ_SALES_INVOICED_AGGREGATED_PERIOD_STORE_ID_ORDER_STATUS` (`period`,`store_id`,`order_status`),
  KEY `IDX_SALES_INVOICED_AGGREGATED_STORE_ID` (`store_id`),
  CONSTRAINT `FK_SALES_INVOICED_AGGREGATED_STORE_ID_CORE_STORE_STORE_ID` FOREIGN KEY (`store_id`) REFERENCES `core_store` (`store_id`) ON DELETE SET NULL ON UPDATE CASCADE
) ENGINE=InnoDB AUTO_INCREMENT=39 DEFAULT CHARSET=utf8 COMMENT='Sales Invoiced Aggregated';

--
-- Dumping data for table `sales_invoiced_aggregated`
--

INSERT INTO `sales_invoiced_aggregated` VALUES (1,'2013-04-11',1,'complete',2,2.0000,5826.5600,5826.5600,0.0000),(2,'2013-04-11',0,'complete',2,2.0000,5826.5600,5826.5600,0.0000),(3,'2013-04-12',1,'complete',1,1.0000,203.5000,203.5000,0.0000),(4,'2013-04-12',0,'complete',1,1.0000,203.5000,203.5000,0.0000),(5,'2013-04-17',1,'complete',4,4.0000,15635.4400,15635.4400,0.0000),(6,'2013-04-17',0,'complete',4,4.0000,15635.4400,15635.4400,0.0000),(7,'2013-04-22',1,'processing',1,1.0000,781.4700,781.4700,0.0000),(8,'2013-04-22',0,'processing',1,1.0000,781.4700,781.4700,0.0000),(9,'2013-04-24',1,'processing',1,1.0000,1403.2000,1403.2000,0.0000),(10,'2013-04-24',0,'processing',1,1.0000,1403.2000,1403.2000,0.0000),(11,'2013-04-25',1,'complete',2,2.0000,33336.4300,33336.4300,0.0000),(12,'2013-04-25',0,'complete',2,2.0000,33336.4300,33336.4300,0.0000),(13,'2013-04-26',1,'closed',2,2.0000,312.7700,312.7700,0.0000),(14,'2013-04-26',0,'closed',2,2.0000,312.7700,312.7700,0.0000),(15,'2013-04-30',1,'closed',1,1.0000,3846.7800,3846.7800,0.0000),(16,'2013-04-30',1,'complete',1,1.0000,3647.9800,3647.9800,0.0000),(18,'2013-04-30',0,'closed',1,1.0000,3846.7800,3846.7800,0.0000),(19,'2013-04-30',0,'complete',1,1.0000,3647.9800,3647.9800,0.0000),(21,'2013-05-01',1,'processing',1,1.0000,3647.9800,3647.9800,0.0000),(22,'2013-05-01',0,'processing',1,1.0000,3647.9800,3647.9800,0.0000),(23,'2013-05-02',1,'complete',1,1.0000,332.9800,332.9800,0.0000),(24,'2013-05-02',0,'complete',1,1.0000,332.9800,332.9800,0.0000),(25,'2013-05-03',1,'complete',1,1.0000,99.5000,99.5000,0.0000),(26,'2013-05-03',0,'complete',1,1.0000,99.5000,99.5000,0.0000),(29,'2013-05-06',1,'processing',1,1.0000,379.6700,379.6700,0.0000),(30,'2013-05-07',1,'complete',2,2.0000,2117.9600,2117.9600,0.0000),(32,'2013-05-06',0,'processing',1,1.0000,379.6700,379.6700,0.0000),(33,'2013-05-07',0,'complete',2,2.0000,2117.9600,2117.9600,0.0000),(35,'2013-05-08',NULL,'complete',1,1.0000,2192.5300,2192.5300,0.0000),(36,'2013-05-08',0,'complete',1,1.0000,2192.5300,2192.5300,0.0000),(37,'2013-05-10',NULL,'complete',1,1.0000,560.4800,560.4800,0.0000),(38,'2013-05-10',0,'complete',1,1.0000,560.4800,560.4800,0.0000);

--
-- Table structure for table `sales_invoiced_aggregated_order`
--

CREATE TABLE `sales_invoiced_aggregated_order` (
  `id` int(10) unsigned NOT NULL AUTO_INCREMENT COMMENT 'Id',
  `period` date DEFAULT NULL COMMENT 'Period',
  `store_id` smallint(5) unsigned DEFAULT NULL COMMENT 'Store Id',
  `order_status` varchar(50) NOT NULL DEFAULT '' COMMENT 'Order Status',
  `orders_count` int(11) NOT NULL DEFAULT '0' COMMENT 'Orders Count',
  `orders_invoiced` decimal(12,4) DEFAULT NULL COMMENT 'Orders Invoiced',
  `invoiced` decimal(12,4) DEFAULT NULL COMMENT 'Invoiced',
  `invoiced_captured` decimal(12,4) DEFAULT NULL COMMENT 'Invoiced Captured',
  `invoiced_not_captured` decimal(12,4) DEFAULT NULL COMMENT 'Invoiced Not Captured',
  PRIMARY KEY (`id`),
  UNIQUE KEY `UNQ_SALES_INVOICED_AGGREGATED_ORDER_PERIOD_STORE_ID_ORDER_STATUS` (`period`,`store_id`,`order_status`),
  KEY `IDX_SALES_INVOICED_AGGREGATED_ORDER_STORE_ID` (`store_id`),
  CONSTRAINT `FK_SALES_INVOICED_AGGREGATED_ORDER_STORE_ID_CORE_STORE_STORE_ID` FOREIGN KEY (`store_id`) REFERENCES `core_store` (`store_id`) ON DELETE SET NULL ON UPDATE CASCADE
) ENGINE=InnoDB AUTO_INCREMENT=47 DEFAULT CHARSET=utf8 COMMENT='Sales Invoiced Aggregated Order';

--
-- Dumping data for table `sales_invoiced_aggregated_order`
--

INSERT INTO `sales_invoiced_aggregated_order` VALUES (1,'2013-03-12',1,'complete',1,1.0000,150.0000,150.0000,0.0000),(2,'2013-04-11',1,'complete',2,2.0000,5826.5600,5826.5600,0.0000),(4,'2013-03-12',0,'complete',1,1.0000,150.0000,150.0000,0.0000),(5,'2013-04-11',0,'complete',2,2.0000,5826.5600,5826.5600,0.0000),(7,'2013-04-12',1,'complete',1,1.0000,203.5000,203.5000,0.0000),(8,'2013-04-12',0,'complete',1,1.0000,203.5000,203.5000,0.0000),(9,'2013-04-17',1,'complete',4,4.0000,15635.4400,15635.4400,0.0000),(10,'2013-04-17',0,'complete',4,4.0000,15635.4400,15635.4400,0.0000),(11,'2013-04-22',1,'processing',1,1.0000,781.4700,781.4700,0.0000),(12,'2013-04-22',0,'processing',1,1.0000,781.4700,781.4700,0.0000),(15,'2013-04-23',1,'processing',2,2.0000,6863.3500,6863.3500,0.0000),(16,'2013-04-23',0,'processing',2,2.0000,6863.3500,6863.3500,0.0000),(17,'2013-04-25',1,'complete',2,2.0000,33336.4300,33336.4300,0.0000),(18,'2013-04-25',0,'complete',2,2.0000,33336.4300,33336.4300,0.0000),(19,'2013-04-26',1,'closed',2,2.0000,312.7700,312.7700,0.0000),(20,'2013-04-26',0,'closed',2,2.0000,312.7700,312.7700,0.0000),(21,'2013-04-30',1,'closed',1,1.0000,3846.7800,3846.7800,0.0000),(22,'2013-04-30',1,'complete',1,1.0000,3647.9800,3647.9800,0.0000),(24,'2013-04-30',0,'closed',1,1.0000,3846.7800,3846.7800,0.0000),(25,'2013-04-30',0,'complete',1,1.0000,3647.9800,3647.9800,0.0000),(27,'2013-05-01',1,'processing',1,1.0000,3647.9800,3647.9800,0.0000),(28,'2013-05-01',0,'processing',1,1.0000,3647.9800,3647.9800,0.0000),(29,'2013-05-02',1,'complete',1,1.0000,332.9800,332.9800,0.0000),(30,'2013-05-02',0,'complete',1,1.0000,332.9800,332.9800,0.0000),(35,'2013-05-06',1,'processing',1,1.0000,379.6700,379.6700,0.0000),(36,'2013-05-07',1,'complete',2,2.0000,2117.9600,2117.9600,0.0000),(38,'2013-05-06',0,'processing',1,1.0000,379.6700,379.6700,0.0000),(39,'2013-05-07',0,'complete',2,2.0000,2117.9600,2117.9600,0.0000),(41,'2013-05-08',NULL,'complete',1,1.0000,2192.5300,2192.5300,0.0000),(42,'2013-05-08',0,'complete',1,1.0000,2192.5300,2192.5300,0.0000),(43,'2013-05-03',1,'complete',1,1.0000,99.5000,99.5000,0.0000),(44,'2013-05-03',NULL,'complete',1,1.0000,560.4800,560.4800,0.0000),(46,'2013-05-03',0,'complete',2,2.0000,659.9800,659.9800,0.0000);

--
-- Table structure for table `sales_order_aggregated_created`
--

CREATE TABLE `sales_order_aggregated_created` (
  `id` int(10) unsigned NOT NULL AUTO_INCREMENT COMMENT 'Id',
  `period` date DEFAULT NULL COMMENT 'Period',
  `store_id` smallint(5) unsigned DEFAULT NULL COMMENT 'Store Id',
  `order_status` varchar(50) NOT NULL DEFAULT '' COMMENT 'Order Status',
  `orders_count` int(11) NOT NULL DEFAULT '0' COMMENT 'Orders Count',
  `total_qty_ordered` decimal(12,4) NOT NULL DEFAULT '0.0000' COMMENT 'Total Qty Ordered',
  `total_qty_invoiced` decimal(12,4) NOT NULL DEFAULT '0.0000' COMMENT 'Total Qty Invoiced',
  `total_income_amount` decimal(12,4) NOT NULL DEFAULT '0.0000' COMMENT 'Total Income Amount',
  `total_revenue_amount` decimal(12,4) NOT NULL DEFAULT '0.0000' COMMENT 'Total Revenue Amount',
  `total_profit_amount` decimal(12,4) NOT NULL DEFAULT '0.0000' COMMENT 'Total Profit Amount',
  `total_invoiced_amount` decimal(12,4) NOT NULL DEFAULT '0.0000' COMMENT 'Total Invoiced Amount',
  `total_canceled_amount` decimal(12,4) NOT NULL DEFAULT '0.0000' COMMENT 'Total Canceled Amount',
  `total_paid_amount` decimal(12,4) NOT NULL DEFAULT '0.0000' COMMENT 'Total Paid Amount',
  `total_refunded_amount` decimal(12,4) NOT NULL DEFAULT '0.0000' COMMENT 'Total Refunded Amount',
  `total_tax_amount` decimal(12,4) NOT NULL DEFAULT '0.0000' COMMENT 'Total Tax Amount',
  `total_tax_amount_actual` decimal(12,4) NOT NULL DEFAULT '0.0000' COMMENT 'Total Tax Amount Actual',
  `total_shipping_amount` decimal(12,4) NOT NULL DEFAULT '0.0000' COMMENT 'Total Shipping Amount',
  `total_shipping_amount_actual` decimal(12,4) NOT NULL DEFAULT '0.0000' COMMENT 'Total Shipping Amount Actual',
  `total_discount_amount` decimal(12,4) NOT NULL DEFAULT '0.0000' COMMENT 'Total Discount Amount',
  `total_discount_amount_actual` decimal(12,4) NOT NULL DEFAULT '0.0000' COMMENT 'Total Discount Amount Actual',
  PRIMARY KEY (`id`),
  UNIQUE KEY `UNQ_SALES_ORDER_AGGREGATED_CREATED_PERIOD_STORE_ID_ORDER_STATUS` (`period`,`store_id`,`order_status`),
  KEY `IDX_SALES_ORDER_AGGREGATED_CREATED_STORE_ID` (`store_id`),
  CONSTRAINT `FK_SALES_ORDER_AGGREGATED_CREATED_STORE_ID_CORE_STORE_STORE_ID` FOREIGN KEY (`store_id`) REFERENCES `core_store` (`store_id`) ON DELETE SET NULL ON UPDATE CASCADE
) ENGINE=InnoDB AUTO_INCREMENT=61 DEFAULT CHARSET=utf8 COMMENT='Sales Order Aggregated Created';

--
-- Dumping data for table `sales_order_aggregated_created`
--

INSERT INTO `sales_order_aggregated_created` VALUES (1,'2013-03-12',1,'complete',1,1.0000,1.0000,150.0000,150.0000,150.0000,150.0000,0.0000,150.0000,0.0000,0.0000,0.0000,0.0000,0.0000,0.0000,0.0000),(2,'2013-03-12',1,'processing',2,2.0000,0.0000,894.8600,0.0000,0.0000,0.0000,0.0000,0.0000,0.0000,0.0000,0.0000,54.8600,0.0000,0.0000,0.0000),(3,'2013-04-11',1,'complete',2,54.0000,54.0000,5826.5600,5739.3000,5739.3000,5826.5600,0.0000,5826.5600,0.0000,0.0000,0.0000,87.2600,87.2600,1391.7000,1391.7000),(4,'2013-03-12',0,'complete',1,1.0000,1.0000,150.0000,150.0000,150.0000,150.0000,0.0000,150.0000,0.0000,0.0000,0.0000,0.0000,0.0000,0.0000,0.0000),(5,'2013-03-12',0,'processing',2,2.0000,0.0000,894.8600,0.0000,0.0000,0.0000,0.0000,0.0000,0.0000,0.0000,0.0000,54.8600,0.0000,0.0000,0.0000),(6,'2013-04-11',0,'complete',2,54.0000,54.0000,5826.5600,5739.3000,5739.3000,5826.5600,0.0000,5826.5600,0.0000,0.0000,0.0000,87.2600,87.2600,1391.7000,1391.7000),(7,'2013-04-12',1,'complete',1,1.0000,1.0000,203.5000,190.0000,190.0000,203.5000,0.0000,203.5000,0.0000,0.0000,0.0000,13.5000,13.5000,0.0000,0.0000),(8,'2013-04-12',0,'complete',1,1.0000,1.0000,203.5000,190.0000,190.0000,203.5000,0.0000,203.5000,0.0000,0.0000,0.0000,13.5000,13.5000,0.0000,0.0000),(9,'2013-03-14',1,'processing',1,1.0000,0.0000,190.0000,0.0000,0.0000,0.0000,0.0000,0.0000,0.0000,0.0000,0.0000,5.0000,0.0000,0.0000,0.0000),(10,'2013-03-14',0,'processing',1,1.0000,0.0000,190.0000,0.0000,0.0000,0.0000,0.0000,0.0000,0.0000,0.0000,0.0000,5.0000,0.0000,0.0000,0.0000),(11,'2013-04-17',1,'complete',4,78.0000,78.0000,15635.4400,14930.0000,14930.0000,15635.4400,0.0000,15635.4400,0.0000,563.5000,563.5000,141.9400,141.9400,1320.0000,1320.0000),(12,'2013-04-17',0,'complete',4,78.0000,78.0000,15635.4400,14930.0000,14930.0000,15635.4400,0.0000,15635.4400,0.0000,563.5000,563.5000,141.9400,141.9400,1320.0000,1320.0000),(13,'2013-04-22',1,'processing',1,3.0000,3.0000,781.4700,715.0000,715.0000,781.4700,0.0000,781.4700,0.0000,31.1300,31.1300,35.3400,35.3400,0.0000,0.0000),(14,'2013-04-22',0,'processing',1,3.0000,3.0000,781.4700,715.0000,715.0000,781.4700,0.0000,781.4700,0.0000,31.1300,31.1300,35.3400,35.3400,0.0000,0.0000),(17,'2013-04-23',1,'processing',3,70.0000,30.0000,20445.7000,6405.2500,6405.2500,6863.3500,0.0000,6863.3500,0.0000,355.6000,355.6000,384.8500,102.5000,74.7500,74.7500),(18,'2013-04-24',1,'holded',1,3.0000,0.0000,635.9200,0.0000,0.0000,0.0000,0.0000,0.0000,0.0000,60.9000,0.0000,15.0200,0.0000,280.0000,0.0000),(19,'2013-04-24',1,'processing',1,21.0000,0.0000,3499.1700,0.0000,0.0000,0.0000,0.0000,0.0000,0.0000,220.5000,0.0000,126.6700,0.0000,0.0000,0.0000),(20,'2013-04-24',NULL,'holded',1,1.0000,0.0000,724.6200,0.0000,0.0000,0.0000,0.0000,0.0000,0.0000,41.3000,0.0000,103.3200,0.0000,10.0000,0.0000),(21,'2013-04-24',NULL,'processing',1,5.0000,0.0000,1566.1100,0.0000,0.0000,0.0000,0.0000,0.0000,0.0000,103.2500,0.0000,37.8600,0.0000,50.0000,0.0000),(24,'2013-04-23',0,'processing',3,70.0000,30.0000,20445.7000,6405.2500,6405.2500,6863.3500,0.0000,6863.3500,0.0000,355.6000,355.6000,384.8500,102.5000,74.7500,74.7500),(25,'2013-04-24',0,'holded',2,4.0000,0.0000,1360.5400,0.0000,0.0000,0.0000,0.0000,0.0000,0.0000,102.2000,0.0000,118.3400,0.0000,290.0000,0.0000),(26,'2013-04-24',0,'processing',2,26.0000,0.0000,5065.2800,0.0000,0.0000,0.0000,0.0000,0.0000,0.0000,323.7500,0.0000,164.5300,0.0000,50.0000,0.0000),(27,'2013-04-25',1,'complete',2,112.0000,112.0000,33336.4300,33176.0000,33176.0000,33336.4300,0.0000,33336.4300,0.0000,0.0000,0.0000,160.4300,160.4300,8294.0000,8294.0000),(28,'2013-04-25',0,'complete',2,112.0000,112.0000,33336.4300,33176.0000,33176.0000,33336.4300,0.0000,33336.4300,0.0000,0.0000,0.0000,160.4300,160.4300,8294.0000,8294.0000),(29,'2013-04-26',1,'closed',2,2.0000,2.0000,312.7700,0.0000,-47.7700,312.7700,0.0000,312.7700,312.7700,20.2500,0.0000,27.5200,0.0000,0.0000,0.0000),(30,'2013-04-26',0,'closed',2,2.0000,2.0000,312.7700,0.0000,-47.7700,312.7700,0.0000,312.7700,312.7700,20.2500,0.0000,27.5200,0.0000,0.0000,0.0000),(31,'2013-04-30',1,'closed',1,15.0000,15.0000,3846.7800,0.0000,-321.7800,3846.7800,0.0000,3846.7800,3846.7800,0.0000,0.0000,321.7800,0.0000,0.0000,0.0000),(32,'2013-04-30',1,'complete',1,15.0000,15.0000,3647.9800,3525.0000,3525.0000,3647.9800,0.0000,3647.9800,0.0000,0.0000,0.0000,122.9800,122.9800,0.0000,0.0000),(34,'2013-04-30',0,'closed',1,15.0000,15.0000,3846.7800,0.0000,-321.7800,3846.7800,0.0000,3846.7800,3846.7800,0.0000,0.0000,321.7800,0.0000,0.0000,0.0000),(35,'2013-04-30',0,'complete',1,15.0000,15.0000,3647.9800,3525.0000,3525.0000,3647.9800,0.0000,3647.9800,0.0000,0.0000,0.0000,122.9800,122.9800,0.0000,0.0000),(37,'2013-05-01',1,'processing',1,15.0000,15.0000,3647.9800,3525.0000,3525.0000,3647.9800,0.0000,3647.9800,0.0000,0.0000,0.0000,122.9800,122.9800,0.0000,0.0000),(38,'2013-05-01',0,'processing',1,15.0000,15.0000,3647.9800,3525.0000,3525.0000,3647.9800,0.0000,3647.9800,0.0000,0.0000,0.0000,122.9800,122.9800,0.0000,0.0000),(39,'2013-05-02',1,'complete',1,1.0000,1.0000,332.9800,210.0000,210.0000,332.9800,0.0000,332.9800,0.0000,0.0000,0.0000,122.9800,122.9800,0.0000,0.0000),(40,'2013-05-02',1,'processing',2,2.0000,0.0000,445.9600,0.0000,0.0000,0.0000,0.0000,0.0000,0.0000,0.0000,0.0000,245.9600,0.0000,0.0000,0.0000),(42,'2013-05-02',0,'complete',1,1.0000,1.0000,332.9800,210.0000,210.0000,332.9800,0.0000,332.9800,0.0000,0.0000,0.0000,122.9800,122.9800,0.0000,0.0000),(43,'2013-05-02',0,'processing',2,2.0000,0.0000,445.9600,0.0000,0.0000,0.0000,0.0000,0.0000,0.0000,0.0000,0.0000,245.9600,0.0000,0.0000,0.0000),(45,'2013-05-03',1,'complete',1,2.0000,2.0000,99.5000,80.0000,80.0000,99.5000,0.0000,99.5000,0.0000,6.0000,6.0000,13.5000,13.5000,0.0000,0.0000),(46,'2013-05-03',0,'complete',1,2.0000,2.0000,99.5000,80.0000,80.0000,99.5000,0.0000,99.5000,0.0000,6.0000,6.0000,13.5000,13.5000,0.0000,0.0000),(49,'2013-05-06',1,'processing',1,2.0000,2.0000,379.6700,340.0000,340.0000,379.6700,0.0000,379.6700,0.0000,24.6500,24.6500,15.0200,15.0200,0.0000,0.0000),(50,'2013-05-07',1,'complete',2,9.0000,9.0000,2117.9600,1955.0000,1955.0000,2117.9600,0.0000,2117.9600,0.0000,92.5300,92.5300,70.4300,70.4300,10.0000,-10.0000),(52,'2013-05-06',0,'processing',1,2.0000,2.0000,379.6700,340.0000,340.0000,379.6700,0.0000,379.6700,0.0000,24.6500,24.6500,15.0200,15.0200,0.0000,0.0000),(53,'2013-05-07',0,'complete',2,9.0000,9.0000,2117.9600,1955.0000,1955.0000,2117.9600,0.0000,2117.9600,0.0000,92.5300,92.5300,70.4300,70.4300,10.0000,-10.0000),(55,'2013-05-08',NULL,'complete',1,7.0000,7.0000,2192.5300,1995.0000,1995.0000,2192.5300,0.0000,2192.5300,0.0000,144.6400,144.6400,52.8900,52.8900,0.0000,0.0000),(56,'2013-05-08',0,'complete',1,7.0000,7.0000,2192.5300,1995.0000,1995.0000,2192.5300,0.0000,2192.5300,0.0000,144.6400,144.6400,52.8900,52.8900,0.0000,0.0000),(57,'2013-05-15',1,'processing',3,3.0000,0.0000,1090.8000,0.0000,0.0000,0.0000,0.0000,0.0000,0.0000,78.0000,0.0000,37.8000,0.0000,30.0000,0.0000),(58,'2013-05-15',0,'processing',3,3.0000,0.0000,1090.8000,0.0000,0.0000,0.0000,0.0000,0.0000,0.0000,78.0000,0.0000,37.8000,0.0000,30.0000,0.0000),(59,'2013-05-16',1,'processing',1,2.0000,0.0000,626.7500,0.0000,0.0000,0.0000,0.0000,0.0000,0.0000,51.7500,0.0000,0.0000,0.0000,10.0000,0.0000),(60,'2013-05-16',0,'processing',1,2.0000,0.0000,626.7500,0.0000,0.0000,0.0000,0.0000,0.0000,0.0000,51.7500,0.0000,0.0000,0.0000,10.0000,0.0000);

--
-- Table structure for table `sales_order_aggregated_updated`
--

CREATE TABLE `sales_order_aggregated_updated` (
  `id` int(10) unsigned NOT NULL AUTO_INCREMENT COMMENT 'Id',
  `period` date DEFAULT NULL COMMENT 'Period',
  `store_id` smallint(5) unsigned DEFAULT NULL COMMENT 'Store Id',
  `order_status` varchar(50) NOT NULL COMMENT 'Order Status',
  `orders_count` int(11) NOT NULL DEFAULT '0' COMMENT 'Orders Count',
  `total_qty_ordered` decimal(12,4) NOT NULL DEFAULT '0.0000' COMMENT 'Total Qty Ordered',
  `total_qty_invoiced` decimal(12,4) NOT NULL DEFAULT '0.0000' COMMENT 'Total Qty Invoiced',
  `total_income_amount` decimal(12,4) NOT NULL DEFAULT '0.0000' COMMENT 'Total Income Amount',
  `total_revenue_amount` decimal(12,4) NOT NULL DEFAULT '0.0000' COMMENT 'Total Revenue Amount',
  `total_profit_amount` decimal(12,4) NOT NULL DEFAULT '0.0000' COMMENT 'Total Profit Amount',
  `total_invoiced_amount` decimal(12,4) NOT NULL DEFAULT '0.0000' COMMENT 'Total Invoiced Amount',
  `total_canceled_amount` decimal(12,4) NOT NULL DEFAULT '0.0000' COMMENT 'Total Canceled Amount',
  `total_paid_amount` decimal(12,4) NOT NULL DEFAULT '0.0000' COMMENT 'Total Paid Amount',
  `total_refunded_amount` decimal(12,4) NOT NULL DEFAULT '0.0000' COMMENT 'Total Refunded Amount',
  `total_tax_amount` decimal(12,4) NOT NULL DEFAULT '0.0000' COMMENT 'Total Tax Amount',
  `total_tax_amount_actual` decimal(12,4) NOT NULL DEFAULT '0.0000' COMMENT 'Total Tax Amount Actual',
  `total_shipping_amount` decimal(12,4) NOT NULL DEFAULT '0.0000' COMMENT 'Total Shipping Amount',
  `total_shipping_amount_actual` decimal(12,4) NOT NULL DEFAULT '0.0000' COMMENT 'Total Shipping Amount Actual',
  `total_discount_amount` decimal(12,4) NOT NULL DEFAULT '0.0000' COMMENT 'Total Discount Amount',
  `total_discount_amount_actual` decimal(12,4) NOT NULL DEFAULT '0.0000' COMMENT 'Total Discount Amount Actual',
  PRIMARY KEY (`id`),
  UNIQUE KEY `UNQ_SALES_ORDER_AGGREGATED_UPDATED_PERIOD_STORE_ID_ORDER_STATUS` (`period`,`store_id`,`order_status`),
  KEY `IDX_SALES_ORDER_AGGREGATED_UPDATED_STORE_ID` (`store_id`),
  CONSTRAINT `FK_SALES_ORDER_AGGREGATED_UPDATED_STORE_ID_CORE_STORE_STORE_ID` FOREIGN KEY (`store_id`) REFERENCES `core_store` (`store_id`) ON DELETE SET NULL ON UPDATE CASCADE
) ENGINE=InnoDB AUTO_INCREMENT=61 DEFAULT CHARSET=utf8 COMMENT='Sales Order Aggregated Updated';

--
-- Dumping data for table `sales_order_aggregated_updated`
--

INSERT INTO `sales_order_aggregated_updated` VALUES (1,'2013-03-12',1,'complete',1,1.0000,1.0000,150.0000,150.0000,150.0000,150.0000,0.0000,150.0000,0.0000,0.0000,0.0000,0.0000,0.0000,0.0000,0.0000),(2,'2013-04-11',1,'complete',2,54.0000,54.0000,5826.5600,5739.3000,5739.3000,5826.5600,0.0000,5826.5600,0.0000,0.0000,0.0000,87.2600,87.2600,1391.7000,1391.7000),(3,'2013-04-11',1,'processing',2,2.0000,0.0000,894.8600,0.0000,0.0000,0.0000,0.0000,0.0000,0.0000,0.0000,0.0000,54.8600,0.0000,0.0000,0.0000),(4,'2013-03-12',0,'complete',1,1.0000,1.0000,150.0000,150.0000,150.0000,150.0000,0.0000,150.0000,0.0000,0.0000,0.0000,0.0000,0.0000,0.0000,0.0000),(5,'2013-04-11',0,'complete',2,54.0000,54.0000,5826.5600,5739.3000,5739.3000,5826.5600,0.0000,5826.5600,0.0000,0.0000,0.0000,87.2600,87.2600,1391.7000,1391.7000),(6,'2013-04-11',0,'processing',2,2.0000,0.0000,894.8600,0.0000,0.0000,0.0000,0.0000,0.0000,0.0000,0.0000,0.0000,54.8600,0.0000,0.0000,0.0000),(7,'2013-04-12',1,'complete',1,1.0000,1.0000,203.5000,190.0000,190.0000,203.5000,0.0000,203.5000,0.0000,0.0000,0.0000,13.5000,13.5000,0.0000,0.0000),(8,'2013-04-12',0,'complete',1,1.0000,1.0000,203.5000,190.0000,190.0000,203.5000,0.0000,203.5000,0.0000,0.0000,0.0000,13.5000,13.5000,0.0000,0.0000),(9,'2013-04-17',1,'complete',4,78.0000,78.0000,15635.4400,14930.0000,14930.0000,15635.4400,0.0000,15635.4400,0.0000,563.5000,563.5000,141.9400,141.9400,1320.0000,1320.0000),(10,'2013-04-17',0,'complete',4,78.0000,78.0000,15635.4400,14930.0000,14930.0000,15635.4400,0.0000,15635.4400,0.0000,563.5000,563.5000,141.9400,141.9400,1320.0000,1320.0000),(11,'2013-04-22',1,'processing',1,3.0000,3.0000,781.4700,715.0000,715.0000,781.4700,0.0000,781.4700,0.0000,31.1300,31.1300,35.3400,35.3400,0.0000,0.0000),(12,'2013-04-22',0,'processing',1,3.0000,3.0000,781.4700,715.0000,715.0000,781.4700,0.0000,781.4700,0.0000,31.1300,31.1300,35.3400,35.3400,0.0000,0.0000),(15,'2013-04-23',1,'processing',2,60.0000,20.0000,19042.5000,5080.0000,5080.0000,5460.1500,0.0000,5460.1500,0.0000,355.6000,355.6000,306.9000,24.5500,0.0000,0.0000),(16,'2013-04-24',1,'holded',1,3.0000,0.0000,635.9200,0.0000,0.0000,0.0000,0.0000,0.0000,0.0000,60.9000,0.0000,15.0200,0.0000,280.0000,0.0000),(17,'2013-04-24',1,'processing',2,31.0000,10.0000,4902.3700,1325.2500,1325.2500,1403.2000,0.0000,1403.2000,0.0000,220.5000,0.0000,204.6200,77.9500,74.7500,74.7500),(18,'2013-04-24',NULL,'holded',1,1.0000,0.0000,724.6200,0.0000,0.0000,0.0000,0.0000,0.0000,0.0000,41.3000,0.0000,103.3200,0.0000,10.0000,0.0000),(19,'2013-04-24',NULL,'processing',1,5.0000,0.0000,1566.1100,0.0000,0.0000,0.0000,0.0000,0.0000,0.0000,103.2500,0.0000,37.8600,0.0000,50.0000,0.0000),(22,'2013-04-23',0,'processing',2,60.0000,20.0000,19042.5000,5080.0000,5080.0000,5460.1500,0.0000,5460.1500,0.0000,355.6000,355.6000,306.9000,24.5500,0.0000,0.0000),(23,'2013-04-24',0,'holded',2,4.0000,0.0000,1360.5400,0.0000,0.0000,0.0000,0.0000,0.0000,0.0000,102.2000,0.0000,118.3400,0.0000,290.0000,0.0000),(24,'2013-04-24',0,'processing',3,36.0000,10.0000,6468.4800,1325.2500,1325.2500,1403.2000,0.0000,1403.2000,0.0000,323.7500,0.0000,242.4800,77.9500,124.7500,74.7500),(25,'2013-04-25',1,'complete',2,112.0000,112.0000,33336.4300,33176.0000,33176.0000,33336.4300,0.0000,33336.4300,0.0000,0.0000,0.0000,160.4300,160.4300,8294.0000,8294.0000),(26,'2013-04-25',0,'complete',2,112.0000,112.0000,33336.4300,33176.0000,33176.0000,33336.4300,0.0000,33336.4300,0.0000,0.0000,0.0000,160.4300,160.4300,8294.0000,8294.0000),(27,'2013-04-26',1,'closed',2,2.0000,2.0000,312.7700,0.0000,-47.7700,312.7700,0.0000,312.7700,312.7700,20.2500,0.0000,27.5200,0.0000,0.0000,0.0000),(28,'2013-04-26',0,'closed',2,2.0000,2.0000,312.7700,0.0000,-47.7700,312.7700,0.0000,312.7700,312.7700,20.2500,0.0000,27.5200,0.0000,0.0000,0.0000),(29,'2013-04-30',1,'closed',1,15.0000,15.0000,3846.7800,0.0000,-321.7800,3846.7800,0.0000,3846.7800,3846.7800,0.0000,0.0000,321.7800,0.0000,0.0000,0.0000),(30,'2013-04-30',1,'complete',1,15.0000,15.0000,3647.9800,3525.0000,3525.0000,3647.9800,0.0000,3647.9800,0.0000,0.0000,0.0000,122.9800,122.9800,0.0000,0.0000),(32,'2013-04-30',0,'closed',1,15.0000,15.0000,3846.7800,0.0000,-321.7800,3846.7800,0.0000,3846.7800,3846.7800,0.0000,0.0000,321.7800,0.0000,0.0000,0.0000),(33,'2013-04-30',0,'complete',1,15.0000,15.0000,3647.9800,3525.0000,3525.0000,3647.9800,0.0000,3647.9800,0.0000,0.0000,0.0000,122.9800,122.9800,0.0000,0.0000),(35,'2013-05-01',1,'processing',1,15.0000,15.0000,3647.9800,3525.0000,3525.0000,3647.9800,0.0000,3647.9800,0.0000,0.0000,0.0000,122.9800,122.9800,0.0000,0.0000),(36,'2013-05-01',0,'processing',1,15.0000,15.0000,3647.9800,3525.0000,3525.0000,3647.9800,0.0000,3647.9800,0.0000,0.0000,0.0000,122.9800,122.9800,0.0000,0.0000),(37,'2013-05-02',1,'complete',1,1.0000,1.0000,332.9800,210.0000,210.0000,332.9800,0.0000,332.9800,0.0000,0.0000,0.0000,122.9800,122.9800,0.0000,0.0000),(38,'2013-05-02',1,'processing',2,2.0000,0.0000,445.9600,0.0000,0.0000,0.0000,0.0000,0.0000,0.0000,0.0000,0.0000,245.9600,0.0000,0.0000,0.0000),(40,'2013-05-02',0,'complete',1,1.0000,1.0000,332.9800,210.0000,210.0000,332.9800,0.0000,332.9800,0.0000,0.0000,0.0000,122.9800,122.9800,0.0000,0.0000),(41,'2013-05-02',0,'processing',2,2.0000,0.0000,445.9600,0.0000,0.0000,0.0000,0.0000,0.0000,0.0000,0.0000,0.0000,245.9600,0.0000,0.0000,0.0000),(43,'2013-05-03',1,'complete',1,2.0000,2.0000,99.5000,80.0000,80.0000,99.5000,0.0000,99.5000,0.0000,6.0000,6.0000,13.5000,13.5000,0.0000,0.0000),(44,'2013-05-03',0,'complete',1,2.0000,2.0000,99.5000,80.0000,80.0000,99.5000,0.0000,99.5000,0.0000,6.0000,6.0000,13.5000,13.5000,0.0000,0.0000),(47,'2013-05-07',1,'complete',2,9.0000,9.0000,2117.9600,1955.0000,1955.0000,2117.9600,0.0000,2117.9600,0.0000,92.5300,92.5300,70.4300,70.4300,10.0000,-10.0000),(48,'2013-05-07',1,'processing',1,2.0000,2.0000,379.6700,340.0000,340.0000,379.6700,0.0000,379.6700,0.0000,24.6500,24.6500,15.0200,15.0200,0.0000,0.0000),(50,'2013-05-07',0,'complete',2,9.0000,9.0000,2117.9600,1955.0000,1955.0000,2117.9600,0.0000,2117.9600,0.0000,92.5300,92.5300,70.4300,70.4300,10.0000,-10.0000),(51,'2013-05-07',0,'processing',1,2.0000,2.0000,379.6700,340.0000,340.0000,379.6700,0.0000,379.6700,0.0000,24.6500,24.6500,15.0200,15.0200,0.0000,0.0000),(53,'2013-05-08',NULL,'complete',1,7.0000,7.0000,2192.5300,1995.0000,1995.0000,2192.5300,0.0000,2192.5300,0.0000,144.6400,144.6400,52.8900,52.8900,0.0000,0.0000),(54,'2013-05-08',0,'complete',1,7.0000,7.0000,2192.5300,1995.0000,1995.0000,2192.5300,0.0000,2192.5300,0.0000,144.6400,144.6400,52.8900,52.8900,0.0000,0.0000),(55,'2013-05-10',NULL,'complete',1,1.0000,1.0000,560.4800,510.0000,510.0000,560.4800,0.0000,560.4800,0.0000,36.9800,36.9800,13.5000,13.5000,0.0000,0.0000),(56,'2013-05-10',0,'complete',1,1.0000,1.0000,560.4800,510.0000,510.0000,560.4800,0.0000,560.4800,0.0000,36.9800,36.9800,13.5000,13.5000,0.0000,0.0000),(57,'2013-05-15',1,'processing',3,3.0000,0.0000,1090.8000,0.0000,0.0000,0.0000,0.0000,0.0000,0.0000,78.0000,0.0000,37.8000,0.0000,30.0000,0.0000),(58,'2013-05-15',0,'processing',3,3.0000,0.0000,1090.8000,0.0000,0.0000,0.0000,0.0000,0.0000,0.0000,78.0000,0.0000,37.8000,0.0000,30.0000,0.0000),(59,'2013-05-16',1,'processing',1,2.0000,0.0000,626.7500,0.0000,0.0000,0.0000,0.0000,0.0000,0.0000,51.7500,0.0000,0.0000,0.0000,10.0000,0.0000),(60,'2013-05-16',0,'processing',1,2.0000,0.0000,626.7500,0.0000,0.0000,0.0000,0.0000,0.0000,0.0000,51.7500,0.0000,0.0000,0.0000,10.0000,0.0000);

--
-- Table structure for table `sales_order_status`
--

CREATE TABLE `sales_order_status` (
  `status` varchar(32) NOT NULL COMMENT 'Status',
  `label` varchar(128) NOT NULL COMMENT 'Label',
  PRIMARY KEY (`status`)
) ENGINE=InnoDB DEFAULT CHARSET=utf8 COMMENT='Sales Order Status Table';

--
-- Dumping data for table `sales_order_status`
--

INSERT INTO `sales_order_status` VALUES ('canceled','Canceled'),('cancel_ogone','Cancelled Ogone'),('closed','Closed'),('complete','Complete'),('decline_ogone','Declined Ogone'),('fraud','Suspected Fraud'),('holded','On Hold'),('payment_review','Payment Review'),('paypal_canceled_reversal','PayPal Canceled Reversal'),('paypal_reversed','PayPal Reversed'),('pending','Pending'),('pending_ogone','Pending Ogone'),('pending_payment','Pending Payment'),('pending_paypal','Pending PayPal'),('processed_ogone','Processed Ogone Payment'),('processing','Processing'),('processing_ogone','Processing Ogone Payment'),('waiting_authorozation','Waiting Authorization');

--
-- Table structure for table `sales_order_status_label`
--

CREATE TABLE `sales_order_status_label` (
  `status` varchar(32) NOT NULL COMMENT 'Status',
  `store_id` smallint(5) unsigned NOT NULL COMMENT 'Store Id',
  `label` varchar(128) NOT NULL COMMENT 'Label',
  PRIMARY KEY (`status`,`store_id`),
  KEY `IDX_SALES_ORDER_STATUS_LABEL_STORE_ID` (`store_id`),
  CONSTRAINT `FK_SALES_ORDER_STATUS_LABEL_STATUS_SALES_ORDER_STATUS_STATUS` FOREIGN KEY (`status`) REFERENCES `sales_order_status` (`status`) ON DELETE CASCADE ON UPDATE CASCADE,
  CONSTRAINT `FK_SALES_ORDER_STATUS_LABEL_STORE_ID_CORE_STORE_STORE_ID` FOREIGN KEY (`store_id`) REFERENCES `core_store` (`store_id`) ON DELETE CASCADE ON UPDATE CASCADE
) ENGINE=InnoDB DEFAULT CHARSET=utf8 COMMENT='Sales Order Status Label Table';

--
-- Dumping data for table `sales_order_status_label`
--


--
-- Table structure for table `sales_order_status_state`
--

CREATE TABLE `sales_order_status_state` (
  `status` varchar(32) NOT NULL COMMENT 'Status',
  `state` varchar(32) NOT NULL COMMENT 'Label',
  `is_default` smallint(5) unsigned NOT NULL DEFAULT '0' COMMENT 'Is Default',
  PRIMARY KEY (`status`,`state`),
  CONSTRAINT `FK_SALES_ORDER_STATUS_STATE_STATUS_SALES_ORDER_STATUS_STATUS` FOREIGN KEY (`status`) REFERENCES `sales_order_status` (`status`) ON DELETE CASCADE ON UPDATE CASCADE
) ENGINE=InnoDB DEFAULT CHARSET=utf8 COMMENT='Sales Order Status Table';

--
-- Dumping data for table `sales_order_status_state`
--

INSERT INTO `sales_order_status_state` VALUES ('canceled','canceled',1),('closed','closed',1),('complete','complete',1),('fraud','payment_review',0),('holded','holded',1),('payment_review','payment_review',1),('pending','new',1),('pending_ogone','pending_payment',0),('pending_payment','pending_payment',1),('processed_ogone','processing',0),('processing','processing',1);

--
-- Table structure for table `sales_order_tax`
--

CREATE TABLE `sales_order_tax` (
  `tax_id` int(10) unsigned NOT NULL AUTO_INCREMENT COMMENT 'Tax Id',
  `order_id` int(10) unsigned NOT NULL COMMENT 'Order Id',
  `code` varchar(255) DEFAULT NULL COMMENT 'Code',
  `title` varchar(255) DEFAULT NULL COMMENT 'Title',
  `percent` decimal(12,4) DEFAULT NULL COMMENT 'Percent',
  `amount` decimal(12,4) DEFAULT NULL COMMENT 'Amount',
  `priority` int(11) NOT NULL COMMENT 'Priority',
  `position` int(11) NOT NULL COMMENT 'Position',
  `base_amount` decimal(12,4) DEFAULT NULL COMMENT 'Base Amount',
  `process` smallint(6) NOT NULL COMMENT 'Process',
  `base_real_amount` decimal(12,4) DEFAULT NULL COMMENT 'Base Real Amount',
  `hidden` smallint(5) unsigned NOT NULL DEFAULT '0' COMMENT 'Hidden',
  PRIMARY KEY (`tax_id`),
  KEY `IDX_SALES_ORDER_TAX_ORDER_ID_PRIORITY_POSITION` (`order_id`,`priority`,`position`)
) ENGINE=InnoDB AUTO_INCREMENT=97 DEFAULT CHARSET=utf8 COMMENT='Sales Order Tax Table';

--
-- Dumping data for table `sales_order_tax`
--

INSERT INTO `sales_order_tax` VALUES (1,4,'US-NY-*-Rate 1','US-NY-*-Rate 1',8.3750,16.7500,1,1,16.7500,0,16.7500,0),(2,17,'US-NY-*-Rate 1','US-NY-*-Rate 1',8.3750,6.2800,1,1,6.2800,0,6.2800,0),(3,22,'US-NY-*-Rate 1','US-NY-*-Rate 1',8.3750,15.4900,1,1,15.4900,0,15.4900,0),(4,41,'US-CA-*-Rate 1','US-CA-*-Rate 1',8.2500,61.8800,1,1,61.8800,0,61.8800,0),(5,43,'US-CA-*-Rate 1','US-CA-*-Rate 1',8.2500,79.2000,1,1,79.2000,0,79.2000,0),(6,47,'US-NY-*-Rate 1','US-NY-*-Rate 1',8.3750,1113.8800,1,1,1113.8800,0,1113.8800,0),(7,52,'US-CA-*-Rate 1','US-CA-*-Rate 1',8.2500,79.2000,1,1,79.2000,0,79.2000,0),(8,56,'US-NY-*-Rate 1','US-NY-*-Rate 1',8.3750,1113.8800,1,1,1113.8800,0,1113.8800,0),(9,61,'US-All States-RetailTaxableGoodsRate','US-All States-RetailTaxableGoodsRate',7.0000,17.5000,1,0,17.5000,0,17.5000,0),(10,62,'US-All States-RetailTaxableGoodsRate','US-All States-RetailTaxableGoodsRate',7.0000,248.5000,1,0,248.5000,0,248.5000,0),(11,65,'US-All States-RetailTaxableGoodsRate','US-All States-RetailTaxableGoodsRate',7.0000,315.0000,1,0,315.0000,0,315.0000,0),(12,66,'US-All States-GeneralTaxableGoodsRate','US-All States-GeneralTaxableGoodsRate',7.5000,36.3800,0,0,36.3800,0,36.3800,0),(13,67,'US-All States-GeneralTaxableGoodsRate','US-All States-GeneralTaxableGoodsRate',7.5000,31.1300,0,0,31.1300,0,31.1300,0),(14,68,'US-All States-MemberOnlyTaxableGoodsRate','US-All States-MemberOnlyTaxableGoodsRate',7.2500,39.8800,0,0,39.8800,0,39.8800,0),(15,69,'US-All States-NotloggedinTaxableGoodsRate','US-All States-NotloggedinTaxableGoodsRate',8.0000,4.8000,0,0,4.8000,0,4.8000,0),(16,70,'US-All States-GeneralTaxableGoodsRate','US-All States-GeneralTaxableGoodsRate',7.5000,9.0000,0,0,9.0000,0,9.0000,0),(17,71,'US-All States-GeneralTaxableGoodsRate','US-All States-GeneralTaxableGoodsRate',7.5000,18.0000,0,0,18.0000,0,18.0000,0),(18,72,'US-All States-RetailTaxableGoodsRate','US-All States-RetailTaxableGoodsRate',7.0000,355.6000,1,0,355.6000,0,355.6000,0),(19,76,'US-All States-RetailTaxableGoodsRate','US-All States-RetailTaxableGoodsRate',7.0000,29.4000,1,0,29.4000,0,29.4000,0),(20,77,'US-All States-RetailTaxableGoodsRate','US-All States-RetailTaxableGoodsRate',7.0000,238.0000,1,0,238.0000,0,238.0000,0),(21,80,'US-All States-GeneralTaxableGoodsRate','US-All States-GeneralTaxableGoodsRate',7.5000,263.2500,0,0,263.2500,0,263.2500,0),(22,89,'US-All States-NotloggedinTaxableGoodsRate','US-All States-NotloggedinTaxableGoodsRate',8.0000,16.8000,0,0,16.8000,0,16.8000,0),(23,91,'US-All States-GeneralTaxableGoodsRate','US-All States-GeneralTaxableGoodsRate',7.5000,14.2500,0,0,14.2500,0,14.2500,0),(24,95,'US-All States-PrivateSalesTaxableGoodsRate','US-All States-PrivateSalesTaxableGoodsRate',7.0000,41.3000,0,0,41.3000,0,41.3000,0),(25,96,'US-All States-PrivateSalesTaxableGoodsRate','US-All States-PrivateSalesTaxableGoodsRate',7.0000,103.2500,0,0,103.2500,0,103.2500,0),(26,97,'US-All States-MemberOnlyTaxableGoodsRate','US-All States-MemberOnlyTaxableGoodsRate',7.2500,60.9000,0,0,60.9000,0,60.9000,0),(27,98,'US-All States-RetailTaxableGoodsRate','US-All States-RetailTaxableGoodsRate',7.0000,220.5000,1,0,220.5000,0,220.5000,0),(28,116,'US-All States-GeneralTaxableGoodsRate','US-All States-GeneralTaxableGoodsRate',7.5000,4.5000,0,0,4.5000,0,4.5000,0),(29,117,'US-All States-GeneralTaxableGoodsRate','US-All States-GeneralTaxableGoodsRate',7.5000,4.5000,0,0,4.5000,0,4.5000,0),(30,118,'US-All States-GeneralTaxableGoodsRate','US-All States-GeneralTaxableGoodsRate',7.5000,4.5000,0,0,4.5000,0,4.5000,0),(31,119,'US-All States-GeneralTaxableGoodsRate','US-All States-GeneralTaxableGoodsRate',7.5000,4.5000,0,0,4.5000,0,4.5000,0),(32,120,'US-All States-GeneralTaxableGoodsRate','US-All States-GeneralTaxableGoodsRate',7.5000,4.5000,0,0,4.5000,0,4.5000,0),(33,121,'US-All States-GeneralTaxableGoodsRate','US-All States-GeneralTaxableGoodsRate',7.5000,4.5000,0,0,4.5000,0,4.5000,0),(34,123,'US-All States-GeneralTaxableGoodsRate','US-All States-GeneralTaxableGoodsRate',7.5000,4.5000,0,0,4.5000,0,4.5000,0),(35,124,'US-All States-GeneralTaxableGoodsRate','US-All States-GeneralTaxableGoodsRate',7.5000,4.5000,0,0,4.5000,0,4.5000,0),(36,126,'US-All States-GeneralTaxableGoodsRate','US-All States-GeneralTaxableGoodsRate',7.5000,14.2500,0,0,14.2500,0,14.2500,0),(37,127,'US-All States-GeneralTaxableGoodsRate','US-All States-GeneralTaxableGoodsRate',7.5000,4.5000,0,0,4.5000,0,4.5000,0),(38,128,'US-All States-NotloggedinTaxableGoodsRate','US-All States-NotloggedinTaxableGoodsRate',8.0000,6.0000,0,0,6.0000,0,6.0000,0),(39,129,'US-All States-GeneralTaxableGoodsRate','US-All States-GeneralTaxableGoodsRate',7.5000,4.5000,0,0,4.5000,0,4.5000,0),(40,137,'US-All States-NotloggedinTaxableGoodsRate','US-All States-NotloggedinTaxableGoodsRate',8.0000,10.7200,0,0,10.7200,0,10.7200,0),(41,138,'US-All States-GeneralTaxableGoodsRate','US-All States-GeneralTaxableGoodsRate',7.5000,29.1800,0,0,29.1800,0,29.1800,0),(42,139,'US-All States-GeneralTaxableGoodsRate','US-All States-GeneralTaxableGoodsRate',7.5000,34.1300,0,0,34.1300,0,34.1300,0),(43,140,'US-All States-NotloggedinTaxableGoodsRate','US-All States-NotloggedinTaxableGoodsRate',8.0000,36.4000,0,0,36.4000,0,36.4000,0),(44,141,'US-All States-GeneralTaxableGoodsRate','US-All States-GeneralTaxableGoodsRate',7.5000,35.6300,0,0,35.6300,0,35.6300,0),(45,142,'US-All States-GeneralTaxableGoodsRate','US-All States-GeneralTaxableGoodsRate',7.5000,15.7500,0,0,15.7500,0,15.7500,0),(46,143,'US-All States-GeneralTaxableGoodsRate','US-All States-GeneralTaxableGoodsRate',7.5000,10.5000,0,0,10.5000,0,10.5000,0),(47,144,'US-All States-GeneralTaxableGoodsRate','US-All States-GeneralTaxableGoodsRate',7.5000,6.0000,0,0,6.0000,0,6.0000,0),(48,145,'US-All States-GeneralTaxableGoodsRate','US-All States-GeneralTaxableGoodsRate',7.5000,15.7500,0,0,15.7500,0,15.7500,0),(49,146,'US-All States-GeneralTaxableGoodsRate','US-All States-GeneralTaxableGoodsRate',7.5000,4.5000,0,0,4.5000,0,4.5000,0),(50,147,'US-All States-GeneralTaxableGoodsRate','US-All States-GeneralTaxableGoodsRate',7.5000,79.8800,0,0,79.8800,0,79.8800,0),(51,148,'US-All States-GeneralTaxableGoodsRate','US-All States-GeneralTaxableGoodsRate',7.5000,25.8800,0,0,25.8800,0,25.8800,0),(52,149,'US-All States-GeneralTaxableGoodsRate','US-All States-GeneralTaxableGoodsRate',7.5000,9.0000,0,0,9.0000,0,9.0000,0),(53,150,'US-All States-MemberOnlyTaxableGoodsRate','US-All States-MemberOnlyTaxableGoodsRate',7.2500,36.9800,0,0,36.9800,0,36.9800,0),(54,151,'US-All States-GeneralTaxableGoodsRate','US-All States-GeneralTaxableGoodsRate',7.5000,11.5500,0,0,11.5500,0,11.5500,0),(55,152,'US-All States-GeneralTaxableGoodsRate','US-All States-GeneralTaxableGoodsRate',7.5000,41.2500,0,0,41.2500,0,41.2500,0),(56,153,'US-All States-GeneralTaxableGoodsRate','US-All States-GeneralTaxableGoodsRate',7.5000,30.3800,0,0,30.3800,0,30.3800,0),(57,154,'US-All States-MemberOnlyTaxableGoodsRate','US-All States-MemberOnlyTaxableGoodsRate',7.2500,24.6500,0,0,24.6500,0,24.6500,0),(58,155,'US-All States-GeneralTaxableGoodsRate','US-All States-GeneralTaxableGoodsRate',7.5000,4.5000,0,0,4.5000,0,4.5000,0),(59,156,'US-All States-GeneralTaxableGoodsRate','US-All States-GeneralTaxableGoodsRate',7.5000,4.5000,0,0,4.5000,0,4.5000,0),(60,157,'US-All States-GeneralTaxableGoodsRate','US-All States-GeneralTaxableGoodsRate',7.5000,59.6300,0,0,59.6300,0,59.6300,0),(61,158,'US-All States-RetailTaxableGoodsRate','US-All States-RetailTaxableGoodsRate',7.0000,32.9000,1,0,32.9000,0,32.9000,0),(62,159,'US-All States-MemberOnlyTaxableGoodsRate','US-All States-MemberOnlyTaxableGoodsRate',7.2500,144.6400,0,0,144.6400,0,144.6400,0),(63,160,'US-All States-RetailTaxableGoodsRate','US-All States-RetailTaxableGoodsRate',7.0000,13.3000,1,0,13.3000,0,13.3000,0),(64,161,'US-All States-GeneralTaxableGoodsRate','US-All States-GeneralTaxableGoodsRate',7.5000,11.2500,0,0,11.2500,0,11.2500,0),(65,162,'US-All States-GeneralTaxableGoodsRate','US-All States-GeneralTaxableGoodsRate',7.5000,4.5000,0,0,4.5000,0,4.5000,0),(66,163,'US-All States-GeneralTaxableGoodsRate','US-All States-GeneralTaxableGoodsRate',7.5000,18.0000,0,0,18.0000,0,18.0000,0),(67,164,'US-All States-MemberOnlyTaxableGoodsRate','US-All States-MemberOnlyTaxableGoodsRate',7.2500,188.1400,0,0,188.1400,0,188.1400,0),(68,165,'US-All States-RetailTaxableGoodsRate','US-All States-RetailTaxableGoodsRate',7.0000,39.2000,1,0,39.2000,0,39.2000,0),(69,166,'US-All States-RetailTaxableGoodsRate','US-All States-RetailTaxableGoodsRate',7.0000,31.8500,1,0,31.8500,0,31.8500,0),(70,167,'US-All States-GeneralTaxableGoodsRate','US-All States-GeneralTaxableGoodsRate',7.5000,16.8800,0,0,16.8800,0,16.8800,0),(71,168,'US-All States-GeneralTaxableGoodsRate','US-All States-GeneralTaxableGoodsRate',7.5000,8.2500,0,0,8.2500,0,8.2500,0),(73,170,'US-All States-NotloggedinTaxableGoodsRate','US-All States-NotloggedinTaxableGoodsRate',8.0000,29.2000,0,0,29.2000,0,29.2000,0),(74,171,'US-All States-NotloggedinTaxableGoodsRate','US-All States-NotloggedinTaxableGoodsRate',8.0000,26.4000,0,0,26.4000,0,26.4000,0),(75,172,'US-All States-NotloggedinTaxableGoodsRate','US-All States-NotloggedinTaxableGoodsRate',8.0000,22.4000,0,0,22.4000,0,22.4000,0),(76,173,'US-All States-GeneralTaxableGoodsRate','US-All States-GeneralTaxableGoodsRate',7.5000,34.1300,0,0,34.1300,0,34.1300,0),(77,175,'US-CA-*-Rate 1','US-CA-*-Rate 1',9.0000,51.7500,1,0,51.7500,0,51.7500,0),(78,176,'US-All States-TaxableGoodsRate','US-All States-TaxableGoodsRate',8.2500,12.3800,0,0,12.3800,0,12.3800,0),(79,177,'US-NJ-*-Rate 1','US-NJ-*-Rate 1',7.0000,5.2500,1,0,5.2500,0,5.2500,0),(80,178,'US-NJ-*-Rate 1','US-NJ-*-Rate 1',7.0000,5.2500,1,0,5.2500,0,5.2500,0),(81,179,'US-CA-*-Rate 1','US-CA-*-Rate 1',9.0000,13.2000,1,0,13.2000,0,13.2000,0),(82,180,'US-CA-*-Rate 1','US-CA-*-Rate 1',9.0000,74.2500,1,0,74.2500,0,74.2500,0),(83,181,'US-CA-*-Rate 1','US-CA-*-Rate 1',9.0000,30.9600,1,0,30.9600,0,30.9600,0),(85,183,'US-CA-*-Rate 1','US-CA-*-Rate 1',9.0000,70.2000,1,0,70.2000,0,70.2000,0),(86,184,'US-NY-*-Rate 1','US-NY-*-Rate 1',8.3750,32.2400,1,0,32.2400,0,32.2400,0),(87,185,'US-NY-*-Rate 1','US-NY-*-Rate 1',8.3750,24.7100,1,0,24.7100,0,24.7100,0),(88,186,'US-NY-*-Rate 1','US-NY-*-Rate 1',8.3750,32.6600,1,0,32.6600,0,32.6600,0),(89,187,'US-CA-*-Rate 1','US-CA-*-Rate 1',9.0000,90.1200,1,0,90.1200,0,90.1200,0),(90,188,'US-CA-*-Rate 1','US-CA-*-Rate 1',9.0000,61.2000,1,0,61.2000,0,61.2000,0),(91,189,'US-CA-*-Rate 1','US-CA-*-Rate 1',9.0000,0.4500,1,0,0.4500,0,0.4500,0),(92,190,'US-CA-*-Rate 1','US-CA-*-Rate 1',9.0000,45.4500,1,0,45.4500,0,45.4500,0),(93,191,'US-All States-TaxableGoodsRate','US-All States-TaxableGoodsRate',8.2500,12.3800,0,0,12.3800,0,12.3800,0),(94,192,'US-All States-TaxableGoodsRate','US-All States-TaxableGoodsRate',8.2500,12.3800,0,0,12.3800,0,12.3800,0),(95,193,'US-CA-*-Rate 1','US-CA-*-Rate 1',9.0000,80.5500,1,0,80.5500,0,80.5500,0),(96,194,'US-CA-*-Rate 1','US-CA-*-Rate 1',9.0000,80.5500,1,0,80.5500,0,80.5500,0);

--
-- Table structure for table `sales_order_tax_item`
--

CREATE TABLE `sales_order_tax_item` (
  `tax_item_id` int(10) unsigned NOT NULL AUTO_INCREMENT COMMENT 'Tax Item Id',
  `tax_id` int(10) unsigned NOT NULL COMMENT 'Tax Id',
  `item_id` int(10) unsigned NOT NULL COMMENT 'Item Id',
  `tax_percent` decimal(12,4) NOT NULL COMMENT 'Real Tax Percent For Item',
  PRIMARY KEY (`tax_item_id`),
  UNIQUE KEY `UNQ_SALES_ORDER_TAX_ITEM_TAX_ID_ITEM_ID` (`tax_id`,`item_id`),
  KEY `IDX_SALES_ORDER_TAX_ITEM_TAX_ID` (`tax_id`),
  KEY `IDX_SALES_ORDER_TAX_ITEM_ITEM_ID` (`item_id`),
  CONSTRAINT `FK_SALES_ORDER_TAX_ITEM_ITEM_ID_SALES_FLAT_ORDER_ITEM_ITEM_ID` FOREIGN KEY (`item_id`) REFERENCES `sales_flat_order_item` (`item_id`) ON DELETE CASCADE ON UPDATE CASCADE,
  CONSTRAINT `FK_SALES_ORDER_TAX_ITEM_TAX_ID_SALES_ORDER_TAX_TAX_ID` FOREIGN KEY (`tax_id`) REFERENCES `sales_order_tax` (`tax_id`) ON DELETE CASCADE ON UPDATE CASCADE
) ENGINE=InnoDB AUTO_INCREMENT=162 DEFAULT CHARSET=utf8 COMMENT='Sales Order Tax Item';

--
-- Dumping data for table `sales_order_tax_item`
--

INSERT INTO `sales_order_tax_item` VALUES (4,4,108,8.2500),(5,5,113,8.2500),(6,5,114,8.2500),(7,6,127,8.3750),(8,6,128,8.3750),(9,7,141,8.2500),(10,7,142,8.2500),(11,8,155,8.3750),(12,8,156,8.3750),(18,12,185,7.5000),(19,12,186,7.5000),(20,13,187,7.5000),(21,13,190,7.5000),(22,14,191,7.2500),(23,14,192,7.2500),(27,18,197,7.0000),(28,18,199,7.0000),(29,18,200,7.0000),(30,18,201,7.0000),(31,19,209,7.0000),(32,20,211,7.0000),(33,21,224,7.5000),(34,21,226,7.5000),(37,24,255,7.0000),(38,25,257,7.0000),(40,27,262,7.0000),(41,27,264,7.0000),(125,81,538,9.0000),(126,82,541,9.0000),(127,82,542,9.0000),(128,83,543,9.0000),(129,83,545,9.0000),(135,85,553,9.0000),(136,85,554,9.0000),(137,85,555,9.0000),(138,85,557,9.0000),(139,85,558,9.0000),(140,86,559,8.3750),(141,86,561,8.3750),(142,87,562,8.3750),(143,88,563,8.3750),(144,89,566,9.0000),(145,89,568,9.0000),(146,89,569,9.0000),(147,90,570,9.0000),(148,90,572,9.0000),(149,91,573,9.0000),(150,92,575,9.0000),(151,92,576,9.0000),(152,92,578,9.0000),(153,92,579,9.0000),(154,93,582,8.2500),(155,94,586,8.2500),(156,95,588,9.0000),(157,95,589,9.0000),(158,95,590,9.0000),(159,96,592,9.0000),(160,96,593,9.0000),(161,96,594,9.0000);

--
-- Table structure for table `sales_payment_transaction`
--

CREATE TABLE `sales_payment_transaction` (
  `transaction_id` int(10) unsigned NOT NULL AUTO_INCREMENT COMMENT 'Transaction Id',
  `parent_id` int(10) unsigned DEFAULT NULL COMMENT 'Parent Id',
  `order_id` int(10) unsigned NOT NULL DEFAULT '0' COMMENT 'Order Id',
  `payment_id` int(10) unsigned NOT NULL DEFAULT '0' COMMENT 'Payment Id',
  `txn_id` varchar(100) DEFAULT NULL COMMENT 'Txn Id',
  `parent_txn_id` varchar(100) DEFAULT NULL COMMENT 'Parent Txn Id',
  `txn_type` varchar(15) DEFAULT NULL COMMENT 'Txn Type',
  `is_closed` smallint(5) unsigned NOT NULL DEFAULT '1' COMMENT 'Is Closed',
  `additional_information` blob COMMENT 'Additional Information',
  `created_at` timestamp NULL DEFAULT NULL COMMENT 'Created At',
  PRIMARY KEY (`transaction_id`),
  UNIQUE KEY `UNQ_SALES_PAYMENT_TRANSACTION_ORDER_ID_PAYMENT_ID_TXN_ID` (`order_id`,`payment_id`,`txn_id`),
  KEY `IDX_SALES_PAYMENT_TRANSACTION_ORDER_ID` (`order_id`),
  KEY `IDX_SALES_PAYMENT_TRANSACTION_PARENT_ID` (`parent_id`),
  KEY `IDX_SALES_PAYMENT_TRANSACTION_PAYMENT_ID` (`payment_id`),
  CONSTRAINT `FK_B99FF1A06402D725EBDB0F3A7ECD47A2` FOREIGN KEY (`parent_id`) REFERENCES `sales_payment_transaction` (`transaction_id`) ON DELETE CASCADE ON UPDATE CASCADE,
  CONSTRAINT `FK_DA51A10B2405B64A4DAEF77A64F0DAAD` FOREIGN KEY (`payment_id`) REFERENCES `sales_flat_order_payment` (`entity_id`) ON DELETE CASCADE ON UPDATE CASCADE,
  CONSTRAINT `FK_SALES_PAYMENT_TRANSACTION_ORDER_ID_SALES_FLAT_ORDER_ENTITY_ID` FOREIGN KEY (`order_id`) REFERENCES `sales_flat_order` (`entity_id`) ON DELETE CASCADE ON UPDATE CASCADE
) ENGINE=InnoDB DEFAULT CHARSET=utf8 COMMENT='Sales Payment Transaction';

--
-- Dumping data for table `sales_payment_transaction`
--


--
-- Table structure for table `sales_recurring_profile`
--

CREATE TABLE `sales_recurring_profile` (
  `profile_id` int(10) unsigned NOT NULL AUTO_INCREMENT COMMENT 'Profile Id',
  `state` varchar(20) NOT NULL COMMENT 'State',
  `customer_id` int(10) unsigned DEFAULT NULL COMMENT 'Customer Id',
  `store_id` smallint(5) unsigned DEFAULT NULL COMMENT 'Store Id',
  `method_code` varchar(32) NOT NULL COMMENT 'Method Code',
  `created_at` timestamp NOT NULL DEFAULT CURRENT_TIMESTAMP ON UPDATE CURRENT_TIMESTAMP COMMENT 'Created At',
  `updated_at` timestamp NULL DEFAULT NULL COMMENT 'Updated At',
  `reference_id` varchar(32) DEFAULT NULL COMMENT 'Reference Id',
  `subscriber_name` varchar(150) DEFAULT NULL COMMENT 'Subscriber Name',
  `start_datetime` timestamp NOT NULL DEFAULT '0000-00-00 00:00:00' COMMENT 'Start Datetime',
  `internal_reference_id` varchar(42) NOT NULL COMMENT 'Internal Reference Id',
  `schedule_description` varchar(255) NOT NULL COMMENT 'Schedule Description',
  `suspension_threshold` smallint(5) unsigned DEFAULT NULL COMMENT 'Suspension Threshold',
  `bill_failed_later` smallint(5) unsigned NOT NULL DEFAULT '0' COMMENT 'Bill Failed Later',
  `period_unit` varchar(20) NOT NULL COMMENT 'Period Unit',
  `period_frequency` smallint(5) unsigned DEFAULT NULL COMMENT 'Period Frequency',
  `period_max_cycles` smallint(5) unsigned DEFAULT NULL COMMENT 'Period Max Cycles',
  `billing_amount` decimal(12,4) NOT NULL DEFAULT '0.0000' COMMENT 'Billing Amount',
  `trial_period_unit` varchar(20) DEFAULT NULL COMMENT 'Trial Period Unit',
  `trial_period_frequency` smallint(5) unsigned DEFAULT NULL COMMENT 'Trial Period Frequency',
  `trial_period_max_cycles` smallint(5) unsigned DEFAULT NULL COMMENT 'Trial Period Max Cycles',
  `trial_billing_amount` text COMMENT 'Trial Billing Amount',
  `currency_code` varchar(3) NOT NULL COMMENT 'Currency Code',
  `shipping_amount` decimal(12,4) DEFAULT NULL COMMENT 'Shipping Amount',
  `tax_amount` decimal(12,4) DEFAULT NULL COMMENT 'Tax Amount',
  `init_amount` decimal(12,4) DEFAULT NULL COMMENT 'Init Amount',
  `init_may_fail` smallint(5) unsigned NOT NULL DEFAULT '0' COMMENT 'Init May Fail',
  `order_info` text NOT NULL COMMENT 'Order Info',
  `order_item_info` text NOT NULL COMMENT 'Order Item Info',
  `billing_address_info` text NOT NULL COMMENT 'Billing Address Info',
  `shipping_address_info` text COMMENT 'Shipping Address Info',
  `profile_vendor_info` text COMMENT 'Profile Vendor Info',
  `additional_info` text COMMENT 'Additional Info',
  PRIMARY KEY (`profile_id`),
  UNIQUE KEY `UNQ_SALES_RECURRING_PROFILE_INTERNAL_REFERENCE_ID` (`internal_reference_id`),
  KEY `IDX_SALES_RECURRING_PROFILE_CUSTOMER_ID` (`customer_id`),
  KEY `IDX_SALES_RECURRING_PROFILE_STORE_ID` (`store_id`),
  CONSTRAINT `FK_SALES_RECURRING_PROFILE_CUSTOMER_ID_CUSTOMER_ENTITY_ENTITY_ID` FOREIGN KEY (`customer_id`) REFERENCES `customer_entity` (`entity_id`) ON DELETE SET NULL ON UPDATE CASCADE,
  CONSTRAINT `FK_SALES_RECURRING_PROFILE_STORE_ID_CORE_STORE_STORE_ID` FOREIGN KEY (`store_id`) REFERENCES `core_store` (`store_id`) ON DELETE SET NULL ON UPDATE CASCADE
) ENGINE=InnoDB AUTO_INCREMENT=2 DEFAULT CHARSET=utf8 COMMENT='Sales Recurring Profile';

--
-- Dumping data for table `sales_recurring_profile`
--

INSERT INTO `sales_recurring_profile` VALUES (1,'active',135,1,'paypal_express','2013-05-29 13:23:46','2013-05-29 13:23:47','I-E0S578XSR789',NULL,'2013-05-29 13:23:47','1-5e264db1923055463c0d84b6780b35f8','Madison Island VIP Membership - 1 Year',NULL,0,'year',1,1,350.0000,NULL,NULL,NULL,NULL,'USD',NULL,NULL,NULL,0,'a:95:{s:9:\"entity_id\";s:3:\"638\";s:8:\"store_id\";s:1:\"1\";s:10:\"created_at\";s:19:\"2013-05-29 05:19:56\";s:10:\"updated_at\";s:19:\"2013-05-29 06:23:41\";s:12:\"converted_at\";N;s:9:\"is_active\";s:1:\"1\";s:10:\"is_virtual\";s:1:\"0\";s:17:\"is_multi_shipping\";s:1:\"0\";s:11:\"items_count\";i:1;s:9:\"items_qty\";d:1;s:13:\"orig_order_id\";s:1:\"0\";s:18:\"store_to_base_rate\";s:6:\"1.0000\";s:19:\"store_to_quote_rate\";s:6:\"1.0000\";s:18:\"base_currency_code\";s:3:\"USD\";s:19:\"store_currency_code\";s:3:\"USD\";s:19:\"quote_currency_code\";s:3:\"USD\";s:11:\"grand_total\";d:0;s:16:\"base_grand_total\";d:0;s:15:\"checkout_method\";N;s:11:\"customer_id\";s:3:\"135\";s:21:\"customer_tax_class_id\";s:1:\"3\";s:17:\"customer_group_id\";s:1:\"1\";s:14:\"customer_email\";s:19:\"johndoe@example.com\";s:15:\"customer_prefix\";N;s:18:\"customer_firstname\";s:4:\"John\";s:19:\"customer_middlename\";N;s:17:\"customer_lastname\";s:3:\"Doe\";s:15:\"customer_suffix\";N;s:12:\"customer_dob\";N;s:13:\"customer_note\";N;s:20:\"customer_note_notify\";s:1:\"1\";s:17:\"customer_is_guest\";s:1:\"0\";s:9:\"remote_ip\";s:15:\"142.136.216.131\";s:16:\"applied_rule_ids\";s:0:\"\";s:17:\"reserved_order_id\";s:9:\"100000209\";s:13:\"password_hash\";N;s:11:\"coupon_code\";N;s:20:\"global_currency_code\";s:3:\"USD\";s:19:\"base_to_global_rate\";s:6:\"1.0000\";s:18:\"base_to_quote_rate\";s:6:\"1.0000\";s:15:\"customer_taxvat\";N;s:15:\"customer_gender\";s:1:\"1\";s:8:\"subtotal\";d:0;s:13:\"base_subtotal\";d:0;s:22:\"subtotal_with_discount\";d:0;s:27:\"base_subtotal_with_discount\";d:0;s:10:\"is_changed\";s:1:\"1\";s:17:\"trigger_recollect\";i:0;s:17:\"ext_shipping_info\";N;s:15:\"gift_message_id\";N;s:13:\"is_persistent\";s:1:\"0\";s:28:\"customer_balance_amount_used\";i:0;s:29:\"base_customer_bal_amount_used\";i:0;s:20:\"use_customer_balance\";N;s:10:\"gift_cards\";s:6:\"a:0:{}\";s:17:\"gift_cards_amount\";i:0;s:22:\"base_gift_cards_amount\";i:0;s:22:\"gift_cards_amount_used\";d:0;s:27:\"base_gift_cards_amount_used\";d:0;s:5:\"gw_id\";N;s:21:\"gw_allow_gift_receipt\";N;s:11:\"gw_add_card\";N;s:13:\"gw_base_price\";i:0;s:8:\"gw_price\";i:0;s:19:\"gw_items_base_price\";i:0;s:14:\"gw_items_price\";i:0;s:18:\"gw_card_base_price\";i:0;s:13:\"gw_card_price\";i:0;s:18:\"gw_base_tax_amount\";i:0;s:13:\"gw_tax_amount\";i:0;s:24:\"gw_items_base_tax_amount\";i:0;s:19:\"gw_items_tax_amount\";i:0;s:23:\"gw_card_base_tax_amount\";i:0;s:18:\"gw_card_tax_amount\";i:0;s:17:\"use_reward_points\";N;s:21:\"reward_points_balance\";s:1:\"0\";s:27:\"base_reward_currency_amount\";s:6:\"0.0000\";s:22:\"reward_currency_amount\";s:6:\"0.0000\";s:33:\"base_customer_balance_amount_used\";i:0;s:19:\"gw_add_printed_card\";N;s:26:\"gw_printed_card_base_price\";i:0;s:21:\"gw_printed_card_price\";i:0;s:31:\"gw_printed_card_base_tax_amount\";i:0;s:26:\"gw_printed_card_tax_amount\";i:0;s:15:\"x_forwarded_for\";N;s:17:\"event_initialized\";b:1;s:26:\"customer_balance_collected\";b:1;s:26:\"gift_cards_total_collected\";b:1;s:31:\"is_new_gift_wrapping_collecting\";b:0;s:35:\"is_new_gift_wrapping_tax_collecting\";b:0;s:27:\"reward_points_total_reseted\";b:0;s:17:\"virtual_items_qty\";i:1;s:15:\"taxes_for_items\";a:0:{}s:14:\"can_apply_msrp\";b:0;s:21:\"totals_collected_flag\";b:1;}','a:80:{s:7:\"item_id\";s:4:\"2381\";s:8:\"quote_id\";s:3:\"638\";s:10:\"created_at\";s:19:\"2013-05-29 06:21:30\";s:10:\"updated_at\";s:19:\"2013-05-29 06:21:30\";s:10:\"product_id\";s:3:\"564\";s:8:\"store_id\";s:1:\"1\";s:14:\"parent_item_id\";N;s:10:\"is_virtual\";s:1:\"1\";s:3:\"sku\";s:6:\"mem000\";s:4:\"name\";s:38:\"Madison Island VIP Membership - 1 Year\";s:11:\"description\";N;s:16:\"applied_rule_ids\";s:0:\"\";s:15:\"additional_data\";N;s:13:\"free_shipping\";s:1:\"0\";s:14:\"is_qty_decimal\";s:1:\"0\";s:11:\"no_discount\";s:1:\"0\";s:6:\"weight\";N;s:3:\"qty\";i:1;s:5:\"price\";d:350;s:10:\"base_price\";d:350;s:12:\"custom_price\";N;s:16:\"discount_percent\";i:0;s:15:\"discount_amount\";i:0;s:20:\"base_discount_amount\";i:0;s:11:\"tax_percent\";i:0;s:10:\"tax_amount\";i:0;s:15:\"base_tax_amount\";i:0;s:9:\"row_total\";d:350;s:14:\"base_row_total\";d:350;s:23:\"row_total_with_discount\";s:6:\"0.0000\";s:10:\"row_weight\";s:6:\"0.0000\";s:12:\"product_type\";s:7:\"virtual\";s:24:\"base_tax_before_discount\";N;s:19:\"tax_before_discount\";N;s:21:\"original_custom_price\";N;s:12:\"redirect_url\";N;s:9:\"base_cost\";N;s:14:\"price_incl_tax\";d:350;s:19:\"base_price_incl_tax\";d:350;s:18:\"row_total_incl_tax\";d:350;s:23:\"base_row_total_incl_tax\";d:350;s:17:\"hidden_tax_amount\";N;s:22:\"base_hidden_tax_amount\";N;s:15:\"gift_message_id\";N;s:20:\"weee_tax_disposition\";i:0;s:24:\"weee_tax_row_disposition\";i:0;s:25:\"base_weee_tax_disposition\";i:0;s:29:\"base_weee_tax_row_disposition\";i:0;s:16:\"weee_tax_applied\";s:6:\"a:0:{}\";s:23:\"weee_tax_applied_amount\";i:0;s:27:\"weee_tax_applied_row_amount\";i:0;s:28:\"base_weee_tax_applied_amount\";i:0;s:30:\"base_weee_tax_applied_row_amnt\";N;s:8:\"event_id\";N;s:20:\"giftregistry_item_id\";N;s:5:\"gw_id\";N;s:13:\"gw_base_price\";N;s:8:\"gw_price\";N;s:18:\"gw_base_tax_amount\";N;s:13:\"gw_tax_amount\";N;s:11:\"qty_options\";a:0:{}s:12:\"tax_class_id\";s:1:\"0\";s:12:\"is_recurring\";s:1:\"1\";s:9:\"has_error\";b:0;s:10:\"is_nominal\";b:1;s:22:\"base_calculation_price\";d:350;s:17:\"calculation_price\";d:350;s:15:\"converted_price\";d:350;s:19:\"base_original_price\";d:350;s:14:\"taxable_amount\";d:350;s:19:\"base_taxable_amount\";d:350;s:17:\"is_price_incl_tax\";b:0;s:14:\"original_price\";d:350;s:32:\"base_weee_tax_applied_row_amount\";i:0;s:25:\"discount_tax_compensation\";i:0;s:30:\"base_discount_tax_compensation\";i:0;s:17:\"nominal_row_total\";d:350;s:22:\"base_nominal_row_total\";d:350;s:21:\"nominal_total_details\";a:0:{}s:15:\"info_buyRequest\";s:488:\"a:9:{s:4:\"uenc\";s:88:\"aHR0cDovL3d3dy5tYWdlbnRvdHJpYWwuY29tL21hZGlzb24taXNsYW5kLXZpcC1tZW1iZXJzaGlwLTEteWVhcg,,\";s:7:\"product\";s:3:\"564\";s:8:\"form_key\";s:16:\"02HKcNjBgZtxUmnY\";s:15:\"related_product\";s:0:\"\";s:7:\"options\";a:1:{i:6;a:4:{s:5:\"month\";s:1:\"2\";s:3:\"day\";s:1:\"3\";s:4:\"year\";s:4:\"2013\";s:13:\"date_internal\";s:19:\"2013-02-03 00:00:00\";}}s:19:\"validate_datetime_6\";s:0:\"\";s:32:\"recurring_profile_start_datetime\";s:19:\"05/31/2013 11:21 PM\";s:3:\"qty\";s:1:\"1\";s:10:\"return_url\";s:0:\"\";}\";}','a:138:{s:10:\"address_id\";s:4:\"2502\";s:8:\"quote_id\";s:3:\"638\";s:10:\"created_at\";s:19:\"2013-05-28 22:19:58\";s:10:\"updated_at\";s:19:\"2013-05-29 06:23:41\";s:11:\"customer_id\";s:3:\"135\";s:20:\"save_in_address_book\";s:1:\"0\";s:19:\"customer_address_id\";N;s:12:\"address_type\";s:7:\"billing\";s:5:\"email\";s:30:\"noreply-demo-personal@ebay.com\";s:6:\"prefix\";N;s:9:\"firstname\";s:7:\"Magento\";s:10:\"middlename\";N;s:8:\"lastname\";s:4:\"Demo\";s:6:\"suffix\";N;s:7:\"company\";N;s:6:\"street\";s:11:\"Main Street\";s:4:\"city\";s:11:\"Los Angeles\";s:6:\"region\";s:10:\"California\";s:9:\"region_id\";s:2:\"12\";s:8:\"postcode\";s:5:\"95131\";s:10:\"country_id\";s:2:\"US\";s:9:\"telephone\";s:12:\"888-888-8888\";s:3:\"fax\";N;s:15:\"same_as_billing\";s:1:\"0\";s:13:\"free_shipping\";i:0;s:22:\"collect_shipping_rates\";b:1;s:15:\"shipping_method\";s:0:\"\";s:20:\"shipping_description\";s:0:\"\";s:6:\"weight\";i:0;s:8:\"subtotal\";i:0;s:13:\"base_subtotal\";i:0;s:22:\"subtotal_with_discount\";s:6:\"0.0000\";s:27:\"base_subtotal_with_discount\";s:6:\"0.0000\";s:10:\"tax_amount\";i:0;s:15:\"base_tax_amount\";i:0;s:15:\"shipping_amount\";i:0;s:20:\"base_shipping_amount\";i:0;s:19:\"shipping_tax_amount\";i:0;s:24:\"base_shipping_tax_amount\";i:0;s:15:\"discount_amount\";i:0;s:20:\"base_discount_amount\";i:0;s:11:\"grand_total\";i:0;s:16:\"base_grand_total\";i:0;s:14:\"customer_notes\";N;s:13:\"applied_taxes\";s:6:\"a:0:{}\";s:20:\"discount_description\";s:0:\"\";s:24:\"shipping_discount_amount\";i:0;s:29:\"base_shipping_discount_amount\";i:0;s:17:\"subtotal_incl_tax\";i:0;s:28:\"base_subtotal_total_incl_tax\";N;s:17:\"hidden_tax_amount\";i:0;s:22:\"base_hidden_tax_amount\";i:0;s:26:\"shipping_hidden_tax_amount\";i:0;s:29:\"base_shipping_hidden_tax_amnt\";N;s:17:\"shipping_incl_tax\";d:0;s:22:\"base_shipping_incl_tax\";d:0;s:6:\"vat_id\";N;s:12:\"vat_is_valid\";N;s:14:\"vat_request_id\";N;s:16:\"vat_request_date\";N;s:19:\"vat_request_success\";N;s:15:\"gift_message_id\";N;s:28:\"base_customer_balance_amount\";i:0;s:23:\"customer_balance_amount\";i:0;s:17:\"gift_cards_amount\";d:0;s:22:\"base_gift_cards_amount\";d:0;s:10:\"gift_cards\";s:6:\"a:0:{}\";s:15:\"used_gift_cards\";s:6:\"a:0:{}\";s:20:\"giftregistry_item_id\";N;s:5:\"gw_id\";N;s:21:\"gw_allow_gift_receipt\";N;s:11:\"gw_add_card\";N;s:19:\"gw_add_printed_card\";N;s:13:\"gw_base_price\";N;s:8:\"gw_price\";N;s:19:\"gw_items_base_price\";N;s:14:\"gw_items_price\";N;s:18:\"gw_card_base_price\";N;s:26:\"gw_printed_card_base_price\";N;s:13:\"gw_card_price\";N;s:21:\"gw_printed_card_price\";N;s:18:\"gw_base_tax_amount\";N;s:13:\"gw_tax_amount\";N;s:24:\"gw_items_base_tax_amount\";N;s:19:\"gw_items_tax_amount\";N;s:23:\"gw_card_base_tax_amount\";N;s:31:\"gw_printed_card_base_tax_amount\";N;s:18:\"gw_card_tax_amount\";N;s:26:\"gw_printed_card_tax_amount\";N;s:21:\"reward_points_balance\";N;s:27:\"base_reward_currency_amount\";N;s:22:\"reward_currency_amount\";N;s:9:\"entity_id\";s:4:\"2502\";s:24:\"should_ignore_validation\";b:1;s:16:\"extra_tax_amount\";i:0;s:21:\"base_extra_tax_amount\";i:0;s:28:\"recurring_initial_fee_amount\";i:0;s:33:\"base_recurring_initial_fee_amount\";i:0;s:16:\"cached_items_all\";a:0:{}s:20:\"cached_items_nominal\";a:0:{}s:23:\"cached_items_nonnominal\";a:0:{}s:30:\"recurring_trial_payment_amount\";i:0;s:35:\"base_recurring_trial_payment_amount\";i:0;s:23:\"nominal_subtotal_amount\";i:0;s:28:\"base_nominal_subtotal_amount\";i:0;s:9:\"total_qty\";i:0;s:19:\"base_virtual_amount\";i:0;s:14:\"virtual_amount\";i:0;s:22:\"base_subtotal_incl_tax\";i:0;s:15:\"rounding_deltas\";a:0:{}s:23:\"nominal_discount_amount\";i:0;s:28:\"base_nominal_discount_amount\";i:0;s:16:\"applied_rule_ids\";s:0:\"\";s:16:\"cart_fixed_rules\";a:0:{}s:19:\"nominal_weee_amount\";i:0;s:24:\"base_nominal_weee_amount\";i:0;s:19:\"applied_taxes_reset\";b:1;s:18:\"nominal_tax_amount\";i:0;s:23:\"base_nominal_tax_amount\";i:0;s:31:\"base_shipping_hidden_tax_amount\";i:0;s:18:\"free_method_weight\";i:0;s:8:\"item_qty\";i:0;s:11:\"region_code\";s:2:\"CA\";s:19:\"freeshipping_amount\";i:0;s:24:\"base_freeshipping_amount\";i:0;s:19:\"giftwrapping_amount\";i:0;s:24:\"base_giftwrapping_amount\";i:0;s:11:\"msrp_amount\";i:0;s:16:\"base_msrp_amount\";i:0;s:11:\"weee_amount\";i:0;s:16:\"base_weee_amount\";i:0;s:19:\"tax_shipping_amount\";i:0;s:24:\"base_tax_shipping_amount\";i:0;s:16:\"shipping_taxable\";i:0;s:21:\"base_shipping_taxable\";i:0;s:20:\"is_shipping_incl_tax\";b:0;s:23:\"tax_giftwrapping_amount\";i:0;s:28:\"base_tax_giftwrapping_amount\";i:0;}',NULL,NULL,NULL);

--
-- Table structure for table `sales_recurring_profile_order`
--

CREATE TABLE `sales_recurring_profile_order` (
  `link_id` int(10) unsigned NOT NULL AUTO_INCREMENT COMMENT 'Link Id',
  `profile_id` int(10) unsigned NOT NULL DEFAULT '0' COMMENT 'Profile Id',
  `order_id` int(10) unsigned NOT NULL DEFAULT '0' COMMENT 'Order Id',
  PRIMARY KEY (`link_id`),
  UNIQUE KEY `UNQ_SALES_RECURRING_PROFILE_ORDER_PROFILE_ID_ORDER_ID` (`profile_id`,`order_id`),
  KEY `IDX_SALES_RECURRING_PROFILE_ORDER_ORDER_ID` (`order_id`),
  CONSTRAINT `FK_7FF85741C66DCD37A4FBE3E3255A5A01` FOREIGN KEY (`order_id`) REFERENCES `sales_flat_order` (`entity_id`) ON DELETE CASCADE ON UPDATE CASCADE,
  CONSTRAINT `FK_B8A7A5397B67455786E55461748C59F4` FOREIGN KEY (`profile_id`) REFERENCES `sales_recurring_profile` (`profile_id`) ON DELETE CASCADE ON UPDATE CASCADE
) ENGINE=InnoDB DEFAULT CHARSET=utf8 COMMENT='Sales Recurring Profile Order';

--
-- Dumping data for table `sales_recurring_profile_order`
--


--
-- Table structure for table `sales_refunded_aggregated`
--

CREATE TABLE `sales_refunded_aggregated` (
  `id` int(10) unsigned NOT NULL AUTO_INCREMENT COMMENT 'Id',
  `period` date DEFAULT NULL COMMENT 'Period',
  `store_id` smallint(5) unsigned DEFAULT NULL COMMENT 'Store Id',
  `order_status` varchar(50) NOT NULL DEFAULT '' COMMENT 'Order Status',
  `orders_count` int(11) NOT NULL DEFAULT '0' COMMENT 'Orders Count',
  `refunded` decimal(12,4) DEFAULT NULL COMMENT 'Refunded',
  `online_refunded` decimal(12,4) DEFAULT NULL COMMENT 'Online Refunded',
  `offline_refunded` decimal(12,4) DEFAULT NULL COMMENT 'Offline Refunded',
  PRIMARY KEY (`id`),
  UNIQUE KEY `UNQ_SALES_REFUNDED_AGGREGATED_PERIOD_STORE_ID_ORDER_STATUS` (`period`,`store_id`,`order_status`),
  KEY `IDX_SALES_REFUNDED_AGGREGATED_STORE_ID` (`store_id`),
  CONSTRAINT `FK_SALES_REFUNDED_AGGREGATED_STORE_ID_CORE_STORE_STORE_ID` FOREIGN KEY (`store_id`) REFERENCES `core_store` (`store_id`) ON DELETE SET NULL ON UPDATE CASCADE
) ENGINE=InnoDB AUTO_INCREMENT=5 DEFAULT CHARSET=utf8 COMMENT='Sales Refunded Aggregated';

--
-- Dumping data for table `sales_refunded_aggregated`
--

INSERT INTO `sales_refunded_aggregated` VALUES (1,'2013-04-26',1,'closed',2,312.7700,NULL,312.7700),(2,'2013-04-26',0,'closed',2,312.7700,NULL,312.7700),(3,'2013-04-30',1,'closed',1,3846.7800,NULL,3846.7800),(4,'2013-04-30',0,'closed',1,3846.7800,NULL,3846.7800);

--
-- Table structure for table `sales_refunded_aggregated_order`
--

CREATE TABLE `sales_refunded_aggregated_order` (
  `id` int(10) unsigned NOT NULL AUTO_INCREMENT COMMENT 'Id',
  `period` date DEFAULT NULL COMMENT 'Period',
  `store_id` smallint(5) unsigned DEFAULT NULL COMMENT 'Store Id',
  `order_status` varchar(50) DEFAULT NULL COMMENT 'Order Status',
  `orders_count` int(11) NOT NULL DEFAULT '0' COMMENT 'Orders Count',
  `refunded` decimal(12,4) DEFAULT NULL COMMENT 'Refunded',
  `online_refunded` decimal(12,4) DEFAULT NULL COMMENT 'Online Refunded',
  `offline_refunded` decimal(12,4) DEFAULT NULL COMMENT 'Offline Refunded',
  PRIMARY KEY (`id`),
  UNIQUE KEY `UNQ_SALES_REFUNDED_AGGREGATED_ORDER_PERIOD_STORE_ID_ORDER_STATUS` (`period`,`store_id`,`order_status`),
  KEY `IDX_SALES_REFUNDED_AGGREGATED_ORDER_STORE_ID` (`store_id`),
  CONSTRAINT `FK_SALES_REFUNDED_AGGREGATED_ORDER_STORE_ID_CORE_STORE_STORE_ID` FOREIGN KEY (`store_id`) REFERENCES `core_store` (`store_id`) ON DELETE SET NULL ON UPDATE CASCADE
) ENGINE=InnoDB AUTO_INCREMENT=5 DEFAULT CHARSET=utf8 COMMENT='Sales Refunded Aggregated Order';

--
-- Dumping data for table `sales_refunded_aggregated_order`
--

INSERT INTO `sales_refunded_aggregated_order` VALUES (1,'2013-04-26',1,'closed',2,312.7700,NULL,312.7700),(2,'2013-04-26',0,'closed',2,312.7700,NULL,312.7700),(3,'2013-04-30',1,'closed',1,3846.7800,NULL,3846.7800),(4,'2013-04-30',0,'closed',1,3846.7800,NULL,3846.7800);

--
-- Table structure for table `sales_shipping_aggregated`
--

CREATE TABLE `sales_shipping_aggregated` (
  `id` int(10) unsigned NOT NULL AUTO_INCREMENT COMMENT 'Id',
  `period` date DEFAULT NULL COMMENT 'Period',
  `store_id` smallint(5) unsigned DEFAULT NULL COMMENT 'Store Id',
  `order_status` varchar(50) DEFAULT NULL COMMENT 'Order Status',
  `shipping_description` varchar(255) DEFAULT NULL COMMENT 'Shipping Description',
  `orders_count` int(11) NOT NULL DEFAULT '0' COMMENT 'Orders Count',
  `total_shipping` decimal(12,4) DEFAULT NULL COMMENT 'Total Shipping',
  `total_shipping_actual` decimal(12,4) DEFAULT NULL COMMENT 'Total Shipping Actual',
  PRIMARY KEY (`id`),
  UNIQUE KEY `UNQ_SALES_SHPP_AGGRED_PERIOD_STORE_ID_ORDER_STS_SHPP_DESCRIPTION` (`period`,`store_id`,`order_status`,`shipping_description`),
  KEY `IDX_SALES_SHIPPING_AGGREGATED_STORE_ID` (`store_id`),
  CONSTRAINT `FK_SALES_SHIPPING_AGGREGATED_STORE_ID_CORE_STORE_STORE_ID` FOREIGN KEY (`store_id`) REFERENCES `core_store` (`store_id`) ON DELETE SET NULL ON UPDATE CASCADE
) ENGINE=InnoDB AUTO_INCREMENT=43 DEFAULT CHARSET=utf8 COMMENT='Sales Shipping Aggregated';

--
-- Dumping data for table `sales_shipping_aggregated`
--

INSERT INTO `sales_shipping_aggregated` VALUES (1,'2013-04-11',1,'complete','United Parcel Service - Ground',2,87.2600,87.2600),(2,'2013-04-11',0,'complete','United Parcel Service - Ground',2,87.2600,87.2600),(3,'2013-04-12',1,'complete','United Parcel Service - Ground',1,13.5000,13.5000),(4,'2013-04-12',0,'complete','United Parcel Service - Ground',1,13.5000,13.5000),(5,'2013-04-17',1,'complete','United Parcel Service - 3 Day Select',2,99.3400,99.3400),(6,'2013-04-17',1,'complete','United Parcel Service - Ground',2,42.6000,42.6000),(8,'2013-04-17',0,'complete','United Parcel Service - 3 Day Select',2,99.3400,99.3400),(9,'2013-04-17',0,'complete','United Parcel Service - Ground',2,42.6000,42.6000),(11,'2013-04-22',1,'processing','United Parcel Service - 2nd Day Air',1,35.3400,35.3400),(12,'2013-04-22',0,'processing','United Parcel Service - 2nd Day Air',1,35.3400,35.3400),(13,'2013-04-24',1,'processing','United Parcel Service - 2nd Day Air',1,77.9500,77.9500),(14,'2013-04-24',0,'processing','United Parcel Service - 2nd Day Air',1,77.9500,77.9500),(15,'2013-04-25',1,'complete','United Parcel Service - Ground',2,160.4300,160.4300),(16,'2013-04-25',0,'complete','United Parcel Service - Ground',2,160.4300,160.4300),(17,'2013-04-26',1,'closed','United Parcel Service - Ground',2,27.5200,0.0000),(18,'2013-04-26',0,'closed','United Parcel Service - Ground',2,27.5200,0.0000),(19,'2013-04-30',1,'closed','United Parcel Service - Worldwide Expedited',1,321.7800,0.0000),(20,'2013-04-30',1,'complete','United Parcel Service - Worldwide Expedited',1,122.9800,122.9800),(22,'2013-04-30',0,'closed','United Parcel Service - Worldwide Expedited',1,321.7800,0.0000),(23,'2013-04-30',0,'complete','United Parcel Service - Worldwide Expedited',1,122.9800,122.9800),(25,'2013-05-01',1,'processing','United Parcel Service - Worldwide Expedited',1,122.9800,122.9800),(26,'2013-05-01',0,'processing','United Parcel Service - Worldwide Expedited',1,122.9800,122.9800),(27,'2013-05-02',1,'complete','United Parcel Service - Worldwide Expedited',1,122.9800,122.9800),(28,'2013-05-02',0,'complete','United Parcel Service - Worldwide Expedited',1,122.9800,122.9800),(29,'2013-05-03',1,'complete','United Parcel Service - Ground',1,13.5000,13.5000),(30,'2013-05-03',0,'complete','United Parcel Service - Ground',1,13.5000,13.5000),(33,'2013-05-06',1,'processing','United Parcel Service - Ground',1,15.0200,15.0200),(34,'2013-05-07',1,'complete','United Parcel Service - 2nd Day Air',1,38.9100,38.9100),(35,'2013-05-07',1,'complete','United Parcel Service - 3 Day Select',1,31.5200,31.5200),(36,'2013-05-06',0,'processing','United Parcel Service - Ground',1,15.0200,15.0200),(37,'2013-05-07',0,'complete','United Parcel Service - 2nd Day Air',1,38.9100,38.9100),(38,'2013-05-07',0,'complete','United Parcel Service - 3 Day Select',1,31.5200,31.5200),(39,'2013-05-08',NULL,'complete','United Parcel Service - 3 Day Select',1,52.8900,52.8900),(40,'2013-05-08',0,'complete','United Parcel Service - 3 Day Select',1,52.8900,52.8900),(41,'2013-05-10',NULL,'complete','United Parcel Service - Ground',1,13.5000,13.5000),(42,'2013-05-10',0,'complete','United Parcel Service - Ground',1,13.5000,13.5000);

--
-- Table structure for table `sales_shipping_aggregated_order`
--

CREATE TABLE `sales_shipping_aggregated_order` (
  `id` int(10) unsigned NOT NULL AUTO_INCREMENT COMMENT 'Id',
  `period` date DEFAULT NULL COMMENT 'Period',
  `store_id` smallint(5) unsigned DEFAULT NULL COMMENT 'Store Id',
  `order_status` varchar(50) DEFAULT NULL COMMENT 'Order Status',
  `shipping_description` varchar(255) DEFAULT NULL COMMENT 'Shipping Description',
  `orders_count` int(11) NOT NULL DEFAULT '0' COMMENT 'Orders Count',
  `total_shipping` decimal(12,4) DEFAULT NULL COMMENT 'Total Shipping',
  `total_shipping_actual` decimal(12,4) DEFAULT NULL COMMENT 'Total Shipping Actual',
  PRIMARY KEY (`id`),
  UNIQUE KEY `C05FAE47282EEA68654D0924E946761F` (`period`,`store_id`,`order_status`,`shipping_description`),
  KEY `IDX_SALES_SHIPPING_AGGREGATED_ORDER_STORE_ID` (`store_id`),
  CONSTRAINT `FK_SALES_SHIPPING_AGGREGATED_ORDER_STORE_ID_CORE_STORE_STORE_ID` FOREIGN KEY (`store_id`) REFERENCES `core_store` (`store_id`) ON DELETE SET NULL ON UPDATE CASCADE
) ENGINE=InnoDB AUTO_INCREMENT=77 DEFAULT CHARSET=utf8 COMMENT='Sales Shipping Aggregated Order';

--
-- Dumping data for table `sales_shipping_aggregated_order`
--

INSERT INTO `sales_shipping_aggregated_order` VALUES (1,'2013-03-12',1,'processing','United Parcel Service - 2nd Day Air',1,30.2700,NULL),(2,'2013-03-12',1,'processing','United Parcel Service - 3 Day Select',1,24.5900,NULL),(3,'2013-04-11',1,'complete','United Parcel Service - Ground',2,87.2600,87.2600),(4,'2013-03-12',0,'processing','United Parcel Service - 2nd Day Air',1,30.2700,NULL),(5,'2013-03-12',0,'processing','United Parcel Service - 3 Day Select',1,24.5900,NULL),(6,'2013-04-11',0,'complete','United Parcel Service - Ground',2,87.2600,87.2600),(7,'2013-04-12',1,'complete','United Parcel Service - Ground',1,13.5000,13.5000),(8,'2013-04-12',0,'complete','United Parcel Service - Ground',1,13.5000,13.5000),(9,'2013-03-14',1,'processing','Flat Rate - Fixed',1,5.0000,NULL),(10,'2013-03-14',0,'processing','Flat Rate - Fixed',1,5.0000,NULL),(11,'2013-04-17',1,'complete','United Parcel Service - 3 Day Select',2,99.3400,99.3400),(12,'2013-04-17',1,'complete','United Parcel Service - Ground',2,42.6000,42.6000),(14,'2013-04-17',0,'complete','United Parcel Service - 3 Day Select',2,99.3400,99.3400),(15,'2013-04-17',0,'complete','United Parcel Service - Ground',2,42.6000,42.6000),(17,'2013-04-22',1,'processing','United Parcel Service - 2nd Day Air',1,35.3400,35.3400),(18,'2013-04-22',0,'processing','United Parcel Service - 2nd Day Air',1,35.3400,35.3400),(25,'2013-04-23',1,'processing','United Parcel Service - 2nd Day Air',1,77.9500,77.9500),(26,'2013-04-23',1,'processing','United Parcel Service - Ground',1,24.5500,24.5500),(27,'2013-04-23',1,'processing','United Parcel Service - Next Day Air',1,282.3500,NULL),(28,'2013-04-24',1,'holded','United Parcel Service - Ground',1,15.0200,NULL),(29,'2013-04-24',1,'processing','United Parcel Service - 2nd Day Air',1,126.6700,NULL),(30,'2013-04-24',NULL,'holded','United Parcel Service - Next Day Air Early AM',1,103.3200,NULL),(31,'2013-04-24',NULL,'processing','United Parcel Service - 3 Day Select',1,37.8600,NULL),(32,'2013-04-23',0,'processing','United Parcel Service - 2nd Day Air',1,77.9500,77.9500),(33,'2013-04-23',0,'processing','United Parcel Service - Ground',1,24.5500,24.5500),(34,'2013-04-23',0,'processing','United Parcel Service - Next Day Air',1,282.3500,NULL),(35,'2013-04-24',0,'holded','United Parcel Service - Ground',1,15.0200,NULL),(36,'2013-04-24',0,'holded','United Parcel Service - Next Day Air Early AM',1,103.3200,NULL),(37,'2013-04-24',0,'processing','United Parcel Service - 2nd Day Air',1,126.6700,NULL),(38,'2013-04-24',0,'processing','United Parcel Service - 3 Day Select',1,37.8600,NULL),(39,'2013-04-25',1,'complete','United Parcel Service - Ground',2,160.4300,160.4300),(40,'2013-04-25',0,'complete','United Parcel Service - Ground',2,160.4300,160.4300),(41,'2013-04-26',1,'closed','United Parcel Service - Ground',2,27.5200,0.0000),(42,'2013-04-26',0,'closed','United Parcel Service - Ground',2,27.5200,0.0000),(43,'2013-04-30',1,'closed','United Parcel Service - Worldwide Expedited',1,321.7800,0.0000),(44,'2013-04-30',1,'complete','United Parcel Service - Worldwide Expedited',1,122.9800,122.9800),(46,'2013-04-30',0,'closed','United Parcel Service - Worldwide Expedited',1,321.7800,0.0000),(47,'2013-04-30',0,'complete','United Parcel Service - Worldwide Expedited',1,122.9800,122.9800),(49,'2013-05-01',1,'processing','United Parcel Service - Worldwide Expedited',1,122.9800,122.9800),(50,'2013-05-01',0,'processing','United Parcel Service - Worldwide Expedited',1,122.9800,122.9800),(51,'2013-05-02',1,'complete','United Parcel Service - Worldwide Expedited',1,122.9800,122.9800),(52,'2013-05-02',1,'processing','United Parcel Service - Worldwide Expedited',2,245.9600,NULL),(54,'2013-05-02',0,'complete','United Parcel Service - Worldwide Expedited',1,122.9800,122.9800),(55,'2013-05-02',0,'processing','United Parcel Service - Worldwide Expedited',2,245.9600,NULL),(61,'2013-05-06',1,'processing','United Parcel Service - Ground',1,15.0200,15.0200),(62,'2013-05-07',1,'complete','United Parcel Service - 2nd Day Air',1,38.9100,38.9100),(63,'2013-05-07',1,'complete','United Parcel Service - 3 Day Select',1,31.5200,31.5200),(64,'2013-05-06',0,'processing','United Parcel Service - Ground',1,15.0200,15.0200),(65,'2013-05-07',0,'complete','United Parcel Service - 2nd Day Air',1,38.9100,38.9100),(66,'2013-05-07',0,'complete','United Parcel Service - 3 Day Select',1,31.5200,31.5200),(67,'2013-05-08',NULL,'complete','United Parcel Service - 3 Day Select',1,52.8900,52.8900),(68,'2013-05-08',0,'complete','United Parcel Service - 3 Day Select',1,52.8900,52.8900),(69,'2013-05-03',1,'complete','United Parcel Service - Ground',1,13.5000,13.5000),(70,'2013-05-03',NULL,'complete','United Parcel Service - Ground',1,13.5000,13.5000),(72,'2013-05-03',0,'complete','United Parcel Service - Ground',2,27.0000,27.0000),(73,'2013-05-15',1,'processing','United Parcel Service - Ground',3,37.8000,NULL),(74,'2013-05-15',0,'processing','United Parcel Service - Ground',3,37.8000,NULL),(75,'2013-05-16',1,'processing','United Parcel Service - Ground',1,0.0000,NULL),(76,'2013-05-16',0,'processing','United Parcel Service - Ground',1,0.0000,NULL);

--
-- Table structure for table `salesrule`
--

CREATE TABLE `salesrule` (
  `rule_id` int(10) unsigned NOT NULL AUTO_INCREMENT COMMENT 'Rule Id',
  `name` varchar(255) DEFAULT NULL COMMENT 'Name',
  `description` text COMMENT 'Description',
  `from_date` date DEFAULT NULL,
  `to_date` date DEFAULT NULL,
  `uses_per_customer` int(11) NOT NULL DEFAULT '0' COMMENT 'Uses Per Customer',
  `is_active` smallint(6) NOT NULL DEFAULT '0' COMMENT 'Is Active',
  `conditions_serialized` mediumtext COMMENT 'Conditions Serialized',
  `actions_serialized` mediumtext COMMENT 'Actions Serialized',
  `stop_rules_processing` smallint(6) NOT NULL DEFAULT '1' COMMENT 'Stop Rules Processing',
  `is_advanced` smallint(5) unsigned NOT NULL DEFAULT '1' COMMENT 'Is Advanced',
  `product_ids` text COMMENT 'Product Ids',
  `sort_order` int(10) unsigned NOT NULL DEFAULT '0' COMMENT 'Sort Order',
  `simple_action` varchar(32) DEFAULT NULL COMMENT 'Simple Action',
  `discount_amount` decimal(12,4) NOT NULL DEFAULT '0.0000' COMMENT 'Discount Amount',
  `discount_qty` decimal(12,4) DEFAULT NULL COMMENT 'Discount Qty',
  `discount_step` int(10) unsigned NOT NULL COMMENT 'Discount Step',
  `simple_free_shipping` smallint(5) unsigned NOT NULL DEFAULT '0' COMMENT 'Simple Free Shipping',
  `apply_to_shipping` smallint(5) unsigned NOT NULL DEFAULT '0' COMMENT 'Apply To Shipping',
  `times_used` int(10) unsigned NOT NULL DEFAULT '0' COMMENT 'Times Used',
  `is_rss` smallint(6) NOT NULL DEFAULT '0' COMMENT 'Is Rss',
  `coupon_type` smallint(5) unsigned NOT NULL DEFAULT '1' COMMENT 'Coupon Type',
  `use_auto_generation` smallint(6) NOT NULL DEFAULT '0' COMMENT 'Use Auto Generation',
  `uses_per_coupon` int(11) NOT NULL DEFAULT '0' COMMENT 'Uses Per Coupon',
  PRIMARY KEY (`rule_id`),
  KEY `IDX_SALESRULE_IS_ACTIVE_SORT_ORDER_TO_DATE_FROM_DATE` (`is_active`,`sort_order`,`to_date`,`from_date`)
) ENGINE=InnoDB AUTO_INCREMENT=44 DEFAULT CHARSET=utf8 COMMENT='Salesrule';

--
-- Dumping data for table `salesrule`
--

INSERT INTO `salesrule` VALUES (6,' $5 off when you choose UPS(NextDay Air) shipping',NULL,'2013-05-03',NULL,0,1,'a:7:{s:4:\"type\";s:32:\"salesrule/rule_condition_combine\";s:9:\"attribute\";N;s:8:\"operator\";N;s:5:\"value\";s:1:\"1\";s:18:\"is_value_processed\";N;s:10:\"aggregator\";s:3:\"all\";s:10:\"conditions\";a:1:{i:0;a:5:{s:4:\"type\";s:32:\"salesrule/rule_condition_address\";s:9:\"attribute\";s:15:\"shipping_method\";s:8:\"operator\";s:2:\"==\";s:5:\"value\";s:7:\"ups_1DA\";s:18:\"is_value_processed\";b:0;}}}','a:6:{s:4:\"type\";s:40:\"salesrule/rule_condition_product_combine\";s:9:\"attribute\";N;s:8:\"operator\";N;s:5:\"value\";s:1:\"1\";s:18:\"is_value_processed\";N;s:10:\"aggregator\";s:3:\"all\";}',0,1,NULL,0,'cart_fixed',5.0000,NULL,0,0,0,5,1,1,0,0),(7,'Get 10% off on shipping in NJ',NULL,'2013-05-03',NULL,0,0,'a:7:{s:4:\"type\";s:32:\"salesrule/rule_condition_combine\";s:9:\"attribute\";N;s:8:\"operator\";N;s:5:\"value\";s:1:\"1\";s:18:\"is_value_processed\";N;s:10:\"aggregator\";s:3:\"all\";s:10:\"conditions\";a:1:{i:0;a:5:{s:4:\"type\";s:32:\"salesrule/rule_condition_address\";s:9:\"attribute\";s:9:\"region_id\";s:8:\"operator\";s:2:\"==\";s:5:\"value\";s:2:\"41\";s:18:\"is_value_processed\";b:0;}}}','a:6:{s:4:\"type\";s:40:\"salesrule/rule_condition_product_combine\";s:9:\"attribute\";N;s:8:\"operator\";N;s:5:\"value\";s:1:\"1\";s:18:\"is_value_processed\";N;s:10:\"aggregator\";s:3:\"all\";}',1,1,NULL,0,'by_percent',10.0000,NULL,0,0,1,0,1,1,0,0),(8,'Get $5 off for any Gift Card',NULL,'2013-05-03',NULL,100,1,'a:6:{s:4:\"type\";s:32:\"salesrule/rule_condition_combine\";s:9:\"attribute\";N;s:8:\"operator\";N;s:5:\"value\";s:1:\"1\";s:18:\"is_value_processed\";N;s:10:\"aggregator\";s:3:\"all\";}','a:7:{s:4:\"type\";s:40:\"salesrule/rule_condition_product_combine\";s:9:\"attribute\";N;s:8:\"operator\";N;s:5:\"value\";s:1:\"1\";s:18:\"is_value_processed\";N;s:10:\"aggregator\";s:3:\"all\";s:10:\"conditions\";a:2:{i:0;a:5:{s:4:\"type\";s:32:\"salesrule/rule_condition_product\";s:9:\"attribute\";s:3:\"sku\";s:8:\"operator\";s:2:\"()\";s:5:\"value\";s:31:\"gift ca, gif001, gif002, gif003\";s:18:\"is_value_processed\";b:0;}i:1;a:5:{s:4:\"type\";s:32:\"salesrule/rule_condition_product\";s:9:\"attribute\";s:16:\"quote_item_price\";s:8:\"operator\";s:2:\">=\";s:5:\"value\";s:2:\"50\";s:18:\"is_value_processed\";b:0;}}}',0,1,NULL,0,'cart_fixed',5.0000,NULL,0,0,0,2,1,1,0,0),(9,'Get $50 with Paypal Express Checkout for orders over $200',NULL,'2013-05-03',NULL,0,1,'a:7:{s:4:\"type\";s:32:\"salesrule/rule_condition_combine\";s:9:\"attribute\";N;s:8:\"operator\";N;s:5:\"value\";s:1:\"1\";s:18:\"is_value_processed\";N;s:10:\"aggregator\";s:3:\"all\";s:10:\"conditions\";a:2:{i:0;a:5:{s:4:\"type\";s:32:\"salesrule/rule_condition_address\";s:9:\"attribute\";s:13:\"base_subtotal\";s:8:\"operator\";s:2:\">=\";s:5:\"value\";s:3:\"200\";s:18:\"is_value_processed\";b:0;}i:1;a:5:{s:4:\"type\";s:32:\"salesrule/rule_condition_address\";s:9:\"attribute\";s:14:\"payment_method\";s:8:\"operator\";s:2:\"==\";s:5:\"value\";s:14:\"paypal_express\";s:18:\"is_value_processed\";b:0;}}}','a:6:{s:4:\"type\";s:40:\"salesrule/rule_condition_product_combine\";s:9:\"attribute\";N;s:8:\"operator\";N;s:5:\"value\";s:1:\"1\";s:18:\"is_value_processed\";N;s:10:\"aggregator\";s:3:\"all\";}',0,1,NULL,0,'cart_fixed',50.0000,NULL,0,0,0,4,1,1,0,0),(10,'Get 10% off if subtotal is $500',NULL,'2013-05-03',NULL,0,1,'a:7:{s:4:\"type\";s:32:\"salesrule/rule_condition_combine\";s:9:\"attribute\";N;s:8:\"operator\";N;s:5:\"value\";s:1:\"1\";s:18:\"is_value_processed\";N;s:10:\"aggregator\";s:3:\"all\";s:10:\"conditions\";a:1:{i:0;a:7:{s:4:\"type\";s:38:\"salesrule/rule_condition_product_found\";s:9:\"attribute\";N;s:8:\"operator\";N;s:5:\"value\";s:1:\"1\";s:18:\"is_value_processed\";N;s:10:\"aggregator\";s:3:\"all\";s:10:\"conditions\";a:1:{i:0;a:5:{s:4:\"type\";s:32:\"salesrule/rule_condition_product\";s:9:\"attribute\";s:16:\"quote_item_price\";s:8:\"operator\";s:2:\"==\";s:5:\"value\";s:3:\"500\";s:18:\"is_value_processed\";b:0;}}}}}','a:6:{s:4:\"type\";s:40:\"salesrule/rule_condition_product_combine\";s:9:\"attribute\";N;s:8:\"operator\";N;s:5:\"value\";s:1:\"1\";s:18:\"is_value_processed\";N;s:10:\"aggregator\";s:3:\"all\";}',0,1,NULL,0,'by_percent',10.0000,NULL,0,0,0,1,1,2,1,0),(11,'Get $25 off order total on order over $200',NULL,'2013-05-03',NULL,0,1,'a:7:{s:4:\"type\";s:32:\"salesrule/rule_condition_combine\";s:9:\"attribute\";N;s:8:\"operator\";N;s:5:\"value\";s:1:\"1\";s:18:\"is_value_processed\";N;s:10:\"aggregator\";s:3:\"all\";s:10:\"conditions\";a:1:{i:0;a:5:{s:4:\"type\";s:32:\"salesrule/rule_condition_address\";s:9:\"attribute\";s:13:\"base_subtotal\";s:8:\"operator\";s:2:\">=\";s:5:\"value\";s:3:\"200\";s:18:\"is_value_processed\";b:0;}}}','a:6:{s:4:\"type\";s:40:\"salesrule/rule_condition_product_combine\";s:9:\"attribute\";N;s:8:\"operator\";N;s:5:\"value\";s:1:\"1\";s:18:\"is_value_processed\";N;s:10:\"aggregator\";s:3:\"all\";}',1,1,NULL,0,'cart_fixed',25.0000,NULL,0,0,0,3,1,2,0,5000),(14,'Free shipping on all Home & Decor Items',NULL,'2013-05-03',NULL,0,1,'a:7:{s:4:\"type\";s:32:\"salesrule/rule_condition_combine\";s:9:\"attribute\";N;s:8:\"operator\";N;s:5:\"value\";s:1:\"1\";s:18:\"is_value_processed\";N;s:10:\"aggregator\";s:3:\"all\";s:10:\"conditions\";a:1:{i:0;a:7:{s:4:\"type\";s:38:\"salesrule/rule_condition_product_found\";s:9:\"attribute\";N;s:8:\"operator\";N;s:5:\"value\";s:1:\"1\";s:18:\"is_value_processed\";N;s:10:\"aggregator\";s:3:\"all\";s:10:\"conditions\";a:1:{i:0;a:5:{s:4:\"type\";s:32:\"salesrule/rule_condition_product\";s:9:\"attribute\";s:12:\"category_ids\";s:8:\"operator\";s:2:\"()\";s:5:\"value\";s:14:\"22, 23, 24, 25\";s:18:\"is_value_processed\";b:0;}}}}}','a:6:{s:4:\"type\";s:40:\"salesrule/rule_condition_product_combine\";s:9:\"attribute\";N;s:8:\"operator\";N;s:5:\"value\";s:1:\"1\";s:18:\"is_value_processed\";N;s:10:\"aggregator\";s:3:\"all\";}',0,1,NULL,0,'by_percent',0.0000,NULL,0,2,0,3,1,1,0,0),(15,'Provide 25% off on the product price discount ',NULL,'2013-04-01',NULL,0,1,'a:6:{s:4:\"type\";s:32:\"salesrule/rule_condition_combine\";s:9:\"attribute\";N;s:8:\"operator\";N;s:5:\"value\";s:1:\"1\";s:18:\"is_value_processed\";N;s:10:\"aggregator\";s:3:\"all\";}','a:6:{s:4:\"type\";s:40:\"salesrule/rule_condition_product_combine\";s:9:\"attribute\";N;s:8:\"operator\";N;s:5:\"value\";s:1:\"1\";s:18:\"is_value_processed\";N;s:10:\"aggregator\";s:3:\"all\";}',0,1,NULL,0,'by_percent',25.0000,NULL,0,0,0,1,1,2,0,0),(29,'Free shipping on all orders over $500',NULL,'2013-05-03',NULL,0,1,'a:7:{s:4:\"type\";s:32:\"salesrule/rule_condition_combine\";s:9:\"attribute\";N;s:8:\"operator\";N;s:5:\"value\";s:1:\"1\";s:18:\"is_value_processed\";N;s:10:\"aggregator\";s:3:\"all\";s:10:\"conditions\";a:1:{i:0;a:5:{s:4:\"type\";s:32:\"salesrule/rule_condition_address\";s:9:\"attribute\";s:13:\"base_subtotal\";s:8:\"operator\";s:2:\">=\";s:5:\"value\";s:3:\"500\";s:18:\"is_value_processed\";b:0;}}}','a:6:{s:4:\"type\";s:40:\"salesrule/rule_condition_product_combine\";s:9:\"attribute\";N;s:8:\"operator\";N;s:5:\"value\";s:1:\"1\";s:18:\"is_value_processed\";N;s:10:\"aggregator\";s:3:\"all\";}',0,1,NULL,0,'by_percent',0.0000,NULL,0,2,0,10,1,1,0,0),(38,'Buy 1 Pair and get the 2nd one FREE',NULL,'2013-05-03',NULL,1,1,'a:6:{s:4:\"type\";s:32:\"salesrule/rule_condition_combine\";s:9:\"attribute\";N;s:8:\"operator\";N;s:5:\"value\";s:1:\"1\";s:18:\"is_value_processed\";N;s:10:\"aggregator\";s:3:\"all\";}','a:7:{s:4:\"type\";s:40:\"salesrule/rule_condition_product_combine\";s:9:\"attribute\";N;s:8:\"operator\";N;s:5:\"value\";s:1:\"1\";s:18:\"is_value_processed\";N;s:10:\"aggregator\";s:3:\"all\";s:10:\"conditions\";a:1:{i:0;a:5:{s:4:\"type\";s:32:\"salesrule/rule_condition_product\";s:9:\"attribute\";s:12:\"category_ids\";s:8:\"operator\";s:2:\"()\";s:5:\"value\";s:10:\"20, 51, 52\";s:18:\"is_value_processed\";b:0;}}}',0,1,NULL,0,'buy_x_get_y',1.0000,NULL,1,0,0,0,1,1,0,0),(42,'25% off Apparel for General customers','25% off any product from the apparel category','2013-05-03',NULL,999999,1,'a:6:{s:4:\"type\";s:32:\"salesrule/rule_condition_combine\";s:9:\"attribute\";N;s:8:\"operator\";N;s:5:\"value\";s:1:\"1\";s:18:\"is_value_processed\";N;s:10:\"aggregator\";s:3:\"all\";}','a:7:{s:4:\"type\";s:40:\"salesrule/rule_condition_product_combine\";s:9:\"attribute\";N;s:8:\"operator\";N;s:5:\"value\";s:1:\"1\";s:18:\"is_value_processed\";N;s:10:\"aggregator\";s:3:\"all\";s:10:\"conditions\";a:1:{i:0;a:5:{s:4:\"type\";s:32:\"salesrule/rule_condition_product\";s:9:\"attribute\";s:12:\"category_ids\";s:8:\"operator\";s:2:\"()\";s:5:\"value\";s:34:\"10, 11, 12, 13, 14, 15, 16, 17, 40\";s:18:\"is_value_processed\";b:0;}}}',0,1,NULL,0,'by_percent',25.0000,NULL,0,0,0,0,1,2,0,0),(43,'15% Evening Dresses',NULL,'2013-05-03',NULL,0,1,'a:6:{s:4:\"type\";s:32:\"salesrule/rule_condition_combine\";s:9:\"attribute\";N;s:8:\"operator\";N;s:5:\"value\";s:1:\"1\";s:18:\"is_value_processed\";N;s:10:\"aggregator\";s:3:\"all\";}','a:7:{s:4:\"type\";s:40:\"salesrule/rule_condition_product_combine\";s:9:\"attribute\";N;s:8:\"operator\";N;s:5:\"value\";s:1:\"1\";s:18:\"is_value_processed\";N;s:10:\"aggregator\";s:3:\"all\";s:10:\"conditions\";a:1:{i:0;a:5:{s:4:\"type\";s:32:\"salesrule/rule_condition_product\";s:9:\"attribute\";s:12:\"category_ids\";s:8:\"operator\";s:2:\"()\";s:5:\"value\";s:6:\"13, 45\";s:18:\"is_value_processed\";b:0;}}}',0,1,NULL,0,'by_fixed',15.0000,NULL,0,0,0,0,1,2,0,5000);

--
-- Table structure for table `salesrule_coupon`
--

CREATE TABLE `salesrule_coupon` (
  `coupon_id` int(10) unsigned NOT NULL AUTO_INCREMENT COMMENT 'Coupon Id',
  `rule_id` int(10) unsigned NOT NULL COMMENT 'Rule Id',
  `code` varchar(255) DEFAULT NULL COMMENT 'Code',
  `usage_limit` int(10) unsigned DEFAULT NULL COMMENT 'Usage Limit',
  `usage_per_customer` int(10) unsigned DEFAULT NULL COMMENT 'Usage Per Customer',
  `times_used` int(10) unsigned NOT NULL DEFAULT '0' COMMENT 'Times Used',
  `expiration_date` timestamp NULL DEFAULT NULL COMMENT 'Expiration Date',
  `is_primary` smallint(5) unsigned DEFAULT NULL COMMENT 'Is Primary',
  `created_at` timestamp NOT NULL DEFAULT CURRENT_TIMESTAMP COMMENT 'Coupon Code Creation Date',
  `type` smallint(6) DEFAULT '0' COMMENT 'Coupon Code Type',
  PRIMARY KEY (`coupon_id`),
  UNIQUE KEY `UNQ_SALESRULE_COUPON_CODE` (`code`),
  UNIQUE KEY `UNQ_SALESRULE_COUPON_RULE_ID_IS_PRIMARY` (`rule_id`,`is_primary`),
  KEY `IDX_SALESRULE_COUPON_RULE_ID` (`rule_id`),
  CONSTRAINT `FK_SALESRULE_COUPON_RULE_ID_SALESRULE_RULE_ID` FOREIGN KEY (`rule_id`) REFERENCES `salesrule` (`rule_id`) ON DELETE CASCADE ON UPDATE CASCADE
) ENGINE=InnoDB AUTO_INCREMENT=49 DEFAULT CHARSET=utf8 COMMENT='Salesrule Coupon';

--
-- Dumping data for table `salesrule_coupon`
--

INSERT INTO `salesrule_coupon` VALUES (16,15,'RTL25OFF',NULL,NULL,1,NULL,1,'2013-04-09 05:52:40',0),(29,10,'BMDDFH9SR707',0,0,0,NULL,NULL,'2013-04-11 08:39:21',1),(30,10,'ZFB8E6FOQ4NB',0,0,0,NULL,NULL,'2013-04-11 08:39:21',1),(31,10,'5Y60LFCXFF7Y',0,0,0,NULL,NULL,'2013-04-11 08:39:21',1),(32,10,'ZOYKXXRV9E8H',0,0,0,NULL,NULL,'2013-04-11 08:39:21',1),(33,10,'P2ZPG9XIRX07',0,0,0,NULL,NULL,'2013-04-11 08:39:21',1),(34,10,'EAR5GWJRYKJT',0,0,0,NULL,NULL,'2013-04-11 08:39:21',1),(35,10,'G2NEV76PJMGD',0,0,0,NULL,NULL,'2013-04-11 08:39:21',1),(36,10,'ZKKKZSO7SLYM',0,0,0,NULL,NULL,'2013-04-11 08:39:21',1),(37,10,'A9FYK1KC2IDQ',0,0,0,NULL,NULL,'2013-04-11 08:39:21',1),(38,10,'3I5REXK80NUN',0,0,0,NULL,NULL,'2013-04-11 08:39:21',1),(39,10,'YZH7AE5BU9EA',0,0,0,NULL,NULL,'2013-04-11 08:39:21',1),(40,10,'D826WAWK6EGC',0,0,0,NULL,NULL,'2013-04-11 08:39:21',1),(44,11,'Register10',5000,NULL,1,NULL,1,'2013-05-25 13:53:12',0),(47,43,'evening15',5000,NULL,0,NULL,1,'2013-05-28 04:58:57',0),(48,42,'25OFF',NULL,999999,0,NULL,1,'2013-05-29 04:05:42',0);

--
-- Table structure for table `salesrule_coupon_usage`
--

CREATE TABLE `salesrule_coupon_usage` (
  `coupon_id` int(10) unsigned NOT NULL COMMENT 'Coupon Id',
  `customer_id` int(10) unsigned NOT NULL COMMENT 'Customer Id',
  `times_used` int(10) unsigned NOT NULL DEFAULT '0' COMMENT 'Times Used',
  PRIMARY KEY (`coupon_id`,`customer_id`),
  KEY `IDX_SALESRULE_COUPON_USAGE_COUPON_ID` (`coupon_id`),
  KEY `IDX_SALESRULE_COUPON_USAGE_CUSTOMER_ID` (`customer_id`),
  CONSTRAINT `FK_SALESRULE_COUPON_USAGE_COUPON_ID_SALESRULE_COUPON_COUPON_ID` FOREIGN KEY (`coupon_id`) REFERENCES `salesrule_coupon` (`coupon_id`) ON DELETE CASCADE ON UPDATE CASCADE,
  CONSTRAINT `FK_SALESRULE_COUPON_USAGE_CUSTOMER_ID_CUSTOMER_ENTITY_ENTITY_ID` FOREIGN KEY (`customer_id`) REFERENCES `customer_entity` (`entity_id`) ON DELETE CASCADE ON UPDATE CASCADE
) ENGINE=InnoDB DEFAULT CHARSET=utf8 COMMENT='Salesrule Coupon Usage';

--
-- Dumping data for table `salesrule_coupon_usage`
--

INSERT INTO `salesrule_coupon_usage` VALUES (16,80,1),(44,135,1);

--
-- Table structure for table `salesrule_customer`
--

CREATE TABLE `salesrule_customer` (
  `rule_customer_id` int(10) unsigned NOT NULL AUTO_INCREMENT COMMENT 'Rule Customer Id',
  `rule_id` int(10) unsigned NOT NULL DEFAULT '0' COMMENT 'Rule Id',
  `customer_id` int(10) unsigned NOT NULL DEFAULT '0' COMMENT 'Customer Id',
  `times_used` smallint(5) unsigned NOT NULL DEFAULT '0' COMMENT 'Times Used',
  PRIMARY KEY (`rule_customer_id`),
  KEY `IDX_SALESRULE_CUSTOMER_RULE_ID_CUSTOMER_ID` (`rule_id`,`customer_id`),
  KEY `IDX_SALESRULE_CUSTOMER_CUSTOMER_ID_RULE_ID` (`customer_id`,`rule_id`),
  CONSTRAINT `FK_SALESRULE_CUSTOMER_CUSTOMER_ID_CUSTOMER_ENTITY_ENTITY_ID` FOREIGN KEY (`customer_id`) REFERENCES `customer_entity` (`entity_id`) ON DELETE CASCADE ON UPDATE CASCADE,
  CONSTRAINT `FK_SALESRULE_CUSTOMER_RULE_ID_SALESRULE_RULE_ID` FOREIGN KEY (`rule_id`) REFERENCES `salesrule` (`rule_id`) ON DELETE CASCADE ON UPDATE CASCADE
) ENGINE=InnoDB AUTO_INCREMENT=31 DEFAULT CHARSET=utf8 COMMENT='Salesrule Customer';

--
-- Dumping data for table `salesrule_customer`
--

INSERT INTO `salesrule_customer` VALUES (6,29,59,1),(7,29,64,1),(11,14,80,2),(12,15,80,1),(13,6,74,1),(25,9,136,1),(26,29,136,2),(27,11,136,1),(28,11,135,2),(29,29,135,2),(30,8,135,2);

--
-- Table structure for table `salesrule_customer_group`
--

CREATE TABLE `salesrule_customer_group` (
  `rule_id` int(10) unsigned NOT NULL COMMENT 'Rule Id',
  `customer_group_id` smallint(5) unsigned NOT NULL COMMENT 'Customer Group Id',
  PRIMARY KEY (`rule_id`,`customer_group_id`),
  KEY `IDX_SALESRULE_CUSTOMER_GROUP_RULE_ID` (`rule_id`),
  KEY `IDX_SALESRULE_CUSTOMER_GROUP_CUSTOMER_GROUP_ID` (`customer_group_id`),
  CONSTRAINT `FK_SALESRULE_CSTR_GROUP_CSTR_GROUP_ID_CSTR_GROUP_CSTR_GROUP_ID` FOREIGN KEY (`customer_group_id`) REFERENCES `customer_group` (`customer_group_id`) ON DELETE CASCADE ON UPDATE CASCADE,
  CONSTRAINT `FK_SALESRULE_CUSTOMER_GROUP_RULE_ID_SALESRULE_RULE_ID` FOREIGN KEY (`rule_id`) REFERENCES `salesrule` (`rule_id`) ON DELETE CASCADE ON UPDATE CASCADE
) ENGINE=InnoDB DEFAULT CHARSET=utf8 COMMENT='Sales Rules To Customer Groups Relations';

--
-- Dumping data for table `salesrule_customer_group`
--

INSERT INTO `salesrule_customer_group` VALUES (6,0),(7,0),(8,0),(9,0),(10,0),(29,0),(43,0),(6,1),(8,1),(10,1),(11,1),(15,1),(29,1),(38,1),(42,1),(43,1),(10,2),(6,4),(8,4),(10,4),(14,4),(38,4),(43,4),(38,5),(43,5);

--
-- Table structure for table `salesrule_label`
--

CREATE TABLE `salesrule_label` (
  `label_id` int(10) unsigned NOT NULL AUTO_INCREMENT COMMENT 'Label Id',
  `rule_id` int(10) unsigned NOT NULL COMMENT 'Rule Id',
  `store_id` smallint(5) unsigned NOT NULL COMMENT 'Store Id',
  `label` varchar(255) DEFAULT NULL COMMENT 'Label',
  PRIMARY KEY (`label_id`),
  UNIQUE KEY `UNQ_SALESRULE_LABEL_RULE_ID_STORE_ID` (`rule_id`,`store_id`),
  KEY `IDX_SALESRULE_LABEL_STORE_ID` (`store_id`),
  KEY `IDX_SALESRULE_LABEL_RULE_ID` (`rule_id`),
  CONSTRAINT `FK_SALESRULE_LABEL_RULE_ID_SALESRULE_RULE_ID` FOREIGN KEY (`rule_id`) REFERENCES `salesrule` (`rule_id`) ON DELETE CASCADE ON UPDATE CASCADE,
  CONSTRAINT `FK_SALESRULE_LABEL_STORE_ID_CORE_STORE_STORE_ID` FOREIGN KEY (`store_id`) REFERENCES `core_store` (`store_id`) ON DELETE CASCADE ON UPDATE CASCADE
) ENGINE=InnoDB DEFAULT CHARSET=utf8 COMMENT='Salesrule Label';

--
-- Dumping data for table `salesrule_label`
--


--
-- Table structure for table `salesrule_product_attribute`
--

CREATE TABLE `salesrule_product_attribute` (
  `rule_id` int(10) unsigned NOT NULL COMMENT 'Rule Id',
  `website_id` smallint(5) unsigned NOT NULL COMMENT 'Website Id',
  `customer_group_id` smallint(5) unsigned NOT NULL COMMENT 'Customer Group Id',
  `attribute_id` smallint(5) unsigned NOT NULL COMMENT 'Attribute Id',
  PRIMARY KEY (`rule_id`,`website_id`,`customer_group_id`,`attribute_id`),
  KEY `IDX_SALESRULE_PRODUCT_ATTRIBUTE_WEBSITE_ID` (`website_id`),
  KEY `IDX_SALESRULE_PRODUCT_ATTRIBUTE_CUSTOMER_GROUP_ID` (`customer_group_id`),
  KEY `IDX_SALESRULE_PRODUCT_ATTRIBUTE_ATTRIBUTE_ID` (`attribute_id`),
  CONSTRAINT `FK_SALESRULE_PRD_ATTR_ATTR_ID_EAV_ATTR_ATTR_ID` FOREIGN KEY (`attribute_id`) REFERENCES `eav_attribute` (`attribute_id`) ON DELETE CASCADE ON UPDATE NO ACTION,
  CONSTRAINT `FK_SALESRULE_PRD_ATTR_CSTR_GROUP_ID_CSTR_GROUP_CSTR_GROUP_ID` FOREIGN KEY (`customer_group_id`) REFERENCES `customer_group` (`customer_group_id`) ON DELETE CASCADE ON UPDATE NO ACTION,
  CONSTRAINT `FK_SALESRULE_PRD_ATTR_WS_ID_CORE_WS_WS_ID` FOREIGN KEY (`website_id`) REFERENCES `core_website` (`website_id`) ON DELETE CASCADE ON UPDATE NO ACTION,
  CONSTRAINT `FK_SALESRULE_PRODUCT_ATTRIBUTE_RULE_ID_SALESRULE_RULE_ID` FOREIGN KEY (`rule_id`) REFERENCES `salesrule` (`rule_id`) ON DELETE CASCADE ON UPDATE NO ACTION
) ENGINE=InnoDB DEFAULT CHARSET=utf8 COMMENT='Salesrule Product Attribute';

--
-- Dumping data for table `salesrule_product_attribute`
--

INSERT INTO `salesrule_product_attribute` VALUES (8,1,0,74),(8,1,1,74),(8,1,4,74),(14,1,4,108),(38,1,1,108),(38,1,4,108),(38,1,5,108),(42,1,1,108),(43,1,0,108),(43,1,1,108),(43,1,4,108),(43,1,5,108);

--
-- Table structure for table `salesrule_website`
--

CREATE TABLE `salesrule_website` (
  `rule_id` int(10) unsigned NOT NULL COMMENT 'Rule Id',
  `website_id` smallint(5) unsigned NOT NULL COMMENT 'Website Id',
  PRIMARY KEY (`rule_id`,`website_id`),
  KEY `IDX_SALESRULE_WEBSITE_RULE_ID` (`rule_id`),
  KEY `IDX_SALESRULE_WEBSITE_WEBSITE_ID` (`website_id`),
  CONSTRAINT `FK_SALESRULE_WEBSITE_RULE_ID_SALESRULE_RULE_ID` FOREIGN KEY (`rule_id`) REFERENCES `salesrule` (`rule_id`) ON DELETE CASCADE ON UPDATE CASCADE,
  CONSTRAINT `FK_SALESRULE_WEBSITE_WEBSITE_ID_CORE_WEBSITE_WEBSITE_ID` FOREIGN KEY (`website_id`) REFERENCES `core_website` (`website_id`) ON DELETE CASCADE ON UPDATE CASCADE
) ENGINE=InnoDB DEFAULT CHARSET=utf8 COMMENT='Sales Rules To Websites Relations';

--
-- Dumping data for table `salesrule_website`
--

INSERT INTO `salesrule_website` VALUES (6,1),(7,1),(8,1),(9,1),(10,1),(11,1),(14,1),(15,1),(29,1),(38,1),(42,1),(43,1);

--
-- Table structure for table `sendfriend_log`
--

CREATE TABLE `sendfriend_log` (
  `log_id` int(10) unsigned NOT NULL AUTO_INCREMENT COMMENT 'Log ID',
  `ip` bigint(20) unsigned NOT NULL DEFAULT '0' COMMENT 'Customer IP address',
  `time` int(10) unsigned NOT NULL DEFAULT '0' COMMENT 'Log time',
  `website_id` smallint(5) unsigned NOT NULL DEFAULT '0' COMMENT 'Website ID',
  PRIMARY KEY (`log_id`),
  KEY `IDX_SENDFRIEND_LOG_IP` (`ip`),
  KEY `IDX_SENDFRIEND_LOG_TIME` (`time`)
) ENGINE=InnoDB DEFAULT CHARSET=utf8 COMMENT='Send to friend function log storage table';

--
-- Dumping data for table `sendfriend_log`
--


--
-- Table structure for table `shipping_tablerate`
--

CREATE TABLE `shipping_tablerate` (
  `pk` int(10) unsigned NOT NULL AUTO_INCREMENT COMMENT 'Primary key',
  `website_id` int(11) NOT NULL DEFAULT '0' COMMENT 'Website Id',
  `dest_country_id` varchar(4) NOT NULL DEFAULT '0' COMMENT 'Destination coutry ISO/2 or ISO/3 code',
  `dest_region_id` int(11) NOT NULL DEFAULT '0' COMMENT 'Destination Region Id',
  `dest_zip` varchar(10) NOT NULL DEFAULT '*' COMMENT 'Destination Post Code (Zip)',
  `condition_name` varchar(20) NOT NULL COMMENT 'Rate Condition name',
  `condition_value` decimal(12,4) NOT NULL DEFAULT '0.0000' COMMENT 'Rate condition value',
  `price` decimal(12,4) NOT NULL DEFAULT '0.0000' COMMENT 'Price',
  `cost` decimal(12,4) NOT NULL DEFAULT '0.0000' COMMENT 'Cost',
  PRIMARY KEY (`pk`),
  UNIQUE KEY `D60821CDB2AFACEE1566CFC02D0D4CAA` (`website_id`,`dest_country_id`,`dest_region_id`,`dest_zip`,`condition_name`,`condition_value`)
) ENGINE=InnoDB DEFAULT CHARSET=utf8 COMMENT='Shipping Tablerate';

--
-- Dumping data for table `shipping_tablerate`
--


--
-- Table structure for table `sitemap`
--

CREATE TABLE `sitemap` (
  `sitemap_id` int(10) unsigned NOT NULL AUTO_INCREMENT COMMENT 'Sitemap Id',
  `sitemap_type` varchar(32) DEFAULT NULL COMMENT 'Sitemap Type',
  `sitemap_filename` varchar(32) DEFAULT NULL COMMENT 'Sitemap Filename',
  `sitemap_path` varchar(255) DEFAULT NULL COMMENT 'Sitemap Path',
  `sitemap_time` timestamp NULL DEFAULT NULL COMMENT 'Sitemap Time',
  `store_id` smallint(5) unsigned NOT NULL DEFAULT '0' COMMENT 'Store id',
  PRIMARY KEY (`sitemap_id`),
  KEY `IDX_SITEMAP_STORE_ID` (`store_id`),
  CONSTRAINT `FK_SITEMAP_STORE_ID_CORE_STORE_STORE_ID` FOREIGN KEY (`store_id`) REFERENCES `core_store` (`store_id`) ON DELETE CASCADE ON UPDATE CASCADE
) ENGINE=InnoDB DEFAULT CHARSET=utf8 COMMENT='Google Sitemap';

--
-- Dumping data for table `sitemap`
--


--
-- Table structure for table `social_facebook_actions`
--

CREATE TABLE `social_facebook_actions` (
  `entity_id` int(10) unsigned NOT NULL AUTO_INCREMENT COMMENT 'Entity Id',
  `facebook_id` varchar(100) NOT NULL COMMENT 'Facebook User Id',
  `facebook_name` varchar(100) NOT NULL COMMENT 'Facebook User Name',
  `facebook_action` varchar(100) NOT NULL COMMENT 'User Action',
  `item_id` int(10) unsigned NOT NULL COMMENT 'Product Id',
  PRIMARY KEY (`entity_id`)
) ENGINE=InnoDB DEFAULT CHARSET=utf8 COMMENT='Social Facebook Actions';

--
-- Dumping data for table `social_facebook_actions`
--


--
-- Table structure for table `strikeiron_tax_rate`
--

CREATE TABLE `strikeiron_tax_rate` (
  `tax_rate_id` tinyint(4) NOT NULL AUTO_INCREMENT,
  `tax_country_id` varchar(6) DEFAULT NULL,
  `tax_region_id` mediumint(9) unsigned DEFAULT NULL,
  `tax_postcode` varchar(12) DEFAULT NULL,
  `rate_value` decimal(12,4) NOT NULL DEFAULT '0.0000',
  PRIMARY KEY (`tax_rate_id`)
) ENGINE=InnoDB DEFAULT CHARSET=utf8 COMMENT='Strikeiron tax rates';

--
-- Dumping data for table `strikeiron_tax_rate`
--


--
-- Table structure for table `tag`
--

CREATE TABLE `tag` (
  `tag_id` int(10) unsigned NOT NULL AUTO_INCREMENT COMMENT 'Tag Id',
  `name` varchar(255) DEFAULT NULL COMMENT 'Name',
  `status` smallint(6) NOT NULL DEFAULT '0' COMMENT 'Status',
  `first_customer_id` int(10) unsigned DEFAULT NULL COMMENT 'First Customer Id',
  `first_store_id` smallint(5) unsigned DEFAULT NULL COMMENT 'First Store Id',
  PRIMARY KEY (`tag_id`),
  KEY `FK_TAG_FIRST_CUSTOMER_ID_CUSTOMER_ENTITY_ENTITY_ID` (`first_customer_id`),
  KEY `FK_TAG_FIRST_STORE_ID_CORE_STORE_STORE_ID` (`first_store_id`),
  CONSTRAINT `FK_TAG_FIRST_CUSTOMER_ID_CUSTOMER_ENTITY_ENTITY_ID` FOREIGN KEY (`first_customer_id`) REFERENCES `customer_entity` (`entity_id`) ON DELETE SET NULL ON UPDATE NO ACTION,
  CONSTRAINT `FK_TAG_FIRST_STORE_ID_CORE_STORE_STORE_ID` FOREIGN KEY (`first_store_id`) REFERENCES `core_store` (`store_id`) ON DELETE SET NULL ON UPDATE NO ACTION
) ENGINE=InnoDB AUTO_INCREMENT=21 DEFAULT CHARSET=utf8 COMMENT='Tag';

--
-- Dumping data for table `tag`
--

INSERT INTO `tag` VALUES (1,'Perfect',1,NULL,1),(2,'Good',1,NULL,1),(3,'One',1,NULL,1),(4,'Awesomeee',1,NULL,1),(5,'cxcxcxc',1,NULL,1),(6,'test',1,NULL,1),(7,'red',1,NULL,1),(8,'bag',1,NULL,1),(9,'two',1,NULL,1),(10,'three',1,NULL,1),(11,'Really',1,NULL,1),(12,'Comfortable',1,NULL,1),(13,'superb',1,NULL,1),(14,'check2',1,NULL,1),(15,'soya',1,NULL,1),(16,'suberb',1,NULL,1),(17,'white',1,135,1),(18,'shirt',1,135,1),(19,'grey',1,135,1),(20,'suit',1,135,1);

--
-- Table structure for table `tag_properties`
--

CREATE TABLE `tag_properties` (
  `tag_id` int(10) unsigned NOT NULL DEFAULT '0' COMMENT 'Tag Id',
  `store_id` smallint(5) unsigned NOT NULL DEFAULT '0' COMMENT 'Store Id',
  `base_popularity` int(10) unsigned NOT NULL DEFAULT '0' COMMENT 'Base Popularity',
  PRIMARY KEY (`tag_id`,`store_id`),
  KEY `IDX_TAG_PROPERTIES_STORE_ID` (`store_id`),
  CONSTRAINT `FK_TAG_PROPERTIES_STORE_ID_CORE_STORE_STORE_ID` FOREIGN KEY (`store_id`) REFERENCES `core_store` (`store_id`) ON DELETE CASCADE ON UPDATE CASCADE,
  CONSTRAINT `FK_TAG_PROPERTIES_TAG_ID_TAG_TAG_ID` FOREIGN KEY (`tag_id`) REFERENCES `tag` (`tag_id`) ON DELETE CASCADE ON UPDATE CASCADE
) ENGINE=InnoDB DEFAULT CHARSET=utf8 COMMENT='Tag Properties';

--
-- Dumping data for table `tag_properties`
--


--
-- Table structure for table `tag_relation`
--

CREATE TABLE `tag_relation` (
  `tag_relation_id` int(10) unsigned NOT NULL AUTO_INCREMENT COMMENT 'Tag Relation Id',
  `tag_id` int(10) unsigned NOT NULL DEFAULT '0' COMMENT 'Tag Id',
  `customer_id` int(10) unsigned DEFAULT NULL COMMENT 'Customer Id',
  `product_id` int(10) unsigned NOT NULL DEFAULT '0' COMMENT 'Product Id',
  `store_id` smallint(5) unsigned NOT NULL DEFAULT '1' COMMENT 'Store Id',
  `active` smallint(5) unsigned NOT NULL DEFAULT '1' COMMENT 'Active',
  `created_at` timestamp NULL DEFAULT NULL COMMENT 'Created At',
  PRIMARY KEY (`tag_relation_id`),
  UNIQUE KEY `UNQ_TAG_RELATION_TAG_ID_CUSTOMER_ID_PRODUCT_ID_STORE_ID` (`tag_id`,`customer_id`,`product_id`,`store_id`),
  KEY `IDX_TAG_RELATION_PRODUCT_ID` (`product_id`),
  KEY `IDX_TAG_RELATION_TAG_ID` (`tag_id`),
  KEY `IDX_TAG_RELATION_CUSTOMER_ID` (`customer_id`),
  KEY `IDX_TAG_RELATION_STORE_ID` (`store_id`),
  CONSTRAINT `FK_TAG_RELATION_CUSTOMER_ID_CUSTOMER_ENTITY_ENTITY_ID` FOREIGN KEY (`customer_id`) REFERENCES `customer_entity` (`entity_id`) ON DELETE CASCADE ON UPDATE CASCADE,
  CONSTRAINT `FK_TAG_RELATION_PRODUCT_ID_CATALOG_PRODUCT_ENTITY_ENTITY_ID` FOREIGN KEY (`product_id`) REFERENCES `catalog_product_entity` (`entity_id`) ON DELETE CASCADE ON UPDATE CASCADE,
  CONSTRAINT `FK_TAG_RELATION_STORE_ID_CORE_STORE_STORE_ID` FOREIGN KEY (`store_id`) REFERENCES `core_store` (`store_id`) ON DELETE CASCADE ON UPDATE CASCADE,
  CONSTRAINT `FK_TAG_RELATION_TAG_ID_TAG_TAG_ID` FOREIGN KEY (`tag_id`) REFERENCES `tag` (`tag_id`) ON DELETE CASCADE ON UPDATE CASCADE
) ENGINE=InnoDB AUTO_INCREMENT=34 DEFAULT CHARSET=utf8 COMMENT='Tag Relation';

--
-- Dumping data for table `tag_relation`
--

INSERT INTO `tag_relation` VALUES (30,17,135,402,1,1,'2013-05-29 13:49:16'),(31,18,135,402,1,1,'2013-05-29 13:49:16'),(32,19,135,405,1,1,'2013-05-29 13:49:41'),(33,20,135,405,1,1,'2013-05-29 13:49:41');

--
-- Table structure for table `tag_summary`
--

CREATE TABLE `tag_summary` (
  `tag_id` int(10) unsigned NOT NULL DEFAULT '0' COMMENT 'Tag Id',
  `store_id` smallint(5) unsigned NOT NULL DEFAULT '0' COMMENT 'Store Id',
  `customers` int(10) unsigned NOT NULL DEFAULT '0' COMMENT 'Customers',
  `products` int(10) unsigned NOT NULL DEFAULT '0' COMMENT 'Products',
  `uses` int(10) unsigned NOT NULL DEFAULT '0' COMMENT 'Uses',
  `historical_uses` int(10) unsigned NOT NULL DEFAULT '0' COMMENT 'Historical Uses',
  `popularity` int(10) unsigned NOT NULL DEFAULT '0' COMMENT 'Popularity',
  `base_popularity` int(10) unsigned NOT NULL DEFAULT '0' COMMENT 'Base Popularity',
  PRIMARY KEY (`tag_id`,`store_id`),
  KEY `IDX_TAG_SUMMARY_STORE_ID` (`store_id`),
  KEY `IDX_TAG_SUMMARY_TAG_ID` (`tag_id`),
  CONSTRAINT `FK_TAG_SUMMARY_STORE_ID_CORE_STORE_STORE_ID` FOREIGN KEY (`store_id`) REFERENCES `core_store` (`store_id`) ON DELETE CASCADE ON UPDATE CASCADE,
  CONSTRAINT `FK_TAG_SUMMARY_TAG_ID_TAG_TAG_ID` FOREIGN KEY (`tag_id`) REFERENCES `tag` (`tag_id`) ON DELETE CASCADE ON UPDATE CASCADE
) ENGINE=InnoDB DEFAULT CHARSET=utf8 COMMENT='Tag Summary';

--
-- Dumping data for table `tag_summary`
--

INSERT INTO `tag_summary` VALUES (17,0,1,1,0,0,1,0),(17,1,1,1,0,0,1,0),(18,0,1,1,0,0,1,0),(18,1,1,1,0,0,1,0),(19,0,1,1,0,0,1,0),(19,1,1,1,0,0,1,0),(20,0,1,1,0,0,1,0),(20,1,1,1,0,0,1,0);

--
-- Table structure for table `tax_calculation`
--

CREATE TABLE `tax_calculation` (
  `tax_calculation_id` int(11) NOT NULL AUTO_INCREMENT COMMENT 'Tax Calculation Id',
  `tax_calculation_rate_id` int(11) NOT NULL COMMENT 'Tax Calculation Rate Id',
  `tax_calculation_rule_id` int(11) NOT NULL COMMENT 'Tax Calculation Rule Id',
  `customer_tax_class_id` smallint(6) NOT NULL COMMENT 'Customer Tax Class Id',
  `product_tax_class_id` smallint(6) NOT NULL COMMENT 'Product Tax Class Id',
  PRIMARY KEY (`tax_calculation_id`),
  KEY `IDX_TAX_CALCULATION_TAX_CALCULATION_RULE_ID` (`tax_calculation_rule_id`),
  KEY `IDX_TAX_CALCULATION_TAX_CALCULATION_RATE_ID` (`tax_calculation_rate_id`),
  KEY `IDX_TAX_CALCULATION_CUSTOMER_TAX_CLASS_ID` (`customer_tax_class_id`),
  KEY `IDX_TAX_CALCULATION_PRODUCT_TAX_CLASS_ID` (`product_tax_class_id`),
  KEY `IDX_TAX_CALC_TAX_CALC_RATE_ID_CSTR_TAX_CLASS_ID_PRD_TAX_CLASS_ID` (`tax_calculation_rate_id`,`customer_tax_class_id`,`product_tax_class_id`),
  CONSTRAINT `FK_TAX_CALCULATION_CUSTOMER_TAX_CLASS_ID_TAX_CLASS_CLASS_ID` FOREIGN KEY (`customer_tax_class_id`) REFERENCES `tax_class` (`class_id`) ON DELETE CASCADE ON UPDATE CASCADE,
  CONSTRAINT `FK_TAX_CALCULATION_PRODUCT_TAX_CLASS_ID_TAX_CLASS_CLASS_ID` FOREIGN KEY (`product_tax_class_id`) REFERENCES `tax_class` (`class_id`) ON DELETE CASCADE ON UPDATE CASCADE,
  CONSTRAINT `FK_TAX_CALC_TAX_CALC_RATE_ID_TAX_CALC_RATE_TAX_CALC_RATE_ID` FOREIGN KEY (`tax_calculation_rate_id`) REFERENCES `tax_calculation_rate` (`tax_calculation_rate_id`) ON DELETE CASCADE ON UPDATE CASCADE,
  CONSTRAINT `FK_TAX_CALC_TAX_CALC_RULE_ID_TAX_CALC_RULE_TAX_CALC_RULE_ID` FOREIGN KEY (`tax_calculation_rule_id`) REFERENCES `tax_calculation_rule` (`tax_calculation_rule_id`) ON DELETE CASCADE ON UPDATE CASCADE
) ENGINE=InnoDB AUTO_INCREMENT=239 DEFAULT CHARSET=utf8 COMMENT='Tax Calculation';

--
-- Dumping data for table `tax_calculation`
--

INSERT INTO `tax_calculation` VALUES (145,7,5,5,6),(167,12,10,9,4),(178,25,11,9,2),(179,27,11,9,2),(180,34,11,9,2),(181,35,11,9,2),(182,29,11,9,2),(183,32,11,9,2),(184,30,11,9,2),(185,28,11,9,2),(186,31,11,9,2),(187,26,11,9,2),(208,16,4,3,2),(209,24,4,3,2),(210,19,4,3,2),(211,23,4,3,2),(212,18,4,3,2),(213,20,4,3,2),(214,22,4,3,2),(215,17,4,3,2),(216,21,4,3,2),(217,33,4,3,2),(218,16,4,7,2),(219,24,4,7,2),(220,19,4,7,2),(221,23,4,7,2),(222,18,4,7,2),(223,20,4,7,2),(224,22,4,7,2),(225,17,4,7,2),(226,21,4,7,2),(227,33,4,7,2),(228,16,4,8,2),(229,24,4,8,2),(230,19,4,8,2),(231,23,4,8,2),(232,18,4,8,2),(233,20,4,8,2),(234,22,4,8,2),(235,17,4,8,2),(236,21,4,8,2),(237,33,4,8,2),(238,15,13,10,2);

--
-- Table structure for table `tax_calculation_rate`
--

CREATE TABLE `tax_calculation_rate` (
  `tax_calculation_rate_id` int(11) NOT NULL AUTO_INCREMENT COMMENT 'Tax Calculation Rate Id',
  `tax_country_id` varchar(2) NOT NULL COMMENT 'Tax Country Id',
  `tax_region_id` int(11) NOT NULL COMMENT 'Tax Region Id',
  `tax_postcode` varchar(21) DEFAULT NULL COMMENT 'Tax Postcode',
  `code` varchar(255) NOT NULL COMMENT 'Code',
  `rate` decimal(12,4) NOT NULL COMMENT 'Rate',
  `zip_is_range` smallint(6) DEFAULT NULL COMMENT 'Zip Is Range',
  `zip_from` int(10) unsigned DEFAULT NULL COMMENT 'Zip From',
  `zip_to` int(10) unsigned DEFAULT NULL COMMENT 'Zip To',
  PRIMARY KEY (`tax_calculation_rate_id`),
  KEY `IDX_TAX_CALC_RATE_TAX_COUNTRY_ID_TAX_REGION_ID_TAX_POSTCODE` (`tax_country_id`,`tax_region_id`,`tax_postcode`),
  KEY `IDX_TAX_CALCULATION_RATE_CODE` (`code`),
  KEY `CA799F1E2CB843495F601E56C84A626D` (`tax_calculation_rate_id`,`tax_country_id`,`tax_region_id`,`zip_is_range`,`tax_postcode`)
) ENGINE=InnoDB AUTO_INCREMENT=36 DEFAULT CHARSET=utf8 COMMENT='Tax Calculation Rate';

--
-- Dumping data for table `tax_calculation_rate`
--

INSERT INTO `tax_calculation_rate` VALUES (7,'US',0,'*','US-All States-WholesaleTaxExemptRate',0.0000,NULL,NULL,NULL),(12,'US',0,'*','US-All States-PrivateSalesShippingRate',4.9200,NULL,NULL,NULL),(15,'US',0,'*','US-All States-TaxableGoodsRate',8.2500,NULL,NULL,NULL),(16,'US',12,'*','US-CA-*-Rate 1',9.0000,NULL,NULL,NULL),(17,'US',43,'*','US-NY-*-Rate 1',8.3750,NULL,NULL,NULL),(18,'US',32,'*','US-MA-*-Rate 1',7.9500,NULL,NULL,NULL),(19,'US',18,'*','US-FL-*-Rate 1 ',7.8500,NULL,NULL,NULL),(20,'US',33,'*','US-MI-*-Rate 1',7.7480,NULL,NULL,NULL),(21,'US',47,'*','US-OH-*-Rate 1',5.5000,NULL,NULL,NULL),(22,'US',41,'*','US-NJ-*-Rate 1',7.0000,NULL,NULL,NULL),(23,'US',23,'*','US-IL-*-Rate 1',7.8000,NULL,NULL,NULL),(24,'US',14,'*','US-CT-*-Rate 1',6.9800,NULL,NULL,NULL),(25,'US',12,'*','US-CA-*-Rate 2',8.3600,NULL,NULL,NULL),(26,'US',57,'*','US-TX-*-Rate 2',5.7000,NULL,NULL,NULL),(27,'US',14,'*','US-CT-*-Rate 2',6.0000,NULL,NULL,NULL),(28,'US',43,'*','US-NY-*-Rate 2',8.7800,NULL,NULL,NULL),(29,'US',32,'*','US-MA-*-Rate 2',7.9870,NULL,NULL,NULL),(30,'US',41,'*','US-NJ-*-Rate 2',7.6700,NULL,NULL,NULL),(31,'US',47,'*','US-OH-*-Rate 2',6.0000,NULL,NULL,NULL),(32,'US',33,'*','US-MI-*-Rate 2',6.7200,NULL,NULL,NULL),(33,'US',57,'*','US-TX-*-Rate 1',5.8790,NULL,NULL,NULL),(34,'US',18,'*','US-FL-*-Rate 2',8.4000,NULL,NULL,NULL),(35,'US',23,'*','US-IL-*-Rate 2',6.9000,NULL,NULL,NULL);

--
-- Table structure for table `tax_calculation_rate_title`
--

CREATE TABLE `tax_calculation_rate_title` (
  `tax_calculation_rate_title_id` int(11) NOT NULL AUTO_INCREMENT COMMENT 'Tax Calculation Rate Title Id',
  `tax_calculation_rate_id` int(11) NOT NULL COMMENT 'Tax Calculation Rate Id',
  `store_id` smallint(5) unsigned NOT NULL COMMENT 'Store Id',
  `value` varchar(255) NOT NULL COMMENT 'Value',
  PRIMARY KEY (`tax_calculation_rate_title_id`),
  KEY `IDX_TAX_CALCULATION_RATE_TITLE_TAX_CALCULATION_RATE_ID_STORE_ID` (`tax_calculation_rate_id`,`store_id`),
  KEY `IDX_TAX_CALCULATION_RATE_TITLE_TAX_CALCULATION_RATE_ID` (`tax_calculation_rate_id`),
  KEY `IDX_TAX_CALCULATION_RATE_TITLE_STORE_ID` (`store_id`),
  CONSTRAINT `FK_37FB965F786AD5897BB3AE90470C42AB` FOREIGN KEY (`tax_calculation_rate_id`) REFERENCES `tax_calculation_rate` (`tax_calculation_rate_id`) ON DELETE CASCADE ON UPDATE CASCADE,
  CONSTRAINT `FK_TAX_CALCULATION_RATE_TITLE_STORE_ID_CORE_STORE_STORE_ID` FOREIGN KEY (`store_id`) REFERENCES `core_store` (`store_id`) ON DELETE CASCADE ON UPDATE CASCADE
) ENGINE=InnoDB DEFAULT CHARSET=utf8 COMMENT='Tax Calculation Rate Title';

--
-- Dumping data for table `tax_calculation_rate_title`
--


--
-- Table structure for table `tax_calculation_rule`
--

CREATE TABLE `tax_calculation_rule` (
  `tax_calculation_rule_id` int(11) NOT NULL AUTO_INCREMENT COMMENT 'Tax Calculation Rule Id',
  `code` varchar(255) NOT NULL COMMENT 'Code',
  `priority` int(11) NOT NULL COMMENT 'Priority',
  `position` int(11) NOT NULL COMMENT 'Position',
  `calculate_subtotal` int(11) NOT NULL COMMENT 'Calculate off subtotal option',
  PRIMARY KEY (`tax_calculation_rule_id`),
  KEY `IDX_TAX_CALC_RULE_PRIORITY_POSITION_TAX_CALC_RULE_ID` (`priority`,`position`,`tax_calculation_rule_id`),
  KEY `IDX_TAX_CALCULATION_RULE_CODE` (`code`)
) ENGINE=InnoDB AUTO_INCREMENT=14 DEFAULT CHARSET=utf8 COMMENT='Tax Calculation Rule';

--
-- Dumping data for table `tax_calculation_rule`
--

INSERT INTO `tax_calculation_rule` VALUES (4,'Retail Customer - Taxable Good - Rate 1',1,0,0),(5,'Wholesale Customer - Tax Exempt ',0,0,0),(10,'Private Sales - Shipping Taxes',0,0,0),(11,'Private Sales - Taxable Goods - Rate 2',0,0,0),(13,'Not Logged In - Taxable Goods',0,0,0);

--
-- Table structure for table `tax_class`
--

CREATE TABLE `tax_class` (
  `class_id` smallint(6) NOT NULL AUTO_INCREMENT COMMENT 'Class Id',
  `class_name` varchar(255) NOT NULL COMMENT 'Class Name',
  `class_type` varchar(8) NOT NULL DEFAULT 'CUSTOMER' COMMENT 'Class Type',
  PRIMARY KEY (`class_id`)
) ENGINE=InnoDB AUTO_INCREMENT=11 DEFAULT CHARSET=utf8 COMMENT='Tax Class';

--
-- Dumping data for table `tax_class`
--

INSERT INTO `tax_class` VALUES (2,'Taxable Goods','PRODUCT'),(3,'Retail Customer','CUSTOMER'),(4,'Shipping','PRODUCT'),(5,'Wholesale Customer','CUSTOMER'),(6,'Tax Exempt','PRODUCT'),(7,'General','CUSTOMER'),(8,'Members Only','CUSTOMER'),(9,'Private Sales','CUSTOMER'),(10,'Not Logged-in','CUSTOMER');

--
-- Table structure for table `tax_order_aggregated_created`
--

CREATE TABLE `tax_order_aggregated_created` (
  `id` int(10) unsigned NOT NULL AUTO_INCREMENT COMMENT 'Id',
  `period` date DEFAULT NULL COMMENT 'Period',
  `store_id` smallint(5) unsigned DEFAULT NULL COMMENT 'Store Id',
  `code` varchar(255) NOT NULL COMMENT 'Code',
  `order_status` varchar(50) NOT NULL COMMENT 'Order Status',
  `percent` float DEFAULT NULL COMMENT 'Percent',
  `orders_count` int(10) unsigned NOT NULL DEFAULT '0' COMMENT 'Orders Count',
  `tax_base_amount_sum` float DEFAULT NULL COMMENT 'Tax Base Amount Sum',
  PRIMARY KEY (`id`),
  UNIQUE KEY `FCA5E2C02689EB2641B30580D7AACF12` (`period`,`store_id`,`code`,`percent`,`order_status`),
  KEY `IDX_TAX_ORDER_AGGREGATED_CREATED_STORE_ID` (`store_id`),
  CONSTRAINT `FK_TAX_ORDER_AGGREGATED_CREATED_STORE_ID_CORE_STORE_STORE_ID` FOREIGN KEY (`store_id`) REFERENCES `core_store` (`store_id`) ON DELETE CASCADE ON UPDATE CASCADE
) ENGINE=InnoDB AUTO_INCREMENT=49 DEFAULT CHARSET=utf8 COMMENT='Tax Order Aggregation';

--
-- Dumping data for table `tax_order_aggregated_created`
--

INSERT INTO `tax_order_aggregated_created` VALUES (1,'2013-04-17',1,'US-All States-RetailTaxableGoodsRate','complete',7,2,563.5),(2,'2013-04-17',0,'US-All States-RetailTaxableGoodsRate','complete',7,2,563.5),(3,'2013-04-22',1,'US-All States-GeneralTaxableGoodsRate','processing',7.5,1,31.13),(4,'2013-04-22',0,'US-All States-GeneralTaxableGoodsRate','processing',7.5,1,31.13),(7,'2013-04-23',1,'US-All States-RetailTaxableGoodsRate','processing',7,1,355.6),(8,'2013-04-24',1,'US-All States-MemberOnlyTaxableGoodsRate','holded',7.25,1,60.9),(9,'2013-04-24',1,'US-All States-RetailTaxableGoodsRate','processing',7,1,220.5),(14,'2013-04-23',0,'US-All States-RetailTaxableGoodsRate','processing',7,1,355.6),(15,'2013-04-24',0,'US-All States-MemberOnlyTaxableGoodsRate','holded',7.25,1,60.9),(16,'2013-04-24',0,'US-All States-PrivateSalesTaxableGoodsRate','holded',7,1,41.3),(17,'2013-04-24',0,'US-All States-PrivateSalesTaxableGoodsRate','processing',7,1,103.25),(18,'2013-04-24',0,'US-All States-RetailTaxableGoodsRate','processing',7,1,220.5),(21,'2013-04-26',1,'US-All States-GeneralTaxableGoodsRate','closed',7.5,1,14.25),(22,'2013-04-26',1,'US-All States-NotloggedinTaxableGoodsRate','closed',8,1,6),(24,'2013-04-26',0,'US-All States-GeneralTaxableGoodsRate','closed',7.5,1,14.25),(25,'2013-04-26',0,'US-All States-NotloggedinTaxableGoodsRate','closed',8,1,6),(31,'2013-05-06',1,'US-All States-MemberOnlyTaxableGoodsRate','processing',7.25,1,24.65),(32,'2013-05-07',1,'US-All States-GeneralTaxableGoodsRate','complete',7.5,1,59.63),(33,'2013-05-07',1,'US-All States-RetailTaxableGoodsRate','complete',7,1,32.9),(34,'2013-05-06',0,'US-All States-MemberOnlyTaxableGoodsRate','processing',7.25,1,24.65),(35,'2013-05-07',0,'US-All States-GeneralTaxableGoodsRate','complete',7.5,1,59.63),(36,'2013-05-07',0,'US-All States-RetailTaxableGoodsRate','complete',7,1,32.9),(38,'2013-05-08',0,'US-All States-MemberOnlyTaxableGoodsRate','complete',7.25,1,144.64),(39,'2013-05-03',1,'US-All States-GeneralTaxableGoodsRate','complete',7.5,1,6),(42,'2013-05-03',0,'US-All States-GeneralTaxableGoodsRate','complete',7.5,1,6),(43,'2013-05-03',0,'US-All States-MemberOnlyTaxableGoodsRate','complete',7.25,1,36.98),(45,'2013-05-15',1,'US-All States-NotloggedinTaxableGoodsRate','processing',8,3,78),(46,'2013-05-15',0,'US-All States-NotloggedinTaxableGoodsRate','processing',8,3,78),(47,'2013-05-16',1,'US-CA-*-Rate 1','processing',9,1,51.75),(48,'2013-05-16',0,'US-CA-*-Rate 1','processing',9,1,51.75);

--
-- Table structure for table `tax_order_aggregated_updated`
--

CREATE TABLE `tax_order_aggregated_updated` (
  `id` int(10) unsigned NOT NULL AUTO_INCREMENT COMMENT 'Id',
  `period` date DEFAULT NULL COMMENT 'Period',
  `store_id` smallint(5) unsigned DEFAULT NULL COMMENT 'Store Id',
  `code` varchar(255) NOT NULL COMMENT 'Code',
  `order_status` varchar(50) NOT NULL COMMENT 'Order Status',
  `percent` float DEFAULT NULL COMMENT 'Percent',
  `orders_count` int(10) unsigned NOT NULL DEFAULT '0' COMMENT 'Orders Count',
  `tax_base_amount_sum` float DEFAULT NULL COMMENT 'Tax Base Amount Sum',
  PRIMARY KEY (`id`),
  UNIQUE KEY `DB0AF14011199AA6CD31D5078B90AA8D` (`period`,`store_id`,`code`,`percent`,`order_status`),
  KEY `IDX_TAX_ORDER_AGGREGATED_UPDATED_STORE_ID` (`store_id`),
  CONSTRAINT `FK_TAX_ORDER_AGGREGATED_UPDATED_STORE_ID_CORE_STORE_STORE_ID` FOREIGN KEY (`store_id`) REFERENCES `core_store` (`store_id`) ON DELETE CASCADE ON UPDATE CASCADE
) ENGINE=InnoDB AUTO_INCREMENT=49 DEFAULT CHARSET=utf8 COMMENT='Tax Order Aggregated Updated';

--
-- Dumping data for table `tax_order_aggregated_updated`
--

INSERT INTO `tax_order_aggregated_updated` VALUES (1,'2013-04-17',1,'US-All States-RetailTaxableGoodsRate','complete',7,2,563.5),(2,'2013-04-17',0,'US-All States-RetailTaxableGoodsRate','complete',7,2,563.5),(3,'2013-04-22',1,'US-All States-GeneralTaxableGoodsRate','processing',7.5,1,31.13),(4,'2013-04-22',0,'US-All States-GeneralTaxableGoodsRate','processing',7.5,1,31.13),(7,'2013-04-23',1,'US-All States-RetailTaxableGoodsRate','processing',7,1,355.6),(8,'2013-04-24',1,'US-All States-MemberOnlyTaxableGoodsRate','holded',7.25,1,60.9),(9,'2013-04-24',1,'US-All States-RetailTaxableGoodsRate','processing',7,1,220.5),(14,'2013-04-23',0,'US-All States-RetailTaxableGoodsRate','processing',7,1,355.6),(15,'2013-04-24',0,'US-All States-MemberOnlyTaxableGoodsRate','holded',7.25,1,60.9),(16,'2013-04-24',0,'US-All States-PrivateSalesTaxableGoodsRate','holded',7,1,41.3),(17,'2013-04-24',0,'US-All States-PrivateSalesTaxableGoodsRate','processing',7,1,103.25),(18,'2013-04-24',0,'US-All States-RetailTaxableGoodsRate','processing',7,1,220.5),(21,'2013-04-26',1,'US-All States-GeneralTaxableGoodsRate','closed',7.5,1,14.25),(22,'2013-04-26',1,'US-All States-NotloggedinTaxableGoodsRate','closed',8,1,6),(24,'2013-04-26',0,'US-All States-GeneralTaxableGoodsRate','closed',7.5,1,14.25),(25,'2013-04-26',0,'US-All States-NotloggedinTaxableGoodsRate','closed',8,1,6),(31,'2013-05-07',1,'US-All States-GeneralTaxableGoodsRate','complete',7.5,1,59.63),(32,'2013-05-07',1,'US-All States-MemberOnlyTaxableGoodsRate','processing',7.25,1,24.65),(33,'2013-05-07',1,'US-All States-RetailTaxableGoodsRate','complete',7,1,32.9),(34,'2013-05-07',0,'US-All States-GeneralTaxableGoodsRate','complete',7.5,1,59.63),(35,'2013-05-07',0,'US-All States-MemberOnlyTaxableGoodsRate','processing',7.25,1,24.65),(36,'2013-05-07',0,'US-All States-RetailTaxableGoodsRate','complete',7,1,32.9),(38,'2013-05-08',0,'US-All States-MemberOnlyTaxableGoodsRate','complete',7.25,1,144.64),(39,'2013-05-03',1,'US-All States-GeneralTaxableGoodsRate','complete',7.5,1,6),(42,'2013-05-03',0,'US-All States-GeneralTaxableGoodsRate','complete',7.5,1,6),(43,'2013-05-10',0,'US-All States-MemberOnlyTaxableGoodsRate','complete',7.25,1,36.98),(45,'2013-05-15',1,'US-All States-NotloggedinTaxableGoodsRate','processing',8,3,78),(46,'2013-05-15',0,'US-All States-NotloggedinTaxableGoodsRate','processing',8,3,78),(47,'2013-05-16',1,'US-CA-*-Rate 1','processing',9,1,51.75),(48,'2013-05-16',0,'US-CA-*-Rate 1','processing',9,1,51.75);

--
-- Table structure for table `weee_discount`
--

CREATE TABLE `weee_discount` (
  `entity_id` int(10) unsigned NOT NULL DEFAULT '0' COMMENT 'Entity Id',
  `website_id` smallint(5) unsigned NOT NULL DEFAULT '0' COMMENT 'Website Id',
  `customer_group_id` smallint(5) unsigned NOT NULL COMMENT 'Customer Group Id',
  `value` decimal(12,4) NOT NULL DEFAULT '0.0000' COMMENT 'Value',
  KEY `IDX_WEEE_DISCOUNT_WEBSITE_ID` (`website_id`),
  KEY `IDX_WEEE_DISCOUNT_ENTITY_ID` (`entity_id`),
  KEY `IDX_WEEE_DISCOUNT_CUSTOMER_GROUP_ID` (`customer_group_id`),
  CONSTRAINT `FK_WEEE_DISCOUNT_CSTR_GROUP_ID_CSTR_GROUP_CSTR_GROUP_ID` FOREIGN KEY (`customer_group_id`) REFERENCES `customer_group` (`customer_group_id`) ON DELETE CASCADE ON UPDATE CASCADE,
  CONSTRAINT `FK_WEEE_DISCOUNT_ENTITY_ID_CATALOG_PRODUCT_ENTITY_ENTITY_ID` FOREIGN KEY (`entity_id`) REFERENCES `catalog_product_entity` (`entity_id`) ON DELETE CASCADE ON UPDATE CASCADE,
  CONSTRAINT `FK_WEEE_DISCOUNT_WEBSITE_ID_CORE_WEBSITE_WEBSITE_ID` FOREIGN KEY (`website_id`) REFERENCES `core_website` (`website_id`) ON DELETE CASCADE ON UPDATE CASCADE
) ENGINE=InnoDB DEFAULT CHARSET=utf8 COMMENT='Weee Discount';

--
-- Dumping data for table `weee_discount`
--


--
-- Table structure for table `weee_tax`
--

CREATE TABLE `weee_tax` (
  `value_id` int(11) NOT NULL AUTO_INCREMENT COMMENT 'Value Id',
  `website_id` smallint(5) unsigned NOT NULL DEFAULT '0' COMMENT 'Website Id',
  `entity_id` int(10) unsigned NOT NULL DEFAULT '0' COMMENT 'Entity Id',
  `country` varchar(2) DEFAULT NULL COMMENT 'Country',
  `value` decimal(12,4) NOT NULL DEFAULT '0.0000' COMMENT 'Value',
  `state` varchar(255) NOT NULL DEFAULT '*' COMMENT 'State',
  `attribute_id` smallint(5) unsigned NOT NULL COMMENT 'Attribute Id',
  `entity_type_id` smallint(5) unsigned NOT NULL COMMENT 'Entity Type Id',
  PRIMARY KEY (`value_id`),
  KEY `IDX_WEEE_TAX_WEBSITE_ID` (`website_id`),
  KEY `IDX_WEEE_TAX_ENTITY_ID` (`entity_id`),
  KEY `IDX_WEEE_TAX_COUNTRY` (`country`),
  KEY `IDX_WEEE_TAX_ATTRIBUTE_ID` (`attribute_id`),
  CONSTRAINT `FK_WEEE_TAX_ATTRIBUTE_ID_EAV_ATTRIBUTE_ATTRIBUTE_ID` FOREIGN KEY (`attribute_id`) REFERENCES `eav_attribute` (`attribute_id`) ON DELETE CASCADE ON UPDATE CASCADE,
  CONSTRAINT `FK_WEEE_TAX_COUNTRY_DIRECTORY_COUNTRY_COUNTRY_ID` FOREIGN KEY (`country`) REFERENCES `directory_country` (`country_id`) ON DELETE CASCADE ON UPDATE CASCADE,
  CONSTRAINT `FK_WEEE_TAX_ENTITY_ID_CATALOG_PRODUCT_ENTITY_ENTITY_ID` FOREIGN KEY (`entity_id`) REFERENCES `catalog_product_entity` (`entity_id`) ON DELETE CASCADE ON UPDATE CASCADE,
  CONSTRAINT `FK_WEEE_TAX_WEBSITE_ID_CORE_WEBSITE_WEBSITE_ID` FOREIGN KEY (`website_id`) REFERENCES `core_website` (`website_id`) ON DELETE CASCADE ON UPDATE CASCADE
) ENGINE=InnoDB DEFAULT CHARSET=utf8 COMMENT='Weee Tax';

--
-- Dumping data for table `weee_tax`
--


--
-- Table structure for table `widget`
--

CREATE TABLE `widget` (
  `widget_id` int(10) unsigned NOT NULL AUTO_INCREMENT COMMENT 'Widget Id',
  `widget_code` varchar(255) DEFAULT NULL COMMENT 'Widget code for template directive',
  `widget_type` varchar(255) DEFAULT NULL COMMENT 'Widget Type',
  `parameters` text COMMENT 'Parameters',
  PRIMARY KEY (`widget_id`),
  KEY `IDX_WIDGET_WIDGET_CODE` (`widget_code`)
) ENGINE=InnoDB DEFAULT CHARSET=utf8 COMMENT='Preconfigured Widgets';

--
-- Dumping data for table `widget`
--


--
-- Table structure for table `widget_instance`
--

CREATE TABLE `widget_instance` (
  `instance_id` int(10) unsigned NOT NULL AUTO_INCREMENT COMMENT 'Instance Id',
  `instance_type` varchar(255) DEFAULT NULL COMMENT 'Instance Type',
  `package_theme` varchar(255) DEFAULT NULL COMMENT 'Package Theme',
  `title` varchar(255) DEFAULT NULL COMMENT 'Widget Title',
  `store_ids` varchar(255) NOT NULL DEFAULT '0' COMMENT 'Store ids',
  `widget_parameters` text COMMENT 'Widget parameters',
  `sort_order` smallint(5) unsigned NOT NULL DEFAULT '0' COMMENT 'Sort order',
  PRIMARY KEY (`instance_id`)
) ENGINE=InnoDB AUTO_INCREMENT=4 DEFAULT CHARSET=utf8 COMMENT='Instances of Widget for Package Theme';

--
-- Dumping data for table `widget_instance`
--

INSERT INTO `widget_instance` VALUES (3,'cms/widget_block','rwd/default','Couponing Block','0,1,2,3','a:1:{s:8:\"block_id\";s:2:\"20\";}',0);

--
-- Table structure for table `widget_instance_page`
--

CREATE TABLE `widget_instance_page` (
  `page_id` int(10) unsigned NOT NULL AUTO_INCREMENT COMMENT 'Page Id',
  `instance_id` int(10) unsigned NOT NULL DEFAULT '0' COMMENT 'Instance Id',
  `page_group` varchar(25) DEFAULT NULL COMMENT 'Block Group Type',
  `layout_handle` varchar(255) DEFAULT NULL COMMENT 'Layout Handle',
  `block_reference` varchar(255) DEFAULT NULL COMMENT 'Block Reference',
  `page_for` varchar(25) DEFAULT NULL COMMENT 'For instance entities',
  `entities` text COMMENT 'Catalog entities (comma separated)',
  `page_template` varchar(255) DEFAULT NULL COMMENT 'Path to widget template',
  PRIMARY KEY (`page_id`),
  KEY `IDX_WIDGET_INSTANCE_PAGE_INSTANCE_ID` (`instance_id`),
  CONSTRAINT `FK_WIDGET_INSTANCE_PAGE_INSTANCE_ID_WIDGET_INSTANCE_INSTANCE_ID` FOREIGN KEY (`instance_id`) REFERENCES `widget_instance` (`instance_id`) ON DELETE CASCADE ON UPDATE CASCADE
) ENGINE=InnoDB AUTO_INCREMENT=4 DEFAULT CHARSET=utf8 COMMENT='Instance of Widget on Page';

--
-- Dumping data for table `widget_instance_page`
--

INSERT INTO `widget_instance_page` VALUES (3,3,'pages','checkout_cart_index','content','all','','cms/widget/static_block/default.phtml');

--
-- Table structure for table `widget_instance_page_layout`
--

CREATE TABLE `widget_instance_page_layout` (
  `page_id` int(10) unsigned NOT NULL DEFAULT '0' COMMENT 'Page Id',
  `layout_update_id` int(10) unsigned NOT NULL DEFAULT '0' COMMENT 'Layout Update Id',
  UNIQUE KEY `UNQ_WIDGET_INSTANCE_PAGE_LAYOUT_LAYOUT_UPDATE_ID_PAGE_ID` (`layout_update_id`,`page_id`),
  KEY `IDX_WIDGET_INSTANCE_PAGE_LAYOUT_PAGE_ID` (`page_id`),
  KEY `IDX_WIDGET_INSTANCE_PAGE_LAYOUT_LAYOUT_UPDATE_ID` (`layout_update_id`),
  CONSTRAINT `FK_0A5D06DCEC6A6845F50E5FAAC5A1C96D` FOREIGN KEY (`layout_update_id`) REFERENCES `core_layout_update` (`layout_update_id`) ON DELETE CASCADE ON UPDATE CASCADE,
  CONSTRAINT `FK_WIDGET_INSTANCE_PAGE_LYT_PAGE_ID_WIDGET_INSTANCE_PAGE_PAGE_ID` FOREIGN KEY (`page_id`) REFERENCES `widget_instance_page` (`page_id`) ON DELETE CASCADE ON UPDATE CASCADE
) ENGINE=InnoDB DEFAULT CHARSET=utf8 COMMENT='Layout updates';

--
-- Dumping data for table `widget_instance_page_layout`
--

INSERT INTO `widget_instance_page_layout` VALUES (3,63);

--
-- Table structure for table `wishlist`
--

CREATE TABLE `wishlist` (
  `wishlist_id` int(10) unsigned NOT NULL AUTO_INCREMENT COMMENT 'Wishlist ID',
  `customer_id` int(10) unsigned NOT NULL DEFAULT '0' COMMENT 'Customer ID',
  `shared` smallint(5) unsigned NOT NULL DEFAULT '0' COMMENT 'Sharing flag (0 or 1)',
  `sharing_code` varchar(32) DEFAULT NULL COMMENT 'Sharing encrypted code',
  `updated_at` timestamp NULL DEFAULT NULL COMMENT 'Last updated date',
  `name` varchar(255) DEFAULT NULL COMMENT 'Wishlist name',
  `visibility` smallint(6) DEFAULT '0' COMMENT 'Wish list visibility type',
  PRIMARY KEY (`wishlist_id`),
  KEY `IDX_WISHLIST_SHARED` (`shared`),
  KEY `IDX_WISHLIST_CUSTOMER_ID` (`customer_id`),
  CONSTRAINT `FK_WISHLIST_CUSTOMER_ID_CUSTOMER_ENTITY_ENTITY_ID` FOREIGN KEY (`customer_id`) REFERENCES `customer_entity` (`entity_id`) ON DELETE CASCADE ON UPDATE CASCADE
) ENGINE=InnoDB AUTO_INCREMENT=63 DEFAULT CHARSET=utf8 COMMENT='Wishlist main Table';

--
-- Dumping data for table `wishlist`
--

INSERT INTO `wishlist` VALUES (17,29,0,'4f0a07276e62520f2ba6cb50e4e7dba5','2013-03-28 19:52:04',NULL,0),(18,26,0,'f647eb1295aa07cbf70d8c16461e06b7','2013-03-28 20:10:43',NULL,0),(19,25,0,'9d0b1b63020075ef2c5aa25181a8f0f7','2013-03-28 20:14:07',NULL,0),(31,65,0,'796ffc228df38f9df5b3abcdafa79f10','2013-04-22 17:43:06',NULL,0),(32,73,0,'c93532fc547e9b18a9a5db7a3c2ba440','2013-04-24 03:03:41',NULL,0),(33,74,0,'9799d065665b0227b73737525b3dd23b','2013-04-24 03:33:19',NULL,0),(34,76,0,'34d425b9dd15111d7623fd05ff175a25','2013-04-24 04:04:16',NULL,0),(35,64,0,'74c16624b547ad71a8a96873f08a699e','2013-04-24 04:19:44',NULL,0),(36,70,0,'8f5943d9cf3053e2646c6bbad6f2a5d0','2013-04-24 22:02:26',NULL,0),(37,95,0,'6d13fb48d870887e188cc7b3b777fb11','2013-04-25 17:39:51',NULL,0),(38,85,0,'9c299ae2ca085bb34110719b9366ccb4','2013-04-25 17:53:19',NULL,0),(39,90,0,'dc12ac94da3df5701aa6d2daafd06497','2013-04-25 18:24:15',NULL,0),(55,103,0,'53a115f37dc71ca78cc2becfa282e756','2013-05-16 20:02:49',NULL,0),(56,136,0,'46642e88d0fbb8c484a97a93d41b36d4','2013-05-29 01:00:19',NULL,0),(57,100,0,'09559669ebd03cace85fca3048da5fec','2013-05-28 08:42:46',NULL,0),(58,135,1,'de18486e97e3fbf0918ebeaa35cfeeb1','2013-06-20 17:31:23',NULL,0),(62,102,0,'ac8ceea7b3c1d7e75f165c3eafcfefdd','2013-12-25 10:05:02',NULL,0);

--
-- Table structure for table `wishlist_item`
--

CREATE TABLE `wishlist_item` (
  `wishlist_item_id` int(10) unsigned NOT NULL AUTO_INCREMENT COMMENT 'Wishlist item ID',
  `wishlist_id` int(10) unsigned NOT NULL DEFAULT '0' COMMENT 'Wishlist ID',
  `product_id` int(10) unsigned NOT NULL DEFAULT '0' COMMENT 'Product ID',
  `store_id` smallint(5) unsigned DEFAULT NULL COMMENT 'Store ID',
  `added_at` timestamp NULL DEFAULT NULL COMMENT 'Add date and time',
  `description` text COMMENT 'Short description of wish list item',
  `qty` decimal(12,4) NOT NULL COMMENT 'Qty',
  PRIMARY KEY (`wishlist_item_id`),
  KEY `IDX_WISHLIST_ITEM_WISHLIST_ID` (`wishlist_id`),
  KEY `IDX_WISHLIST_ITEM_PRODUCT_ID` (`product_id`),
  KEY `IDX_WISHLIST_ITEM_STORE_ID` (`store_id`),
  CONSTRAINT `FK_WISHLIST_ITEM_PRODUCT_ID_CATALOG_PRODUCT_ENTITY_ENTITY_ID` FOREIGN KEY (`product_id`) REFERENCES `catalog_product_entity` (`entity_id`) ON DELETE CASCADE ON UPDATE CASCADE,
  CONSTRAINT `FK_WISHLIST_ITEM_STORE_ID_CORE_STORE_STORE_ID` FOREIGN KEY (`store_id`) REFERENCES `core_store` (`store_id`) ON DELETE SET NULL ON UPDATE CASCADE,
  CONSTRAINT `FK_WISHLIST_ITEM_WISHLIST_ID_WISHLIST_WISHLIST_ID` FOREIGN KEY (`wishlist_id`) REFERENCES `wishlist` (`wishlist_id`) ON DELETE CASCADE ON UPDATE CASCADE
) ENGINE=InnoDB AUTO_INCREMENT=160 DEFAULT CHARSET=utf8 COMMENT='Wishlist items';

--
-- Dumping data for table `wishlist_item`
--

INSERT INTO `wishlist_item` VALUES (154,56,549,1,'2013-05-29 01:00:18',NULL,1.0000),(158,58,409,1,'2013-05-29 10:57:01',NULL,1.0000);

--
-- Table structure for table `wishlist_item_option`
--

CREATE TABLE `wishlist_item_option` (
  `option_id` int(10) unsigned NOT NULL AUTO_INCREMENT COMMENT 'Option Id',
  `wishlist_item_id` int(10) unsigned NOT NULL COMMENT 'Wishlist Item Id',
  `product_id` int(10) unsigned NOT NULL COMMENT 'Product Id',
  `code` varchar(255) NOT NULL COMMENT 'Code',
  `value` text COMMENT 'Value',
  PRIMARY KEY (`option_id`),
  KEY `FK_A014B30B04B72DD0EAB3EECD779728D6` (`wishlist_item_id`),
  CONSTRAINT `FK_A014B30B04B72DD0EAB3EECD779728D6` FOREIGN KEY (`wishlist_item_id`) REFERENCES `wishlist_item` (`wishlist_item_id`) ON DELETE CASCADE ON UPDATE CASCADE
) ENGINE=InnoDB AUTO_INCREMENT=243 DEFAULT CHARSET=utf8 COMMENT='Wishlist Item Option Table';

--
-- Dumping data for table `wishlist_item_option`
--

INSERT INTO `wishlist_item_option` VALUES (228,154,549,'info_buyRequest','a:2:{s:7:\"product\";s:3:\"549\";s:8:\"form_key\";s:16:\"Cz7rsU7OB1SdHuTW\";}'),(238,158,409,'info_buyRequest','a:6:{s:7:\"product\";s:3:\"409\";s:8:\"form_key\";s:16:\"YaJhi17aEZvsbVLE\";s:15:\"related_product\";s:0:\"\";s:15:\"super_attribute\";a:2:{i:92;s:2:\"20\";i:180;s:2:\"80\";}s:3:\"qty\";s:1:\"1\";s:10:\"return_url\";s:0:\"\";}'),(239,158,409,'attributes','a:2:{i:92;s:2:\"20\";i:180;s:2:\"80\";}'),(240,158,253,'product_qty_253','1'),(241,158,253,'simple_product','253');

--
-- Table structure for table `xmlconnect_application`
--

CREATE TABLE `xmlconnect_application` (
  `application_id` smallint(5) unsigned NOT NULL AUTO_INCREMENT COMMENT 'Application Id',
  `name` varchar(255) NOT NULL COMMENT 'Application Name',
  `code` varchar(32) NOT NULL COMMENT 'Application Code',
  `type` varchar(32) NOT NULL COMMENT 'Device Type',
  `store_id` smallint(5) unsigned DEFAULT NULL COMMENT 'Store Id',
  `active_from` date DEFAULT NULL COMMENT 'Active From',
  `active_to` date DEFAULT NULL COMMENT 'Active To',
  `updated_at` timestamp NULL DEFAULT NULL COMMENT 'Updated At',
  `status` smallint(5) unsigned NOT NULL DEFAULT '0' COMMENT 'Status',
  `browsing_mode` smallint(5) unsigned DEFAULT '0' COMMENT 'Browsing Mode',
  PRIMARY KEY (`application_id`),
  UNIQUE KEY `UNQ_XMLCONNECT_APPLICATION_CODE` (`code`),
  KEY `FK_XMLCONNECT_APPLICATION_STORE_ID_CORE_STORE_STORE_ID` (`store_id`),
  CONSTRAINT `FK_XMLCONNECT_APPLICATION_STORE_ID_CORE_STORE_STORE_ID` FOREIGN KEY (`store_id`) REFERENCES `core_store` (`store_id`) ON DELETE SET NULL ON UPDATE SET NULL
) ENGINE=InnoDB DEFAULT CHARSET=utf8 COMMENT='Xmlconnect Application';

--
-- Dumping data for table `xmlconnect_application`
--


--
-- Table structure for table `xmlconnect_config_data`
--

CREATE TABLE `xmlconnect_config_data` (
  `application_id` smallint(5) unsigned NOT NULL COMMENT 'Application Id',
  `category` varchar(60) NOT NULL DEFAULT 'default' COMMENT 'Category',
  `path` varchar(250) NOT NULL COMMENT 'Path',
  `value` text NOT NULL COMMENT 'Value',
  UNIQUE KEY `UNQ_XMLCONNECT_CONFIG_DATA_APPLICATION_ID_CATEGORY_PATH` (`application_id`,`category`,`path`),
  CONSTRAINT `FK_31EE36D814216200D7C0723145AC510E` FOREIGN KEY (`application_id`) REFERENCES `xmlconnect_application` (`application_id`) ON DELETE CASCADE ON UPDATE CASCADE
) ENGINE=InnoDB DEFAULT CHARSET=utf8 COMMENT='Xmlconnect Configuration Data';

--
-- Dumping data for table `xmlconnect_config_data`
--


--
-- Table structure for table `xmlconnect_history`
--

CREATE TABLE `xmlconnect_history` (
  `history_id` int(10) unsigned NOT NULL AUTO_INCREMENT COMMENT 'History Id',
  `application_id` smallint(5) unsigned NOT NULL COMMENT 'Application Id',
  `created_at` timestamp NULL DEFAULT NULL COMMENT 'Created At',
  `store_id` smallint(5) unsigned DEFAULT NULL COMMENT 'Store Id',
  `params` blob COMMENT 'Params',
  `title` varchar(200) NOT NULL COMMENT 'Title',
  `activation_key` varchar(255) NOT NULL COMMENT 'Activation Key',
  `name` varchar(255) NOT NULL COMMENT 'Application Name',
  `code` varchar(32) NOT NULL COMMENT 'Application Code',
  PRIMARY KEY (`history_id`),
  KEY `FK_8F08B9513373BC19F49EE3EF8340E270` (`application_id`),
  CONSTRAINT `FK_8F08B9513373BC19F49EE3EF8340E270` FOREIGN KEY (`application_id`) REFERENCES `xmlconnect_application` (`application_id`) ON DELETE CASCADE ON UPDATE CASCADE
) ENGINE=InnoDB DEFAULT CHARSET=utf8 COMMENT='Xmlconnect History';

--
-- Dumping data for table `xmlconnect_history`
--


--
-- Table structure for table `xmlconnect_images`
--

CREATE TABLE `xmlconnect_images` (
  `image_id` int(10) unsigned NOT NULL AUTO_INCREMENT COMMENT 'Image Id',
  `application_id` smallint(5) unsigned NOT NULL COMMENT 'Application Id',
  `image_file` varchar(255) NOT NULL COMMENT 'Image File',
  `image_type` varchar(255) NOT NULL COMMENT 'Image Type',
  `order` int(10) unsigned NOT NULL COMMENT 'Order',
  PRIMARY KEY (`image_id`),
  KEY `FK_6C55A623A089E4FEA9201FFE01693167` (`application_id`),
  CONSTRAINT `FK_6C55A623A089E4FEA9201FFE01693167` FOREIGN KEY (`application_id`) REFERENCES `xmlconnect_application` (`application_id`) ON DELETE CASCADE ON UPDATE CASCADE
) ENGINE=InnoDB DEFAULT CHARSET=utf8 COMMENT='Xmlconnect Images';

--
-- Dumping data for table `xmlconnect_images`
--


--
-- Table structure for table `xmlconnect_notification_template`
--

CREATE TABLE `xmlconnect_notification_template` (
  `template_id` int(10) unsigned NOT NULL AUTO_INCREMENT COMMENT 'Template Id',
  `name` varchar(255) NOT NULL COMMENT 'Template Name',
  `push_title` varchar(140) NOT NULL COMMENT 'Push Notification Title',
  `message_title` varchar(255) NOT NULL COMMENT 'Message Title',
  `content` text NOT NULL COMMENT 'Message Content',
  `created_at` timestamp NULL DEFAULT NULL COMMENT 'Created At',
  `modified_at` timestamp NULL DEFAULT NULL COMMENT 'Modified At',
  `application_id` smallint(5) unsigned NOT NULL COMMENT 'Application Id',
  PRIMARY KEY (`template_id`),
  KEY `FK_F9927C7518A907CF5C350942FD296DC3` (`application_id`),
  CONSTRAINT `FK_F9927C7518A907CF5C350942FD296DC3` FOREIGN KEY (`application_id`) REFERENCES `xmlconnect_application` (`application_id`) ON DELETE CASCADE ON UPDATE CASCADE
) ENGINE=InnoDB DEFAULT CHARSET=utf8 COMMENT='Xmlconnect Notification Template';

--
-- Dumping data for table `xmlconnect_notification_template`
--


--
-- Table structure for table `xmlconnect_queue`
--

CREATE TABLE `xmlconnect_queue` (
  `queue_id` int(10) unsigned NOT NULL AUTO_INCREMENT COMMENT 'Queue Id',
  `create_time` timestamp NULL DEFAULT NULL COMMENT 'Created At',
  `exec_time` timestamp NULL DEFAULT NULL COMMENT 'Scheduled Execution Time',
  `template_id` int(10) unsigned NOT NULL COMMENT 'Template Id',
  `push_title` varchar(140) NOT NULL COMMENT 'Push Notification Title',
  `message_title` varchar(255) DEFAULT '' COMMENT 'Message Title',
  `content` text COMMENT 'Message Content',
  `status` smallint(5) unsigned NOT NULL DEFAULT '0' COMMENT 'Status',
  `type` varchar(12) NOT NULL COMMENT 'Type of Notification',
  PRIMARY KEY (`queue_id`),
  KEY `FK_2019AEC5FC55A516965583447CA26B14` (`template_id`),
  CONSTRAINT `FK_2019AEC5FC55A516965583447CA26B14` FOREIGN KEY (`template_id`) REFERENCES `xmlconnect_notification_template` (`template_id`) ON DELETE CASCADE ON UPDATE CASCADE
) ENGINE=InnoDB DEFAULT CHARSET=utf8 COMMENT='Xmlconnect Notification Queue';

--
-- Dumping data for table `xmlconnect_queue`
--



